-- Table structure for table `customerstype`
--

CREATE TABLE `customerstype` (
  `id` bigint UNSIGNED NOT NULL,
  `customer_type` varchar(255) CHARACTER SET utf8mb4 COLLATE utf8mb4_unicode_ci NOT NULL,
  `status` enum('active','inactive') CHARACTER SET utf8mb4 COLLATE utf8mb4_unicode_ci NOT NULL DEFAULT 'active',
  `deleted_at` timestamp NULL DEFAULT NULL,
  `created_at` timestamp NULL DEFAULT NULL,
  `updated_at` timestamp NULL DEFAULT NULL
) ENGINE=InnoDB DEFAULT CHARSET=utf8mb4 COLLATE=utf8mb4_unicode_ci;

--
-- Dumping data for table `customerstype`
--

INSERT INTO `customerstype` (`id`, `customer_type`, `status`, `deleted_at`, `created_at`, `updated_at`) VALUES
(1, 'Individual', 'active', NULL, '2025-04-17 07:44:38', '2025-04-23 10:00:09'),
(2, 'Corporate', 'active', NULL, '2025-04-17 07:44:46', '2025-04-23 10:00:20');

-- --------------------------------------------------------

--
-- Table structure for table `customer_invoices`
--

CREATE TABLE `customer_invoices` (
  `id` bigint UNSIGNED NOT NULL,
  `customer_id` bigint UNSIGNED NOT NULL,
  `invoice_number` varchar(255) CHARACTER SET utf8mb4 COLLATE utf8mb4_unicode_ci NOT NULL,
  `invoice_date` date NOT NULL,
  `amount` decimal(10,2) NOT NULL,
  `file_path` varchar(255) CHARACTER SET utf8mb4 COLLATE utf8mb4_unicode_ci NOT NULL,
  `original_filename` varchar(255) CHARACTER SET utf8mb4 COLLATE utf8mb4_unicode_ci NOT NULL,
  `notes` text CHARACTER SET utf8mb4 COLLATE utf8mb4_unicode_ci,
  `created_at` timestamp NULL DEFAULT NULL,
  `updated_at` timestamp NULL DEFAULT NULL
) ENGINE=InnoDB DEFAULT CHARSET=utf8mb4 COLLATE=utf8mb4_unicode_ci;

--
-- Dumping data for table `customer_invoices`
--

INSERT INTO `customer_invoices` (`id`, `customer_id`, `invoice_number`, `invoice_date`, `amount`, `file_path`, `original_filename`, `notes`, `created_at`, `updated_at`) VALUES
(2, 1594, 'INV-20250811-091907', '2025-08-11', 0.00, 'admin/invoices/25197-angela-choong-singapore_1754903947.pdf', '25197 - Angela Choong - Singapore.pdf', 'Uploaded on 2025-08-11', '2025-08-11 09:19:07', '2025-08-11 09:19:07'),
(3, 1485, 'INV-20250811-092054', '2025-08-11', 0.00, 'admin/invoices/25198-la-clinic-singapore-dr-cecil_1754904054.pdf', '25198 - LA Clinic - Singapore - Dr Cecil.pdf', 'Uploaded on 2025-08-11', '2025-08-11 09:20:54', '2025-08-11 09:20:54'),
(4, 1469, 'INV-20250811-092957', '2025-08-11', 0.00, 'admin/invoices/25199-iroh-2000-switzerland-rahel_1754904597.pdf', '25199 - Iroh 2000 - Switzerland - Rahel.pdf', 'Uploaded on 2025-08-11', '2025-08-11 09:29:57', '2025-08-11 09:29:57'),
(6, 1482, 'INV-20250811-093542', '2025-08-11', 0.00, 'admin/invoices/25204-eric-michael-us_1754904942.pdf', '25204 - Eric Michael - US.pdf', 'Uploaded on 2025-08-11', '2025-08-11 09:35:42', '2025-08-11 09:35:42'),
(7, 1453, 'INV-20250811-093644', '2025-08-11', 0.00, 'admin/invoices/25208-dogus-health-switzerland-michal_1754905004.pdf', '25208 - Dogus Health - Switzerland - Michal.pdf', 'Uploaded on 2025-08-11', '2025-08-11 09:36:44', '2025-08-11 09:36:44'),
(8, 1409, 'INV-20250811-093733', '2025-08-11', 0.00, 'admin/invoices/25219-celergen-inc-us-matt_1754905053.pdf', '25219 - Celergen Inc - US - Matt.pdf', 'Uploaded on 2025-08-11', '2025-08-11 09:37:33', '2025-08-11 09:37:33'),
(9, 1453, 'INV-20250811-094242', '2025-08-11', 0.00, 'admin/invoices/25076-dogus-health-switzerland-michal_1754905362.pdf', '25076 - Dogus Health - Switzerland - Michal.pdf', 'Uploaded on 2025-08-11', '2025-08-11 09:42:42', '2025-08-11 09:42:42'),
(10, 1778, 'INV-20250811-095008', '2025-08-11', 0.00, 'admin/invoices/25077-amyra-indonesia_1754905808.pdf', '25077 - Amyra - Indonesia.pdf', 'Uploaded on 2025-08-11', '2025-08-11 09:50:08', '2025-08-11 09:50:08'),
(11, 1779, 'INV-20250811-095949', '2025-08-11', 0.00, 'admin/invoices/25085-nikhat-uae_1754906389.pdf', '25085 - Nikhat - UAE.pdf', 'Uploaded on 2025-08-11', '2025-08-11 09:59:49', '2025-08-11 09:59:49'),
(12, 1401, 'INV-20250811-100845', '2025-08-11', 0.00, 'admin/invoices/25087-linc-clinic-singapore-dr-patrina_1754906925.pdf', '25087 - Linc Clinic - Singapore - Dr Patrina.pdf', 'Uploaded on 2025-08-11', '2025-08-11 10:08:45', '2025-08-11 10:08:45'),
(13, 1397, 'INV-20250811-100933', '2025-08-11', 0.00, 'admin/invoices/25092-panacea-ltd-ghana-emmanuel_1754906973.pdf', '25092 - Panacea Ltd - Ghana - Emmanuel.pdf', 'Uploaded on 2025-08-11', '2025-08-11 10:09:33', '2025-08-11 10:09:33'),
(14, 1408, 'INV-20250811-101019', '2025-08-11', 0.00, 'admin/invoices/25097-gleneagles-malaysia-dr-lim_1754907019.pdf', '25097 - Gleneagles - Malaysia - Dr Lim.pdf', 'Uploaded on 2025-08-11', '2025-08-11 10:10:19', '2025-08-11 10:10:19'),
(15, 1401, 'INV-20250811-101508', '2025-08-11', 0.00, 'admin/invoices/25098-linc-clinic-singapore-dr-patrina_1754907308.pdf', '25098 - Linc Clinic - Singapore - Dr Patrina.pdf', 'Uploaded on 2025-08-11', '2025-08-11 10:15:08', '2025-08-11 10:15:08'),
(16, 1453, 'INV-20250811-101548', '2025-08-11', 0.00, 'admin/invoices/25099-dogus-health-switzerland-michal_1754907348.pdf', '25099 - Dogus Health - Switzerland - Michal.pdf', 'Uploaded on 2025-08-11', '2025-08-11 10:15:48', '2025-08-11 10:15:48'),
(17, 1485, 'INV-20250811-101620', '2025-08-11', 0.00, 'admin/invoices/25104-la-clinic-singapore-dr-cecil_1754907380.pdf', '25104 - LA Clinic - Singapore - Dr Cecil.pdf', 'Uploaded on 2025-08-11', '2025-08-11 10:16:20', '2025-08-11 10:16:20'),
(18, 1453, 'INV-20250811-101654', '2025-08-11', 0.00, 'admin/invoices/25106-dogus-health-switzerland-michal_1754907414.pdf', '25106 - Dogus Health - Switzerland - Michal.pdf', 'Uploaded on 2025-08-11', '2025-08-11 10:16:54', '2025-08-11 10:16:54'),
(19, 1779, 'INV-20250811-101731', '2025-08-11', 0.00, 'admin/invoices/25108-nikhat-uae_1754907451.pdf', '25108 - Nikhat - UAE.pdf', 'Uploaded on 2025-08-11', '2025-08-11 10:17:31', '2025-08-11 10:17:31'),
(20, 1453, 'INV-20250811-101755', '2025-08-11', 0.00, 'admin/invoices/25109-dogus-health-switzerland-michal_1754907475.pdf', '25109 - Dogus Health - Switzerland - Michal.pdf', 'Uploaded on 2025-08-11', '2025-08-11 10:17:55', '2025-08-11 10:17:55'),
(21, 1469, 'INV-20250811-101828', '2025-08-11', 0.00, 'admin/invoices/25111-iroh-2000-switzerland-rahel_1754907508.pdf', '25111 - Iroh 2000 - Switzerland - Rahel.pdf', 'Uploaded on 2025-08-11', '2025-08-11 10:18:28', '2025-08-11 10:18:28'),
(22, 1409, 'INV-20250811-101859', '2025-08-11', 0.00, 'admin/invoices/25117-celergen-inc-us-matt_1754907539.pdf', '25117 - Celergen Inc - US - Matt.pdf', 'Uploaded on 2025-08-11', '2025-08-11 10:18:59', '2025-08-11 10:18:59'),
(23, 1485, 'INV-20250811-102013', '2025-08-11', 0.00, 'admin/invoices/25016-la-clinic-singapore_1754907613.pdf', '25016 - LA Clinic - singapore.pdf', 'Uploaded on 2025-08-11', '2025-08-11 10:20:13', '2025-08-11 10:20:13'),
(24, 1780, 'INV-20250811-102725', '2025-08-11', 0.00, 'admin/invoices/25048-mirto-greece_1754908045.pdf', '25048 - Mirto - Greece.pdf', 'Uploaded on 2025-08-11', '2025-08-11 10:27:25', '2025-08-11 10:27:25'),
(25, 1469, 'INV-20250811-102755', '2025-08-11', 0.00, 'admin/invoices/25054-rahel-iroh-2000-switzerland_1754908075.pdf', '25054 - Rahel - Iroh 2000 - Switzerland.pdf', 'Uploaded on 2025-08-11', '2025-08-11 10:27:55', '2025-08-11 10:27:55'),
(26, 1780, 'INV-20250811-102816', '2025-08-11', 0.00, 'admin/invoices/25064-mirto-greece_1754908096.pdf', '25064 - Mirto - Greece.pdf', 'Uploaded on 2025-08-11', '2025-08-11 10:28:16', '2025-08-11 10:28:16'),
(27, 1692, 'INV-20250811-102850', '2025-08-11', 0.00, 'admin/invoices/25065-dr-andreas-greece_1754908130.pdf', '25065 - Dr Andreas - Greece.pdf', 'Uploaded on 2025-08-11', '2025-08-11 10:28:50', '2025-08-11 10:28:50'),
(28, 1778, 'INV-20250811-102948', '2025-08-11', 0.00, 'admin/invoices/25124-amyra-indonesia_1754908188.pdf', '25124 - Amyra - Indonesia.pdf', 'Uploaded on 2025-08-11', '2025-08-11 10:29:48', '2025-08-11 10:29:48'),
(29, 1401, 'INV-20250811-103033', '2025-08-11', 0.00, 'admin/invoices/25129-linc-clinic-singapore-dr-patrina_1754908233.pdf', '25129 - Linc Clinic - Singapore - Dr PAtrina.pdf', 'Uploaded on 2025-08-11', '2025-08-11 10:30:33', '2025-08-11 10:30:33'),
(30, 1781, 'INV-20250811-103551', '2025-08-11', 0.00, 'admin/invoices/25151-eastasia-trading-hongkong-lomesh_1754908551.pdf', '25151 - Eastasia Trading - HongKong - Lomesh.pdf', 'Uploaded on 2025-08-11', '2025-08-11 10:35:51', '2025-08-11 10:35:51'),
(31, 1683, 'INV-20250811-103844', '2025-08-11', 0.00, 'admin/invoices/25161-max-switzerland_1754908724.pdf', '25161 - Max - Switzerland.pdf', 'Uploaded on 2025-08-11', '2025-08-11 10:38:44', '2025-08-11 10:38:44'),
(32, 1401, 'INV-20250811-103909', '2025-08-11', 0.00, 'admin/invoices/25165-linc-clinic-singapre-dr-patrina_1754908749.pdf', '25165 - Linc Clinic - Singapre - Dr Patrina.pdf', 'Uploaded on 2025-08-11', '2025-08-11 10:39:09', '2025-08-11 10:39:09'),
(33, 1780, 'INV-20250811-103951', '2025-08-11', 0.00, 'admin/invoices/25176-mirto-greece_1754908791.pdf', '25176 - Mirto - Greece.pdf', 'Uploaded on 2025-08-11', '2025-08-11 10:39:51', '2025-08-11 10:39:51'),
(34, 1401, 'INV-20250811-104034', '2025-08-11', 0.00, 'admin/invoices/25236-linc-clinic-singapore-dr-patrina_1754908834.pdf', '25236 - Linc Clinic - Singapore - Dr Patrina.pdf', 'Uploaded on 2025-08-11', '2025-08-11 10:40:34', '2025-08-11 10:40:34'),
(35, 1778, 'INV-20250811-104119', '2025-08-11', 0.00, 'admin/invoices/25237-amyra-indonesia_1754908879.pdf', '25237 - Amyra - Indonesia.pdf', 'Uploaded on 2025-08-11', '2025-08-11 10:41:19', '2025-08-11 10:41:19'),
(36, 1594, 'INV-20250811-104204', '2025-08-11', 0.00, 'admin/invoices/25243-angela-choong-singapore_1754908924.pdf', '25243 - Angela Choong - Singapore.pdf', 'Uploaded on 2025-08-11', '2025-08-11 10:42:04', '2025-08-11 10:42:04'),
(37, 1453, 'INV-20250811-104244', '2025-08-11', 0.00, 'admin/invoices/25246-dogus-health-switzerland-michal_1754908964.pdf', '25246 - Dogus Health - Switzerland - Michal.pdf', 'Uploaded on 2025-08-11', '2025-08-11 10:42:44', '2025-08-11 10:42:44'),
(38, 1485, 'INV-20250811-104322', '2025-08-11', 0.00, 'admin/invoices/25260-la-clinic-dr-cecil_1754909002.pdf', '25260 - LA Clinic - Dr Cecil.pdf', 'Uploaded on 2025-08-11', '2025-08-11 10:43:22', '2025-08-11 10:43:22'),
(39, 1485, 'INV-20250811-104429', '2025-08-11', 0.00, 'admin/invoices/25262-la-clinic-dr-cecil_1754909069.pdf', '25262 - LA Clinic - Dr Cecil.pdf', 'Uploaded on 2025-08-11', '2025-08-11 10:44:29', '2025-08-11 10:44:29'),
(40, 1780, 'INV-20250811-104507', '2025-08-11', 0.00, 'admin/invoices/25268-mirto-greece_1754909107.pdf', '25268 - Mirto - Greece.pdf', 'Uploaded on 2025-08-11', '2025-08-11 10:45:07', '2025-08-11 10:45:07'),
(41, 1453, 'INV-20250811-104554', '2025-08-11', 0.00, 'admin/invoices/25286-dogus-switzerland-michal_1754909154.pdf', '25286 - Dogus - Switzerland - Michal.pdf', 'Uploaded on 2025-08-11', '2025-08-11 10:45:54', '2025-08-11 10:45:54'),
(42, 1409, 'INV-20250811-104640', '2025-08-11', 0.00, 'admin/invoices/25294-celergen-inc-us-matt_1754909200.pdf', '25294 - Celergen Inc - US - Matt.pdf', 'Uploaded on 2025-08-11', '2025-08-11 10:46:40', '2025-08-11 10:46:40'),
(43, 1778, 'INV-20250815-115700', '2025-08-15', 0.00, 'admin/invoices/amyra-4nov2024_1755259020.pdf', 'Amyra_4Nov2024.pdf', 'Uploaded on 2025-08-15', '2025-08-15 11:57:00', '2025-08-15 11:57:00'),
(44, 1778, 'INV-20250815-115726', '2025-08-15', 0.00, 'admin/invoices/amyra-30sep2024_1755259046.pdf', 'Amyra_30Sep2024.pdf', 'Uploaded on 2025-08-15', '2025-08-15 11:57:26', '2025-08-15 11:57:26'),
(45, 1594, 'INV-20250815-115836', '2025-08-15', 0.00, 'admin/invoices/angelachoong-1jul2024_1755259116.pdf', 'AngelaChoong_1Jul2024.pdf', 'Uploaded on 2025-08-15', '2025-08-15 11:58:36', '2025-08-15 11:58:36'),
(46, 1594, 'INV-20250815-115843', '2025-08-15', 0.00, 'admin/invoices/angelachoong-12nov2024_1755259123.pdf', 'AngelaChoong_12Nov2024.pdf', 'Uploaded on 2025-08-15', '2025-08-15 11:58:43', '2025-08-15 11:58:43'),
(47, 1594, 'INV-20250815-115851', '2025-08-15', 0.00, 'admin/invoices/angelachoong-19jul2024_1755259131.pdf', 'AngelaChoong_19Jul2024.pdf', 'Uploaded on 2025-08-15', '2025-08-15 11:58:51', '2025-08-15 11:58:51'),
(48, 1453, 'INV-20250815-115950', '2025-08-15', 0.00, 'admin/invoices/cv-chenotpalace-22jul2024_1755259190.pdf', 'CV_ChenotPalace_22Jul2024.pdf', 'Uploaded on 2025-08-15', '2025-08-15 11:59:50', '2025-08-15 11:59:50'),
(49, 1453, 'INV-20250815-115956', '2025-08-15', 0.00, 'admin/invoices/cv-chenotpalace-28aug2024_1755259196.pdf', 'CV_ChenotPalace_28Aug2024.pdf', 'Uploaded on 2025-08-15', '2025-08-15 11:59:56', '2025-08-15 11:59:56'),
(50, 1453, 'INV-20250815-120003', '2025-08-15', 0.00, 'admin/invoices/cv-chenotpalace-29sep2024_1755259203.pdf', 'CV_ChenotPalace_29Sep2024.pdf', 'Uploaded on 2025-08-15', '2025-08-15 12:00:03', '2025-08-15 12:00:03'),
(51, 1453, 'INV-20250815-120009', '2025-08-15', 0.00, 'admin/invoices/cv-chenotpalace-30oct2024_1755259209.pdf', 'CV_ChenotPalace_30Oct2024.pdf', 'Uploaded on 2025-08-15', '2025-08-15 12:00:09', '2025-08-15 12:00:09'),
(52, 1451, 'INV-20250815-120308', '2025-08-15', 0.00, 'admin/invoices/dr-sotiris-16may2024_1755259388.pdf', 'Dr Sotiris_16May2024.pdf', 'Uploaded on 2025-08-15', '2025-08-15 12:03:08', '2025-08-15 12:03:08'),
(53, 1451, 'INV-20250815-120314', '2025-08-15', 0.00, 'admin/invoices/dr-sotiris-23oct2024_1755259394.pdf', 'Dr Sotiris_23Oct2024.pdf', 'Uploaded on 2025-08-15', '2025-08-15 12:03:14', '2025-08-15 12:03:14'),
(54, 1408, 'INV-20250815-120400', '2025-08-15', 0.00, 'admin/invoices/drlimyewcheng-3sep2024_1755259440.pdf', 'DrLimYewCheng_3Sep2024.pdf', 'Uploaded on 2025-08-15', '2025-08-15 12:04:00', '2025-08-15 12:04:00'),
(55, 1485, 'INV-20250815-120758', '2025-08-15', 0.00, 'admin/invoices/la-clinic-10jul2024_1755259678.pdf', 'LA Clinic_10Jul2024.pdf', 'Uploaded on 2025-08-15', '2025-08-15 12:07:58', '2025-08-15 12:07:58'),
(56, 1485, 'INV-20250815-120804', '2025-08-15', 0.00, 'admin/invoices/la-clinic-21aug2024_1755259684.pdf', 'LA Clinic_21Aug2024.pdf', 'Uploaded on 2025-08-15', '2025-08-15 12:08:04', '2025-08-15 12:08:04'),
(57, 1485, 'INV-20250815-120808', '2025-08-15', 0.00, 'admin/invoices/la-clinic-swisslp-4oct2024_1755259688.pdf', 'LA Clinic_SwissLP_4Oct2024.pdf', 'Uploaded on 2025-08-15', '2025-08-15 12:08:08', '2025-08-15 12:08:08'),
(58, 1485, 'INV-20250815-120813', '2025-08-15', 0.00, 'admin/invoices/laclinic-28oct2024_1755259693.pdf', 'LAClinic_28Oct2024.pdf', 'Uploaded on 2025-08-15', '2025-08-15 12:08:13', '2025-08-15 12:08:13'),
(59, 1401, 'INV-20250815-120847', '2025-08-15', 0.00, 'admin/invoices/lincclinic-16oct2024_1755259727.pdf', 'LincClinic_16Oct2024.pdf', 'Uploaded on 2025-08-15', '2025-08-15 12:08:47', '2025-08-15 12:08:47'),
(60, 1401, 'INV-20250815-121359', '2025-08-15', 0.00, 'admin/invoices/linc-5jul2024_1755260039.pdf', 'Linc_5Jul2024.pdf', 'Uploaded on 2025-08-15', '2025-08-15 12:13:59', '2025-08-15 12:13:59'),
(61, 1401, 'INV-20250815-121602', '2025-08-15', 0.00, 'admin/invoices/linc-cv-5aug2024_1755260162.pdf', 'Linc_CV_5Aug2024.pdf', 'Uploaded on 2025-08-15', '2025-08-15 12:16:02', '2025-08-15 12:16:02'),
(62, 1401, 'INV-20250815-121631', '2025-08-15', 0.00, 'admin/invoices/linc-cv-16oct2024_1755260191.pdf', 'Linc_CV_16Oct2024.pdf', 'Uploaded on 2025-08-15', '2025-08-15 12:16:31', '2025-08-15 12:16:31'),
(63, 1401, 'INV-20250815-121636', '2025-08-15', 0.00, 'admin/invoices/linc-cv-20aug2024_1755260196.pdf', 'Linc_CV_20Aug2024.pdf', 'Uploaded on 2025-08-15', '2025-08-15 12:16:36', '2025-08-15 12:16:36'),
(64, 1401, 'INV-20250815-121640', '2025-08-15', 0.00, 'admin/invoices/linc-cv-23sep2024_1755260200.pdf', 'Linc_CV_23Sep2024.pdf', 'Uploaded on 2025-08-15', '2025-08-15 12:16:40', '2025-08-15 12:16:40'),
(65, 1401, 'INV-20250815-121645', '2025-08-15', 0.00, 'admin/invoices/linc-cv-30oct2024_1755260205.pdf', 'Linc_CV_30Oct2024.pdf', 'Uploaded on 2025-08-15', '2025-08-15 12:16:45', '2025-08-15 12:16:45'),
(66, 1781, 'INV-20250815-121938', '2025-08-15', 0.00, 'admin/invoices/lomesh-cv-6aug2024_1755260378.pdf', 'Lomesh_CV_6Aug2024.pdf', 'Uploaded on 2025-08-15', '2025-08-15 12:19:38', '2025-08-15 12:19:38'),
(67, 1683, 'INV-20250815-122729', '2025-08-15', 0.00, 'admin/invoices/maxwrath-12sep2024_1755260849.pdf', 'MaxWrath_12Sep2024.pdf', 'Uploaded on 2025-08-15', '2025-08-15 12:27:29', '2025-08-15 12:27:29'),
(68, 1780, 'INV-20250815-122853', '2025-08-15', 0.00, 'admin/invoices/mirto-20aug2024_1755260933.pdf', 'Mirto_20Aug2024.pdf', 'Uploaded on 2025-08-15', '2025-08-15 12:28:53', '2025-08-15 12:28:53'),
(69, 1780, 'INV-20250815-122930', '2025-08-15', 0.00, 'admin/invoices/mirto-28oct2024_1755260970.pdf', 'Mirto_28Oct2024.pdf', 'Uploaded on 2025-08-15', '2025-08-15 12:29:30', '2025-08-15 12:29:30'),
(70, 1754, 'INV-20250815-123409', '2025-08-15', 0.00, 'admin/invoices/paul-22jul2024_1755261249.pdf', 'Paul_22Jul2024.pdf', 'Uploaded on 2025-08-15', '2025-08-15 12:34:09', '2025-08-15 12:34:09'),
(71, 1754, 'INV-20250815-123415', '2025-08-15', 0.00, 'admin/invoices/paul-25sep2024_1755261255.pdf', 'Paul_25Sep2024.pdf', 'Uploaded on 2025-08-15', '2025-08-15 12:34:15', '2025-08-15 12:34:15'),
(72, 1469, 'INV-20250815-123559', '2025-08-15', 0.00, 'admin/invoices/rahel-27jul2024_1755261359.pdf', 'Rahel_27Jul2024.pdf', 'Uploaded on 2025-08-15', '2025-08-15 12:35:59', '2025-08-15 12:35:59'),
(73, 1469, 'INV-20250815-123614', '2025-08-15', 0.00, 'admin/invoices/rahel-29oct2024_1755261374.pdf', 'Rahel_29Oct2024.pdf', 'Uploaded on 2025-08-15', '2025-08-15 12:36:14', '2025-08-15 12:36:14'),
(74, 1469, 'INV-20250815-123619', '2025-08-15', 0.00, 'admin/invoices/rahel-30aug2024_1755261379.pdf', 'Rahel_30Aug2024.pdf', 'Uploaded on 2025-08-15', '2025-08-15 12:36:19', '2025-08-15 12:36:19'),
(75, 1701, 'INV-20250815-123952', '2025-08-15', 0.00, 'admin/invoices/riyaaz-13nov2024_1755261592.pdf', 'Riyaaz_13Nov2024.pdf', 'Uploaded on 2025-08-15', '2025-08-15 12:39:52', '2025-08-15 12:39:52');

-- --------------------------------------------------------

--
-- Table structure for table `delivery_orders`
--

CREATE TABLE `delivery_orders` (
  `id` bigint UNSIGNED NOT NULL,
  `order_id` bigint UNSIGNED NOT NULL,
  `order_invoice_id` bigint UNSIGNED NOT NULL,
  `delivery_number` varchar(20) CHARACTER SET utf8mb4 COLLATE utf8mb4_unicode_ci NOT NULL,
  `tracking_number` varchar(255) CHARACTER SET utf8mb4 COLLATE utf8mb4_unicode_ci DEFAULT NULL,
  `tracking_url` varchar(255) CHARACTER SET utf8mb4 COLLATE utf8mb4_unicode_ci DEFAULT NULL,
  `received_quantity` decimal(10,2) DEFAULT NULL,
  `warehouse_id` bigint UNSIGNED NOT NULL,
  `delivery_date` date NOT NULL,
  `status` enum('Pending','Shipped','Delivered','Cancelled') CHARACTER SET utf8mb4 COLLATE utf8mb4_unicode_ci NOT NULL DEFAULT 'Pending',
  `remarks` text CHARACTER SET utf8mb4 COLLATE utf8mb4_unicode_ci,
  `created_by` bigint UNSIGNED NOT NULL,
  `modified_by` bigint UNSIGNED DEFAULT NULL,
  `created_at` timestamp NULL DEFAULT NULL,
  `updated_at` timestamp NULL DEFAULT NULL,
  `deleted_at` timestamp NULL DEFAULT NULL
) ENGINE=InnoDB DEFAULT CHARSET=utf8mb4 COLLATE=utf8mb4_unicode_ci;

--
-- Dumping data for table `delivery_orders`
--

INSERT INTO `delivery_orders` (`id`, `order_id`, `order_invoice_id`, `delivery_number`, `tracking_number`, `tracking_url`, `received_quantity`, `warehouse_id`, `delivery_date`, `status`, `remarks`, `created_by`, `modified_by`, `created_at`, `updated_at`, `deleted_at`) VALUES
(1, 1, 1, 'DO-20250814-0341', 'UPS - 1ZWV80990499048433', NULL, NULL, 1, '2025-08-14', 'Delivered', NULL, 1, 1, '2025-08-14 02:12:41', '2025-08-20 05:17:43', NULL),
(2, 225111, 3, 'DO-20250815-0341', 'DHL - 5271207060', NULL, NULL, 3, '2025-08-15', 'Delivered', NULL, 1, 1, '2025-08-15 02:12:41', '2025-08-19 03:08:03', NULL),
(3, 225113, 7, 'DO-20250820-2933', 'DHL - 6172499550 - delivered 22/8', NULL, NULL, 3, '2025-08-20', 'Delivered', NULL, 1, 1, '2025-08-20 03:09:53', '2025-08-25 03:38:45', NULL),
(4, 225114, 9, 'DO-20250820-4964', ' UPS - 1ZWV80996899084444 - delivered 27/8', NULL, NULL, 1, '2025-08-20', 'Delivered', NULL, 1, 1, '2025-08-20 04:03:45', '2025-08-28 03:22:17', NULL),
(5, 225115, 11, 'DO-20250825-3934', NULL, NULL, NULL, 3, '2025-08-25', 'Delivered', NULL, 1, 1, '2025-08-25 03:56:53', '2025-08-25 04:09:05', NULL),
(6, 225116, 13, 'DO-20250825-4380', 'Consignment', 'NA', NULL, 2, '2025-08-25', 'Delivered', NULL, 1, 1, '2025-08-25 07:30:45', '2025-09-17 04:09:21', NULL),
(7, 225120, 21, 'DO-20250829-7186', 'lalamove - delivered 28/8/2025', NULL, NULL, 3, '2025-08-29', 'Delivered', NULL, 1, 1, '2025-08-29 03:14:51', '2025-08-29 03:15:28', NULL),
(8, 225131, 45, 'DO-20250901-1843', 'DHL 4726626855 - delivered 3/9', NULL, NULL, 3, '2025-09-01', 'Delivered', NULL, 1, 1, '2025-09-01 06:52:26', '2025-09-04 03:49:56', NULL),
(9, 225132, 47, 'DO-20250902-6408', ' DHL - JD014600012282372770 - delivered 4/9', NULL, NULL, 1, '2025-09-02', 'Delivered', NULL, 1, 1, '2025-09-02 03:17:46', '2025-09-08 07:50:24', NULL),
(10, 225124, 29, 'DO-20250903-3509', 'lalamove delivered ', NULL, NULL, 3, '2025-09-03', 'Delivered', NULL, 1, 1, '2025-09-03 08:02:10', '2025-09-03 08:03:06', NULL),
(11, 225134, 51, 'DO-20250908-4534', 'delivered 18/03/2025', NULL, NULL, 3, '2025-09-08', 'Delivered', NULL, 1, 1, '2025-09-08 07:33:28', '2025-09-08 07:38:36', NULL),
(12, 225135, 53, 'DO-20250909-6152', 'UPS - 1ZWV80996898405670 - delivered 16/9', 'http://1ZWV80996898405670', NULL, 1, '2025-09-09', 'Delivered', NULL, 1, 1, '2025-09-09 03:22:35', '2025-09-17 04:41:40', NULL),
(13, 225137, 57, 'DO-20250909-6695', 'UPS - 1ZWV80996892143295 - delivered 12/9', 'http://1ZWV80996892143295', NULL, 1, '2025-09-09', 'Delivered', NULL, 1, 1, '2025-09-09 04:58:14', '2025-09-15 03:07:20', NULL),
(14, 225146, 71, 'DO-20250910-8836', 'DHL - 6329167132 - delivered 12/9', NULL, NULL, 3, '2025-09-10', 'Delivered', NULL, 1, 1, '2025-09-10 14:49:52', '2025-09-15 03:08:31', NULL),
(15, 225140, 63, 'DO-20250911-0750', 'UPS - 1ZWV80990499930489 - delivered 15/9 ', 'http://1ZWV80990499930489', NULL, 1, '2025-09-11', 'Delivered', NULL, 1, 1, '2025-09-11 03:19:07', '2025-09-16 03:11:38', NULL),
(16, 225150, 79, 'DO-20250916-3844', 'UPS - 1ZWV80996896837494 - delivered 18/9', 'http://1ZWV80996896837494', NULL, 1, '2025-09-16', 'Delivered', NULL, 1, 1, '2025-09-16 04:43:44', '2025-09-19 02:27:00', NULL),
(17, 225153, 85, 'DO-20250918-6040', 'lalamove', NULL, NULL, 3, '2025-09-18', 'Delivered', NULL, 1, 1, '2025-09-18 07:51:27', '2025-09-18 08:41:51', NULL),
(18, 225154, 87, 'DO-20250918-7270', '393060175767', '393060175767', NULL, 7, '2025-09-18', 'Delivered', NULL, 1, 1, '2025-09-18 12:32:27', '2025-09-18 12:33:43', NULL),
(19, 225155, 89, 'DO-20250922-9400', 'lalamove - delivered 22/9', NULL, NULL, 3, '2025-09-22', 'Delivered', NULL, 1, 1, '2025-09-22 03:03:12', '2025-09-23 03:43:23', NULL),
(20, 225158, 95, 'DO-20250924-8714', NULL, NULL, NULL, 1, '2025-09-24', 'Pending', NULL, 1, 1, '2025-09-24 03:20:05', '2025-09-24 03:20:05', NULL),
(21, 225159, 97, 'DO-20250925-1771', ' UPS - 1ZWV80996896090700 - delivered 30/9', 'http://1ZWV80996896090700', NULL, 1, '2025-09-25', 'Delivered', NULL, 1, 1, '2025-09-25 03:23:38', '2025-10-02 03:16:10', NULL),
(22, 225160, 99, 'DO-20250925-7468', NULL, NULL, NULL, 3, '2025-09-25', 'Pending', NULL, 1, 1, '2025-09-25 04:11:50', '2025-09-25 04:11:50', NULL),
(23, 225161, 101, 'DO-20250929-3541', ' DHL - 7972527780 - delivered 3/10', NULL, NULL, 3, '2025-09-29', 'Delivered', NULL, 1, 1, '2025-09-29 07:28:20', '2025-10-06 04:10:27', NULL),
(24, 225152, 83, 'DO-20250929-4930', 'lalamove', NULL, NULL, 3, '2025-09-29', 'Delivered', NULL, 1, 1, '2025-09-29 08:53:58', '2025-09-29 09:00:47', NULL),
(25, 225162, 103, 'DO-20251001-7174', 'UPS - 1ZWV80996894162930 - delivered 7/10', 'http://1ZWV80996894162930', NULL, 1, '2025-10-01', 'Delivered', NULL, 1, 1, '2025-10-01 11:53:43', '2025-10-09 04:53:20', NULL),
(26, 225166, 108, 'DO-20251002-7980', ' UPS - 1ZWV80996897334114 - delivered 4/10', 'http://1ZWV80996897334114', NULL, 1, '2025-10-02', 'Delivered', NULL, 1, 1, '2025-10-02 08:37:06', '2025-10-06 04:13:49', NULL),
(27, 225170, 116, 'DO-20251009-0750', 'as per Michal email 07Oct, they received the delivery on Monday 06Oct', NULL, NULL, 2, '2025-10-09', 'Delivered', NULL, 1, 1, '2025-10-09 04:20:01', '2025-10-09 04:23:47', NULL),
(28, 225172, 120, 'DO-20251010-7767', '1ZWV80990499491721', 'http://1ZWV80990499491721', NULL, 1, '2025-10-10', 'Shipped', NULL, 1, 1, '2025-10-10 02:32:37', '2025-10-10 07:37:34', NULL);

-- --------------------------------------------------------

--
-- Table structure for table `delivery_order_details`
--

CREATE TABLE `delivery_order_details` (
  `id` bigint UNSIGNED NOT NULL,
  `delivery_order_id` bigint UNSIGNED NOT NULL,
  `product_id` bigint UNSIGNED NOT NULL,
  `sample_quantity` int NOT NULL DEFAULT '0',
  `quantity` int NOT NULL,
  `unit_price` decimal(10,2) DEFAULT NULL,
  `discount` decimal(5,2) DEFAULT '0.00',
  `total` decimal(10,2) DEFAULT NULL,
  `order_detail_id` bigint UNSIGNED DEFAULT NULL,
  `created_at` timestamp NULL DEFAULT NULL,
  `updated_at` timestamp NULL DEFAULT NULL,
  `inventory_id` bigint UNSIGNED DEFAULT NULL
) ENGINE=InnoDB DEFAULT CHARSET=utf8mb4 COLLATE=utf8mb4_unicode_ci;

--
-- Dumping data for table `delivery_order_details`
--

INSERT INTO `delivery_order_details` (`id`, `delivery_order_id`, `product_id`, `sample_quantity`, `quantity`, `unit_price`, `discount`, `total`, `order_detail_id`, `created_at`, `updated_at`, `inventory_id`) VALUES
(1, 1, 2, 0, 6, 500.00, 0.00, 3000.00, 1, '2025-08-14 02:12:41', '2025-08-14 02:12:41', 8),
(2, 2, 2, 0, 6, 500.00, 0.00, 3000.00, 2, '2025-08-15 02:12:41', '2025-08-15 02:12:41', 8),
(3, 2, 3, 0, 1, 0.00, 0.00, 0.00, 3, '2025-08-15 02:12:41', '2025-08-15 02:12:41', 10),
(4, 3, 2, 0, 6, 500.00, 0.00, 3000.00, 5, '2025-08-20 03:09:53', '2025-08-20 03:09:53', 8),
(5, 4, 2, 0, 1, 500.00, 0.00, 500.00, 6, '2025-08-20 04:03:45', '2025-08-20 04:03:45', 6),
(6, 5, 2, 0, 4, 250.00, 0.00, 1000.00, 7, '2025-08-25 03:56:53', '2025-08-25 03:56:53', 8),
(7, 6, 2, 0, 100, 170.00, 0.00, 17000.00, 9, '2025-08-25 07:30:45', '2025-08-25 07:30:45', 17),
(8, 6, 2, 0, 10, 0.00, 0.00, 0.00, 10, '2025-08-25 07:30:45', '2025-08-25 07:30:45', 17),
(9, 7, 2, 0, 1, 500.00, 0.00, 500.00, 15, '2025-08-29 03:14:51', '2025-08-29 03:14:51', 8),
(10, 8, 2, 0, 2, 220.00, 0.00, 440.00, 30, '2025-09-01 06:52:26', '2025-09-01 06:52:26', 8),
(11, 9, 2, 0, 1, 500.00, 0.00, 500.00, 31, '2025-09-02 03:17:46', '2025-09-02 03:17:46', 6),
(12, 10, 2, 0, 27, 2500.00, 0.00, 67500.00, 19, '2025-09-03 08:02:10', '2025-09-03 08:02:10', 8),
(13, 11, 2, 0, 1890, 82.70, 0.00, 156303.00, 34, '2025-09-08 07:33:28', '2025-09-08 07:33:28', 8),
(14, 12, 2, 0, 10, 210.00, 0.00, 2100.00, 35, '2025-09-09 03:22:35', '2025-09-09 03:22:35', 6),
(15, 12, 2, 0, 1, 0.00, 0.00, 0.00, 36, '2025-09-09 03:22:35', '2025-09-09 03:22:35', 6),
(16, 13, 2, 0, 3, 220.00, 0.00, 660.00, 38, '2025-09-09 04:58:14', '2025-09-09 04:58:14', 6),
(17, 14, 10, 0, 5, 170.00, 0.00, 850.00, 51, '2025-09-10 14:49:52', '2025-09-10 14:49:52', 9),
(18, 15, 2, 0, 2, 500.00, 0.00, 1000.00, 42, '2025-09-11 03:19:07', '2025-09-11 03:19:07', 6),
(19, 16, 2, 0, 1, 500.00, 0.00, 500.00, 56, '2025-09-16 04:43:44', '2025-09-16 04:43:44', 6),
(20, 17, 2, 0, 20, 280.00, 0.00, 5600.00, 59, '2025-09-18 07:51:27', '2025-09-18 07:51:27', 8),
(21, 18, 2, 0, 10, 170.00, 0.00, 1700.00, 60, '2025-09-18 12:32:27', '2025-09-18 12:32:27', 18),
(22, 19, 2, 0, 20, 300.00, 0.00, 6000.00, 61, '2025-09-22 03:03:12', '2025-09-22 03:03:12', 8),
(23, 20, 2, 0, 2, 500.00, 0.00, 1000.00, 64, '2025-09-24 03:20:05', '2025-09-24 03:20:05', 6),
(24, 21, 2, 0, 2, 500.00, 0.00, 1000.00, 65, '2025-09-25 03:23:38', '2025-09-25 03:23:38', 6),
(25, 22, 2, 0, 1, 500.00, 0.00, 500.00, 66, '2025-09-25 04:11:50', '2025-09-25 04:11:50', 8),
(26, 22, 4, 0, 1, 0.00, 0.00, 0.00, 67, '2025-09-25 04:11:50', '2025-09-25 04:11:50', 11),
(27, 23, 2, 0, 125, 160.00, 0.00, 20000.00, 68, '2025-09-29 07:28:20', '2025-09-29 07:28:20', 8),
(28, 24, 2, 0, 25, 300.00, 0.00, 7500.00, 58, '2025-09-29 08:53:58', '2025-09-29 08:53:58', 8),
(29, 25, 2, 0, 2, 500.00, 0.00, 1000.00, 69, '2025-10-01 11:53:43', '2025-10-01 11:53:43', 6),
(30, 26, 10, 0, 8, 0.00, 0.00, 0.00, 72, '2025-10-02 08:37:06', '2025-10-02 08:37:06', 7),
(31, 27, 2, 0, 94, 220.00, 0.00, 20680.00, 77, '2025-10-09 04:20:01', '2025-10-09 04:20:01', 17),
(32, 27, 2, 0, 6, 0.00, 0.00, 0.00, 78, '2025-10-09 04:20:01', '2025-10-09 04:20:01', 17),
(33, 28, 2, 0, 2, 500.00, 0.00, 1000.00, 80, '2025-10-10 02:32:37', '2025-10-10 02:32:37', 6);

-- --------------------------------------------------------

--
-- Table structure for table `failed_jobs`
--

CREATE TABLE `failed_jobs` (
  `id` bigint UNSIGNED NOT NULL,
  `uuid` varchar(255) CHARACTER SET utf8mb4 COLLATE utf8mb4_unicode_ci NOT NULL,
  `connection` text CHARACTER SET utf8mb4 COLLATE utf8mb4_unicode_ci NOT NULL,
  `queue` text CHARACTER SET utf8mb4 COLLATE utf8mb4_unicode_ci NOT NULL,
  `payload` longtext CHARACTER SET utf8mb4 COLLATE utf8mb4_unicode_ci NOT NULL,
  `exception` longtext CHARACTER SET utf8mb4 COLLATE utf8mb4_unicode_ci NOT NULL,
  `failed_at` timestamp NOT NULL DEFAULT CURRENT_TIMESTAMP
) ENGINE=InnoDB DEFAULT CHARSET=utf8mb4 COLLATE=utf8mb4_unicode_ci;

-- --------------------------------------------------------

--
-- Table structure for table `inventory`
--

CREATE TABLE `inventory` (
  `id` bigint UNSIGNED NOT NULL,
  `product_code` bigint UNSIGNED NOT NULL,
  `warehouse_id` bigint UNSIGNED NOT NULL,
  `batch_number` varchar(255) CHARACTER SET utf8mb4 COLLATE utf8mb4_unicode_ci NOT NULL,
  `expiry` date NOT NULL,
  `quantity` int NOT NULL,
  `consumed` int NOT NULL DEFAULT '0',
  `remaining` int NOT NULL,
  `total_qty` int DEFAULT '0',
  `created_by` varchar(255) CHARACTER SET utf8mb4 COLLATE utf8mb4_unicode_ci NOT NULL,
  `modified_by` varchar(255) CHARACTER SET utf8mb4 COLLATE utf8mb4_unicode_ci DEFAULT NULL,
  `deleted_at` timestamp NULL DEFAULT NULL,
  `created_at` timestamp NULL DEFAULT NULL,
  `updated_at` timestamp NULL DEFAULT NULL
) ENGINE=InnoDB DEFAULT CHARSET=utf8mb4 COLLATE=utf8mb4_unicode_ci;

--
-- Dumping data for table `inventory`
--

INSERT INTO `inventory` (`id`, `product_code`, `warehouse_id`, `batch_number`, `expiry`, `quantity`, `consumed`, `remaining`, `total_qty`, `created_by`, `modified_by`, `deleted_at`, `created_at`, `updated_at`) VALUES
(6, 2, 1, '1505840101/Oct27', '2027-10-01', 29, 29, 0, 31, '1', '1', NULL, '2025-07-23 09:06:10', '2025-10-10 02:32:37'),
(7, 10, 1, 'EU1505840101/Oct2027', '2027-10-01', 806, 8, 798, 2075, '1', '1', NULL, '2025-07-23 09:07:55', '2025-10-02 08:37:06'),
(8, 2, 3, '1505840101/Oct27', '2027-10-01', 2227, 2127, 100, 2468, '1', '1', NULL, '2025-07-23 09:18:05', '2025-10-02 06:43:30'),
(9, 10, 3, 'EU1505840101/Oct2027', '2027-10-01', 1240, 5, 1235, 1269, '1', '1', NULL, '2025-07-23 09:18:18', '2025-10-07 09:56:01'),
(10, 3, 3, 'NA', '2026-05-01', 411, 1, 410, 428, '1', '1', NULL, '2025-07-23 09:21:28', '2025-09-30 01:52:04'),
(11, 4, 3, 'NA', '2028-12-01', 1911, 1, 1910, 1928, '1', '1', NULL, '2025-07-23 09:23:26', '2025-09-30 01:52:37'),
(12, 4, 2, 'NA', '2028-12-01', 1780, 0, 1780, 1780, '1', '1', NULL, '2025-07-24 04:52:54', '2025-08-13 07:06:46'),
(13, 10, 2, 'EU1505840101/Oct2027', '2027-10-01', 1079, 0, 1079, 1089, '1', '1', NULL, '2025-07-24 05:00:14', '2025-09-30 11:17:21'),
(14, 7, 3, '1505840102/Oct 2027', '2027-10-01', 1934, 0, 1934, 1963, '1', '1', NULL, '2025-07-24 05:04:36', '2025-10-02 06:44:50'),
(15, 2, 6, 'PRED Batch', '2026-12-01', 10, 0, 10, 10, '1', '1', NULL, '2025-07-28 04:48:46', '2025-09-03 08:18:39'),
(16, 12, 3, '1505840102/Oct 2027', '2027-10-01', 1316, 0, 1316, 1410, '1', '1', NULL, '2025-08-13 07:01:26', '2025-09-29 09:16:06'),
(17, 2, 2, 'EU1505840101/Oct2027', '2027-10-01', 1089, 210, 879, 1089, '1', '1', NULL, '2025-08-25 07:29:52', '2025-10-09 04:20:01'),
(18, 2, 7, '1505840101/Oct27', '2027-10-01', 10, 10, 0, 10, '1', '1', NULL, '2025-09-18 12:29:31', '2025-09-18 12:32:27');

-- --------------------------------------------------------

--
-- Table structure for table `jobs`
--

CREATE TABLE `jobs` (
  `id` bigint UNSIGNED NOT NULL,
  `queue` varchar(255) CHARACTER SET utf8mb4 COLLATE utf8mb4_unicode_ci NOT NULL,
  `payload` longtext CHARACTER SET utf8mb4 COLLATE utf8mb4_unicode_ci NOT NULL,
  `attempts` tinyint UNSIGNED NOT NULL,
  `reserved_at` int UNSIGNED DEFAULT NULL,
  `available_at` int UNSIGNED NOT NULL,
  `created_at` int UNSIGNED NOT NULL
) ENGINE=InnoDB DEFAULT CHARSET=utf8mb4 COLLATE=utf8mb4_unicode_ci;

-- --------------------------------------------------------

--
-- Table structure for table `job_batches`
--

CREATE TABLE `job_batches` (
  `id` varchar(255) CHARACTER SET utf8mb4 COLLATE utf8mb4_unicode_ci NOT NULL,
  `name` varchar(255) CHARACTER SET utf8mb4 COLLATE utf8mb4_unicode_ci NOT NULL,
  `total_jobs` int NOT NULL,
  `pending_jobs` int NOT NULL,
  `failed_jobs` int NOT NULL,
  `failed_job_ids` longtext CHARACTER SET utf8mb4 COLLATE utf8mb4_unicode_ci NOT NULL,
  `options` mediumtext CHARACTER SET utf8mb4 COLLATE utf8mb4_unicode_ci,
  `cancelled_at` int DEFAULT NULL,
  `created_at` int NOT NULL,
  `finished_at` int DEFAULT NULL
) ENGINE=InnoDB DEFAULT CHARSET=utf8mb4 COLLATE=utf8mb4_unicode_ci;

-- --------------------------------------------------------

--
-- Table structure for table `migrations`
--

CREATE TABLE `migrations` (
  `id` int UNSIGNED NOT NULL,
  `migration` varchar(255) CHARACTER SET utf8mb4 COLLATE utf8mb4_unicode_ci NOT NULL,
  `batch` int NOT NULL
) ENGINE=InnoDB DEFAULT CHARSET=utf8mb4 COLLATE=utf8mb4_unicode_ci;

--
-- Dumping data for table `migrations`
--

INSERT INTO `migrations` (`id`, `migration`, `batch`) VALUES
(1, '0001_01_01_000000_create_users_table', 1),
(2, '0001_01_01_000001_create_cache_table', 1),
(3, '0001_01_01_000002_create_jobs_table', 1),
(4, '2024_10_03_094443_create_admins_table', 1),
(5, '2024_10_03_094446_create_vendors_table', 1),
(6, '2024_10_03_095551_create_permission_tables', 1),
(7, '2024_10_03_115529_create_customerstype_table', 1),
(8, '2024_10_03_132139_create_entities_table', 1),
(9, '2024_10_04_074126_create_customers_table', 1),
(10, '2024_10_10_111027_create_countries_table', 1),
(11, '2024_10_10_111043_create_currency_rates_table', 1),
(12, '2024_10_13_094834_create_suppliers_table', 1),
(13, '2024_10_14_135203_create_warehouses_table', 1),
(14, '2024_10_15_072300_create_products_table', 1),
(15, '2024_10_16_114948_create_product_catagories_table', 1),
(16, '2024_10_18_060954_create_inventory_table', 1),
(17, '2024_10_21_074215_create_stock_table', 1),
(18, '2024_10_21_092745_create_currency_table', 1),
(19, '2024_10_22_104009_create_order_master_table', 1),
(20, '2024_10_22_104010_create_order_details_table', 1),
(21, '2024_11_22_133536_add_email_to_warehouses_table', 1),
(22, '2024_11_29_124102_create_order_invoice_table', 1),
(23, '2024_11_29_124119_create_order_invoice_details_table', 1),
(24, '2024_11_29_125046_create_delivery_orders_table', 1),
(25, '2024_11_29_125107_create_delivery_order_details_table', 1),
(26, '2024_12_04_130747_add_columns_to_delivery_order_details_table', 1),
(27, '2025_01_21_104757_create_payments_table', 1),
(28, '2025_01_22_100101_add_shipping_columns_to_customers_table', 1),
(29, '2025_01_22_100206_add_billing_columns_to_customers_table', 1),
(30, '2025_01_23_064445_create_warehouse_emails_table', 1),
(31, '2025_03_10_045030_create_batchnumbers_table', 1),
(32, '2025_04_07_052158_create_customer_invoices_table', 1);

-- --------------------------------------------------------

--
-- Table structure for table `model_has_permissions`
--

CREATE TABLE `model_has_permissions` (
  `permission_id` bigint UNSIGNED NOT NULL,
  `model_type` varchar(255) CHARACTER SET utf8mb4 COLLATE utf8mb4_unicode_ci NOT NULL,
  `model_id` bigint UNSIGNED NOT NULL
) ENGINE=InnoDB DEFAULT CHARSET=utf8mb4 COLLATE=utf8mb4_unicode_ci;

-- --------------------------------------------------------

--
-- Table structure for table `model_has_roles`
--

CREATE TABLE `model_has_roles` (
  `role_id` bigint UNSIGNED NOT NULL,
  `model_type` varchar(255) CHARACTER SET utf8mb4 COLLATE utf8mb4_unicode_ci NOT NULL,
  `model_id` bigint UNSIGNED NOT NULL
) ENGINE=InnoDB DEFAULT CHARSET=utf8mb4 COLLATE=utf8mb4_unicode_ci;

--
-- Dumping data for table `model_has_roles`
--

INSERT INTO `model_has_roles` (`role_id`, `model_type`, `model_id`) VALUES
(1, 'App\\Models\\User', 1);

-- --------------------------------------------------------

--
-- Table structure for table `order_details`
--

CREATE TABLE `order_details` (
  `id` bigint UNSIGNED NOT NULL,
  `order_id` bigint UNSIGNED NOT NULL,
  `product_id` bigint UNSIGNED NOT NULL,
  `manual_product_name` varchar(255) CHARACTER SET utf8mb4 COLLATE utf8mb4_unicode_ci DEFAULT NULL,
  `sample_quantity` varchar(255) CHARACTER SET utf8mb4 COLLATE utf8mb4_unicode_ci DEFAULT NULL,
  `unit_price` decimal(10,2) NOT NULL,
  `quantity` int NOT NULL,
  `invoice_rem` int NOT NULL DEFAULT '0',
  `invoice_rem_sample` int NOT NULL DEFAULT '0',
  `sample_quantity_remaining` int NOT NULL DEFAULT '0',
  `remaining_quantity` int DEFAULT NULL,
  `discount` decimal(10,2) NOT NULL DEFAULT '0.00',
  `total` decimal(10,2) NOT NULL,
  `created_at` timestamp NULL DEFAULT NULL,
  `updated_at` timestamp NULL DEFAULT NULL
) ENGINE=InnoDB DEFAULT CHARSET=utf8mb4 COLLATE=utf8mb4_unicode_ci;

--
-- Dumping data for table `order_details`
--

INSERT INTO `order_details` (`id`, `order_id`, `product_id`, `manual_product_name`, `sample_quantity`, `unit_price`, `quantity`, `invoice_rem`, `invoice_rem_sample`, `sample_quantity_remaining`, `remaining_quantity`, `discount`, `total`, `created_at`, `updated_at`) VALUES
(1, 1, 2, NULL, NULL, 500.00, 6, 0, 0, 0, 6, 0.00, 3000.00, '2025-08-13 19:42:47', '2025-08-13 19:42:47'),
(2, 225111, 2, NULL, '0', 500.00, 6, 6, 0, 0, 6, 0.00, 3000.00, '2025-08-15 13:01:27', '2025-08-15 13:01:27'),
(3, 225111, 3, NULL, '0', 0.00, 1, 1, 0, 0, 1, 0.00, 0.00, '2025-08-15 13:01:27', '2025-08-15 13:01:27'),
(4, 225112, 2, '', '0', 500.00, 1, 1, 0, 0, 1, 0.00, 500.00, '2025-08-15 03:17:40', '2025-08-15 03:17:40'),
(5, 225113, 2, NULL, NULL, 500.00, 6, 0, 0, 0, 0, 0.00, 3000.00, '2025-08-17 16:58:44', '2025-08-20 03:09:53'),
(6, 225114, 2, NULL, NULL, 500.00, 1, 0, 0, 0, 0, 0.00, 500.00, '2025-08-19 13:41:45', '2025-08-20 04:03:45'),
(7, 225115, 2, '', '0', 250.00, 4, 4, 0, 0, 0, 0.00, 1000.00, '2025-08-25 03:54:05', '2025-08-25 03:56:53'),
(8, 225115, 1, 'Complimentary  CEL-10 (will be deducted from Celergen inventory)', '0', 0.00, 1, 1, 0, 0, 1, 0.00, 0.00, '2025-08-25 03:54:05', '2025-08-25 03:54:05'),
(9, 225116, 2, '', '0', 170.00, 100, 100, 0, 0, 0, 0.00, 17000.00, '2025-08-25 06:25:58', '2025-08-25 07:30:45'),
(10, 225116, 2, '10% free boxes ', '0', 0.00, 10, 10, 0, 0, 0, 0.00, 0.00, '2025-08-25 06:25:58', '2025-08-25 07:30:45'),
(11, 225117, 2, '', '0', 170.00, 100, 100, 0, 0, 100, 0.00, 17000.00, '2025-08-25 14:32:40', '2025-08-25 14:32:40'),
(12, 225117, 2, '10% free goods', '0', 0.00, 10, 10, 0, 0, 10, 0.00, 0.00, '2025-08-25 14:32:40', '2025-08-25 14:32:40'),
(13, 225118, 1, 'Net Balance Stock 979', '0', 0.00, 1, 1, 0, 0, 1, 0.00, 0.00, '2025-08-25 14:49:52', '2025-08-25 14:49:52'),
(14, 225119, 2, NULL, NULL, 500.00, 1, 0, 0, 0, 1, 0.00, 500.00, '2025-08-25 19:46:42', '2025-08-25 19:46:42'),
(15, 225120, 2, '', '0', 500.00, 1, 1, 0, 0, 0, 0.00, 500.00, '2025-08-26 03:58:54', '2025-08-29 03:14:51'),
(16, 225121, 2, NULL, NULL, 500.00, 1, 0, 0, 0, 1, 0.00, 500.00, '2025-08-26 04:07:37', '2025-08-26 04:07:37'),
(17, 225122, 2, NULL, NULL, 500.00, 1, 0, 0, 0, 1, 0.00, 500.00, '2025-08-26 11:50:36', '2025-08-26 11:50:36'),
(18, 225123, 2, NULL, NULL, 500.00, 1, 0, 0, 0, 1, 0.00, 500.00, '2025-08-26 11:51:59', '2025-08-26 11:51:59'),
(19, 225124, 2, '', '0', 2500.00, 27, 27, 0, 0, 0, 0.00, 67500.00, '2025-08-27 04:29:59', '2025-09-03 08:02:10'),
(20, 225125, 2, '', '0', 220.00, 117, 117, 0, 0, 117, 0.00, 25740.00, '2025-08-28 13:08:25', '2025-08-28 13:08:25'),
(21, 225126, 2, '', '0', 220.00, 117, 117, 0, 0, 117, 0.00, 25740.00, '2025-08-28 13:10:35', '2025-08-28 13:10:35'),
(22, 225127, 2, '', '0', 220.00, 111, 111, 0, 0, 111, 0.00, 24420.00, '2025-08-29 03:25:50', '2025-08-29 03:25:50'),
(23, 225127, 2, 'Complimentary', '0', 0.00, 6, 6, 0, 0, 6, 0.00, 0.00, '2025-08-29 03:25:50', '2025-08-29 03:25:50'),
(24, 225128, 2, '', '0', 220.00, 111, 111, 0, 0, 111, 0.00, 24420.00, '2025-08-29 03:28:54', '2025-08-29 03:28:54'),
(25, 225128, 2, 'Complimentary', '0', 0.00, 6, 6, 0, 0, 6, 0.00, 0.00, '2025-08-29 03:28:54', '2025-08-29 03:28:54'),
(26, 225129, 2, '', '0', 220.00, 111, 105, 0, 0, 111, 0.00, 24420.00, '2025-08-29 03:32:39', '2025-08-29 03:33:58'),
(27, 225129, 2, 'Complimentary', '0', 0.00, 6, 3, 0, 0, 6, 0.00, 0.00, '2025-08-29 03:32:39', '2025-08-29 03:33:58'),
(28, 225130, 2, '', '0', 220.00, 111, 80, 0, 0, 111, 0.00, 24420.00, '2025-08-29 03:37:06', '2025-10-02 04:59:49'),
(29, 225130, 2, 'Complimentary', '0', 0.00, 6, 3, 0, 0, 6, 0.00, 0.00, '2025-08-29 03:37:06', '2025-08-29 03:37:45'),
(30, 225131, 2, '', '0', 220.00, 2, 2, 0, 0, 0, 0.00, 440.00, '2025-09-01 05:17:33', '2025-09-01 06:52:26'),
(31, 225132, 2, NULL, NULL, 500.00, 1, 0, 0, 0, 0, 0.00, 500.00, '2025-09-01 15:45:40', '2025-09-02 03:17:46'),
(32, 225133, 2, '', '0', 8224.30, 50, 50, 0, 0, 50, 0.00, 411215.00, '2025-09-04 08:42:33', '2025-09-04 08:42:33'),
(33, 225133, 2, '', '0', 0.00, 5, 5, 0, 0, 5, 0.00, 0.00, '2025-09-04 08:42:33', '2025-09-04 08:42:33'),
(34, 225134, 2, '', '0', 82.70, 1890, 1890, 0, 0, 0, 0.00, 156303.00, '2025-09-08 07:31:11', '2025-09-08 07:33:28'),
(35, 225135, 2, '', '0', 210.00, 10, 10, 0, 0, 0, 0.00, 2100.00, '2025-09-09 03:17:03', '2025-09-09 03:22:35'),
(36, 225135, 2, '', '0', 0.00, 1, 1, 0, 0, 0, 0.00, 0.00, '2025-09-09 03:17:03', '2025-09-09 03:22:35'),
(37, 225136, 2, '', '0', 220.00, 3, 3, 0, 0, 3, 0.00, 660.00, '2025-09-09 04:27:31', '2025-09-09 04:27:31'),
(38, 225137, 2, '', '0', 220.00, 3, 3, 0, 0, 0, 0.00, 660.00, '2025-09-09 04:54:04', '2025-09-09 04:58:14'),
(39, 225138, 2, NULL, NULL, 500.00, 2, 0, 0, 0, 2, 0.00, 1000.00, '2025-09-09 19:21:19', '2025-09-09 19:21:19'),
(40, 225139, 2, '', '0', 170.00, 5, 5, 0, 0, 5, 0.00, 850.00, '2025-09-10 13:22:38', '2025-09-10 13:22:38'),
(41, 225139, 1, 'Shipped 5 boxes toSiri Chilazi 30 Dalton Street, Apt. 1507 Boston, MA 02115 U.S.A. +1-857-928-0101', '0', 0.00, 1, 1, 0, 0, 1, 0.00, 0.00, '2025-09-10 13:22:38', '2025-09-10 13:22:38'),
(42, 225140, 2, NULL, NULL, 500.00, 2, 0, 0, 0, 0, 0.00, 1000.00, '2025-09-10 13:26:47', '2025-09-11 03:19:07'),
(43, 225141, 10, '', '0', 170.00, 5, 5, 0, 0, 5, 0.00, 850.00, '2025-09-10 14:28:54', '2025-09-10 14:28:54'),
(44, 225141, 1, 'Shipped 5 boxes to the US from Singapore to Gstaad Customer Siri Chilazi 30 Dalton Street, Apt. 1507 Boston, MA 02115 U.S.A. +1-857-928-0101', '0', 0.00, 1, 1, 0, 0, 1, 0.00, 0.00, '2025-09-10 14:28:54', '2025-09-10 14:28:54'),
(45, 225142, 10, '', '0', 170.00, 5, 5, 0, 0, 5, 0.00, 850.00, '2025-09-10 14:31:43', '2025-09-10 14:31:43'),
(46, 225142, 1, 'shipped to US from Singapore for Gstaad customer Siri Chilazi 30 Dalton Street, Apt. 1507 Boston, MA 02115 U.S.A. +1-857-928-0101', '0', 0.00, 1, 1, 0, 0, 1, 0.00, 0.00, '2025-09-10 14:31:43', '2025-09-10 14:31:43'),
(47, 225143, 10, '', '0', 170.00, 5, 5, 0, 0, 5, 0.00, 850.00, '2025-09-10 14:38:11', '2025-09-10 14:38:11'),
(48, 225143, 1, 'shipped to US from Singapore for Gstaad customer Siri Chilazi 30 Dalton Street, Apt. 1507 Boston, MA 02115 U.S.A. +1-857-928-0101', '0', 0.00, 1, 1, 0, 0, 1, 0.00, 0.00, '2025-09-10 14:38:11', '2025-09-10 14:38:11'),
(49, 225144, 1, 'test', '0', 10.00, 1, 1, 0, 0, 1, 0.00, 10.00, '2025-09-10 14:41:45', '2025-09-10 14:41:45'),
(50, 225145, 1, 'shipped to US from Singapore for Gstaad customer Siri Chilazi 30 Dalton Street, Apt. 1507 Boston, MA 02115 U.S.A. +1-857-928-0101', '0', 10.00, 1, 1, 0, 0, 1, 0.00, 10.00, '2025-09-10 14:43:12', '2025-09-10 14:43:12'),
(51, 225146, 10, '', '0', 170.00, 5, 5, 0, 0, 0, 0.00, 850.00, '2025-09-10 14:49:21', '2025-09-10 14:49:52'),
(52, 225146, 1, 'Shipped to US GstaadSiri Chilazi 30 Dalton Street, Apt. 1507 Boston, MA 02115 U.S.A. +1-857-928-0101', '0', 0.00, 1, 1, 0, 0, 1, 0.00, 0.00, '2025-09-10 14:49:21', '2025-09-10 14:49:21'),
(53, 225147, 2, '', '0', 160.00, 100, 100, 0, 0, 100, 0.00, 16000.00, '2025-09-12 03:37:26', '2025-09-12 03:37:26'),
(54, 225148, 2, NULL, NULL, 500.00, 2, 0, 0, 0, 2, 0.00, 1000.00, '2025-09-15 12:26:38', '2025-09-15 12:26:38'),
(55, 225149, 2, NULL, NULL, 500.00, 2, 0, 0, 0, 2, 0.00, 1000.00, '2025-09-15 12:36:33', '2025-09-15 12:36:33'),
(56, 225150, 2, '', '0', 500.00, 1, 1, 0, 0, 0, 0.00, 500.00, '2025-09-16 04:41:59', '2025-09-16 04:43:44'),
(57, 225151, 2, NULL, NULL, 500.00, 2, 0, 0, 0, 2, 0.00, 1000.00, '2025-09-16 09:36:34', '2025-09-16 09:36:34'),
(58, 225152, 2, '', '0', 300.00, 25, 25, 0, 0, 0, 0.00, 7500.00, '2025-09-17 05:09:28', '2025-09-29 08:53:58'),
(59, 225153, 2, '', '0', 280.00, 20, 20, 0, 0, 0, 0.00, 5600.00, '2025-09-18 06:51:38', '2025-09-18 07:51:27'),
(60, 225154, 2, '', '0', 170.00, 10, 10, 0, 0, 0, 0.00, 1700.00, '2025-09-18 12:32:01', '2025-09-18 12:32:27'),
(61, 225155, 2, '', '0', 300.00, 20, 20, 0, 0, 0, 0.00, 6000.00, '2025-09-22 03:02:26', '2025-09-22 03:03:12'),
(62, 225156, 2, NULL, NULL, 500.00, 1, 0, 0, 0, 1, 0.00, 500.00, '2025-09-22 14:48:41', '2025-09-22 14:48:41'),
(63, 225157, 2, NULL, NULL, 500.00, 2, 0, 0, 0, 2, 0.00, 1000.00, '2025-09-23 13:12:27', '2025-09-23 13:12:27'),
(64, 225158, 2, NULL, NULL, 500.00, 2, 0, 0, 0, 0, 0.00, 1000.00, '2025-09-23 13:14:18', '2025-09-24 03:20:05'),
(65, 225159, 2, '', '0', 500.00, 2, 2, 0, 0, 0, 0.00, 1000.00, '2025-09-25 03:12:48', '2025-09-25 03:23:38'),
(66, 225160, 2, '', '0', 500.00, 1, 1, 0, 0, 0, 0.00, 500.00, '2025-09-25 04:01:34', '2025-09-25 04:11:50'),
(67, 225160, 4, '', '0', 0.00, 1, 1, 0, 0, 0, 0.00, 0.00, '2025-09-25 04:01:34', '2025-09-25 04:11:50'),
(68, 225161, 2, '', '0', 160.00, 125, 125, 0, 0, 0, 0.00, 20000.00, '2025-09-27 05:41:47', '2025-09-29 07:28:20'),
(69, 225162, 2, NULL, NULL, 500.00, 2, 0, 0, 0, 0, 0.00, 1000.00, '2025-10-01 09:55:40', '2025-10-01 11:53:43'),
(70, 225165, 2, '', '0', 110.00, 200, 200, 0, 0, 200, 0.00, 22000.00, '2025-10-01 11:42:14', '2025-10-01 11:42:14'),
(71, 225165, 2, 'Stocks Replacement', '0', 0.00, 10, 10, 0, 0, 10, 0.00, 0.00, '2025-10-01 11:42:14', '2025-10-01 11:42:14'),
(72, 225166, 10, '', '0', 0.00, 8, 8, 0, 0, 0, 0.00, 0.00, '2025-10-02 08:33:31', '2025-10-02 08:37:06'),
(73, 225167, 2, NULL, NULL, 500.00, 1, 0, 0, 0, 1, 0.00, 500.00, '2025-10-02 19:56:19', '2025-10-02 19:56:19'),
(74, 225168, 2, NULL, NULL, 500.00, 1, 0, 0, 0, 1, 0.00, 500.00, '2025-10-02 20:00:55', '2025-10-02 20:00:55'),
(75, 225169, 2, '', '0', 220.00, 94, 94, 0, 0, 94, 0.00, 20680.00, '2025-10-09 03:34:24', '2025-10-09 03:34:24'),
(76, 225169, 2, '', '0', 500.00, 6, 6, 0, 0, 6, 0.00, 3000.00, '2025-10-09 03:34:24', '2025-10-09 03:34:24'),
(77, 225170, 2, '', '0', 220.00, 94, 94, 0, 0, 0, 0.00, 20680.00, '2025-10-09 03:41:06', '2025-10-09 04:20:01'),
(78, 225170, 2, '', '0', 0.00, 6, 6, 0, 0, 0, 0.00, 0.00, '2025-10-09 03:41:06', '2025-10-09 04:20:01'),
(79, 225171, 2, NULL, NULL, 500.00, 2, 0, 0, 0, 2, 0.00, 1000.00, '2025-10-09 16:27:13', '2025-10-09 16:27:13'),
(80, 225172, 2, NULL, NULL, 500.00, 2, 0, 0, 0, 0, 0.00, 1000.00, '2025-10-09 16:28:53', '2025-10-10 02:32:37'),
(81, 225173, 2, '', '0', 500.00, 3, 3, 0, 0, 3, 0.00, 1500.00, '2025-10-10 03:35:05', '2025-10-10 03:35:05'),
(82, 225173, 3, '', '0', 0.00, 1, 1, 0, 0, 1, 0.00, 0.00, '2025-10-10 03:35:05', '2025-10-10 03:35:05'),
(83, 225173, 4, '', '0', 0.00, 1, 1, 0, 0, 1, 0.00, 0.00, '2025-10-10 03:35:05', '2025-10-10 03:35:05'),
(84, 225174, 2, '', '0', 500.00, 3, 3, 0, 0, 3, 0.00, 1500.00, '2025-10-10 05:19:44', '2025-10-10 05:19:44'),
(85, 225174, 3, '', '0', 0.00, 1, 1, 0, 0, 1, 0.00, 0.00, '2025-10-10 05:19:44', '2025-10-10 05:19:44'),
(86, 225174, 4, '', '0', 0.00, 1, 1, 0, 0, 1, 0.00, 0.00, '2025-10-10 05:19:44', '2025-10-10 05:19:44'),
(87, 225175, 2, NULL, NULL, 500.00, 1, 0, 0, 0, 1, 0.00, 500.00, '2025-10-12 12:09:26', '2025-10-12 12:09:26');

-- --------------------------------------------------------

--
-- Table structure for table `order_invoice`
--

CREATE TABLE `order_invoice` (
  `id` bigint UNSIGNED NOT NULL,
  `invoice_number` varchar(20) CHARACTER SET utf8mb4 COLLATE utf8mb4_unicode_ci NOT NULL,
  `invoice_date` date DEFAULT NULL,
  `order_id` bigint UNSIGNED NOT NULL,
  `customer_id` bigint UNSIGNED NOT NULL,
  `entity_id` bigint UNSIGNED NOT NULL,
  `shipping_address` varchar(255) CHARACTER SET utf8mb4 COLLATE utf8mb4_unicode_ci NOT NULL,
  `subtotal` decimal(10,2) NOT NULL,
  `discount` decimal(10,2) NOT NULL DEFAULT '0.00',
  `freight` decimal(10,2) NOT NULL DEFAULT '0.00',
  `tax` decimal(10,2) NOT NULL DEFAULT '0.00',
  `total` decimal(10,2) NOT NULL,
  `remarks` text CHARACTER SET utf8mb4 COLLATE utf8mb4_unicode_ci,
  `payment_terms` varchar(255) CHARACTER SET utf8mb4 COLLATE utf8mb4_unicode_ci DEFAULT NULL,
  `status` enum('Draft','Confirmed','Partially Invoiced','Fully Invoiced','Cancelled') CHARACTER SET utf8mb4 COLLATE utf8mb4_unicode_ci NOT NULL DEFAULT 'Draft',
  `created_by` bigint UNSIGNED NOT NULL,
  `modified_by` bigint UNSIGNED DEFAULT NULL,
  `invoice_type` enum('regular','consignment','split_delivery') CHARACTER SET utf8mb4 COLLATE utf8mb4_unicode_ci NOT NULL,
  `invoice_category` enum('regular','shipping') CHARACTER SET utf8mb4 COLLATE utf8mb4_unicode_ci NOT NULL,
  `created_at` timestamp NULL DEFAULT NULL,
  `updated_at` timestamp NULL DEFAULT NULL,
  `deleted_at` timestamp NULL DEFAULT NULL
) ENGINE=InnoDB DEFAULT CHARSET=utf8mb4 COLLATE=utf8mb4_unicode_ci;

--
-- Dumping data for table `order_invoice`
--

INSERT INTO `order_invoice` (`id`, `invoice_number`, `invoice_date`, `order_id`, `customer_id`, `entity_id`, `shipping_address`, `subtotal`, `discount`, `freight`, `tax`, `total`, `remarks`, `payment_terms`, `status`, `created_by`, `modified_by`, `invoice_type`, `invoice_category`, `created_at`, `updated_at`, `deleted_at`) VALUES
(1, 'INV-10001', NULL, 1, 1783, 1, 'BAA Trading Ltd, Peter Acquah, Cambelle Chemist, 83-85 Boundfield Rd, United Kingdom, SE6 1PH, 07940965371', 3000.00, 0.00, 0.00, 0.00, 3000.00, NULL, NULL, 'Confirmed', 1, NULL, 'regular', 'regular', '2025-08-13 19:42:47', '2025-08-13 19:42:47', NULL),
(2, 'SHIP-10001', NULL, 1, 1783, 1, 'BAA Trading Ltd, Peter Acquah, Cambelle Chemist, 83-85 Boundfield Rd, United Kingdom, SE6 1PH, 07940965371', 3000.00, 0.00, 0.00, 0.00, 3000.00, NULL, NULL, 'Confirmed', 1, NULL, 'regular', 'shipping', '2025-08-13 19:42:47', '2025-08-13 19:42:47', NULL),
(3, 'INV-10002', NULL, 225111, 1784, 1, 'John Docherty, c/o D Global Solutions DMCC , Office no. 1102, JBC 1 Building, Cluster G, JLT, Dubai, 191968 , +971506975887', 3000.00, 0.00, 0.00, 0.00, 3000.00, NULL, 'Immediate', 'Confirmed', 1, NULL, 'regular', 'regular', '2025-08-15 01:53:39', '2025-08-15 01:53:39', NULL),
(4, 'SHIP-10002', NULL, 225111, 1784, 1, 'John Docherty, c/o D Global Solutions DMCC , Office no. 1102, JBC 1 Building, Cluster G, JLT, Dubai, 191968 , +971506975887', 3000.00, 0.00, 0.00, 0.00, 3000.00, NULL, 'Immediate', 'Confirmed', 1, NULL, 'regular', 'shipping', '2025-08-15 01:53:39', '2025-08-15 01:53:39', NULL),
(5, 'INV-10003', NULL, 225112, 1789, 1, 'Ogyeabour Barima, John Allotey & Associates, P.O. BOX 884, ADUM, KUMASI, Ghana, 00233, +233202541010', 500.00, 0.00, 0.00, 0.00, 500.00, NULL, NULL, 'Confirmed', 1, NULL, 'regular', 'regular', '2025-08-15 03:17:40', '2025-08-15 03:17:40', NULL),
(6, 'SHIP-10003', NULL, 225112, 1789, 1, 'Ogyeabour Barima, John Allotey & Associates, P.O. BOX 884, ADUM, KUMASI, Ghana, 00233, +233202541010', 500.00, 0.00, 0.00, 0.00, 500.00, NULL, NULL, 'Confirmed', 1, NULL, 'regular', 'shipping', '2025-08-15 03:17:40', '2025-08-15 03:17:40', NULL),
(7, 'INV-10004', NULL, 225113, 1790, 1, ', Gustavo Anguiano Putz, 4500 Gulf Blvd South Padre Island Tx , Apt 701, United States, 78597, 8117999181', 3000.00, 0.00, 0.00, 0.00, 3000.00, NULL, NULL, 'Confirmed', 1, NULL, 'regular', 'regular', '2025-08-17 16:58:44', '2025-08-17 16:58:44', NULL),
(8, 'SHIP-10004', NULL, 225113, 1790, 1, ', Gustavo Anguiano Putz, 4500 Gulf Blvd South Padre Island Tx , Apt 701, United States, 78597, 8117999181', 3000.00, 0.00, 0.00, 0.00, 3000.00, NULL, NULL, 'Confirmed', 1, NULL, 'regular', 'shipping', '2025-08-17 16:58:44', '2025-08-17 16:58:44', NULL),
(9, 'INV-10005', '2025-08-19', 225114, 1705, 1, ', Angeliki Asimakopoulou, Mikras Asias 6, Argyroupoli, , Greece, 16452, 6982103891', 500.00, 0.00, 0.00, 0.00, 500.00, NULL, NULL, 'Confirmed', 2412, NULL, 'regular', 'regular', '2025-08-19 13:41:45', '2025-08-19 13:41:45', NULL),
(10, 'SHIP-10005', NULL, 225114, 1705, 1, ', Angeliki Asimakopoulou, Mikras Asias 6, Argyroupoli, , Greece, 16452, 6982103891', 500.00, 0.00, 0.00, 0.00, 500.00, NULL, NULL, 'Confirmed', 2412, NULL, 'regular', 'shipping', '2025-08-19 13:41:45', '2025-08-19 13:41:45', NULL),
(11, 'INV-10006', '2025-08-21', 225115, 1793, 1, 'Mega Pharma (Pvt) Ltd. , S.A.M Peries (Sam), 93/5, Dutugemunu Street,\nColombo 06, Sri Lanka, +94 77 7755443', 1000.00, 0.00, 0.00, 0.00, 1000.00, NULL, 'Immediate', 'Confirmed', 1, NULL, 'regular', 'regular', '2025-08-25 03:54:05', '2025-08-25 04:00:10', NULL),
(12, 'SHIP-10006', NULL, 225115, 1793, 1, 'Mega Pharma (Pvt) Ltd. , S.A.M Peries (Sam), 93/5, Dutugemunu Street,\nColombo 06, Sri Lanka, +94 77 7755443', 1000.00, 0.00, 0.00, 0.00, 1000.00, NULL, 'Immediate', 'Confirmed', 1, NULL, 'regular', 'shipping', '2025-08-25 03:54:05', '2025-08-25 03:54:05', NULL),
(13, 'INV-10007', NULL, 225116, 1469, 1, 'Iroh 2000, Rahel Iroh, Regensbergstrasse 49, Zurich, Switzerland, 8050, +41 793327441', 17000.00, 0.00, 0.00, 0.00, 17000.00, '', 'Immediate', 'Confirmed', 1, NULL, 'regular', 'regular', '2025-08-25 06:25:58', '2025-08-25 06:25:58', NULL),
(14, 'SHIP-10007', NULL, 225116, 1469, 1, 'Iroh 2000, Rahel Iroh, Regensbergstrasse 49, Zurich, Switzerland, 8050, +41 793327441', 17000.00, 0.00, 0.00, 0.00, 17000.00, '', 'Immediate', 'Confirmed', 1, NULL, 'regular', 'shipping', '2025-08-25 06:25:58', '2025-08-25 06:25:58', NULL),
(15, 'INV-10008', NULL, 225117, 1469, 1, 'Iroh 2000, Rahel Iroh, Regensbergstrasse 49, Zurich, Switzerland, 8050, +41 793327441', 17000.00, 0.00, 0.00, 0.00, 17000.00, 'Balance inventory as of 25 August is 979', 'Immediate', 'Confirmed', 1, NULL, 'regular', 'regular', '2025-08-25 14:32:40', '2025-08-25 14:32:40', NULL),
(16, 'SHIP-10008', NULL, 225117, 1469, 1, 'Iroh 2000, Rahel Iroh, Regensbergstrasse 49, Zurich, Switzerland, 8050, +41 793327441', 17000.00, 0.00, 0.00, 0.00, 17000.00, 'Balance inventory as of 25 August is 979', 'Immediate', 'Confirmed', 1, NULL, 'regular', 'shipping', '2025-08-25 14:32:40', '2025-08-25 14:32:40', NULL),
(17, 'INV-10009', NULL, 225118, 1469, 1, 'Iroh 2000, Rahel Iroh, Regensbergstrasse 49, Zurich, Switzerland, 8050, +41 793327441', 0.00, 0.00, 0.00, 0.00, 0.00, NULL, 'Immediate', 'Confirmed', 1, NULL, 'regular', 'regular', '2025-08-25 14:49:52', '2025-08-25 14:49:52', NULL),
(18, 'SHIP-10009', NULL, 225118, 1469, 1, 'Iroh 2000, Rahel Iroh, Regensbergstrasse 49, Zurich, Switzerland, 8050, +41 793327441', 0.00, 0.00, 0.00, 0.00, 0.00, NULL, 'Immediate', 'Confirmed', 1, NULL, 'regular', 'shipping', '2025-08-25 14:49:52', '2025-08-25 14:49:52', NULL),
(19, 'INV-10010', NULL, 225119, 1794, 1, ', Lawrence Jenkins, 8358 Manitoba St., Apt. 5, United States, 90293, 3139178595', 500.00, 0.00, 0.00, 0.00, 500.00, NULL, NULL, 'Confirmed', 1, NULL, 'regular', 'regular', '2025-08-25 19:46:42', '2025-08-25 19:46:42', NULL),
(20, 'SHIP-10010', NULL, 225119, 1794, 1, ', Lawrence Jenkins, 8358 Manitoba St., Apt. 5, United States, 90293, 3139178595', 500.00, 0.00, 0.00, 0.00, 500.00, NULL, NULL, 'Confirmed', 1, NULL, 'regular', 'shipping', '2025-08-25 19:46:42', '2025-08-25 19:46:42', NULL),
(21, 'INV-10011', NULL, 225120, 1795, 1, 'Ching  Mei Lim, 58 Binjai Park , Singapore, 589858, +65 96717577', 500.00, 0.00, 0.00, 0.00, 500.00, NULL, 'Immediate', 'Confirmed', 1, NULL, 'regular', 'regular', '2025-08-26 03:58:54', '2025-08-26 03:58:54', NULL),
(22, 'SHIP-10011', NULL, 225120, 1795, 1, 'Ching  Mei Lim, 58 Binjai Park , Singapore, 589858, +65 96717577', 500.00, 0.00, 0.00, 0.00, 500.00, NULL, 'Immediate', 'Confirmed', 1, NULL, 'regular', 'shipping', '2025-08-26 03:58:54', '2025-08-26 03:58:54', NULL),
(23, 'INV-10012', NULL, 225121, 1796, 1, ', BALA SUNDFAR, 10, east street, , India, 10096, 05554441234', 500.00, 0.00, 0.00, 0.00, 500.00, NULL, NULL, 'Confirmed', 1, NULL, 'regular', 'regular', '2025-08-26 04:07:37', '2025-08-26 04:07:37', NULL),
(24, 'SHIP-10012', NULL, 225121, 1796, 1, ', BALA SUNDFAR, 10, east street, , India, 10096, 05554441234', 500.00, 0.00, 0.00, 0.00, 500.00, NULL, NULL, 'Confirmed', 1, NULL, 'regular', 'shipping', '2025-08-26 04:07:37', '2025-08-26 04:07:37', NULL),
(25, 'INV-10013', NULL, 225122, 1509, 1, ', Su Ying Ong, 66 Toh Tuck Road 08-13, Highgate Condo Lift No. 4, Singapore, 596730, 97361209', 500.00, 0.00, 0.00, 0.00, 500.00, NULL, NULL, 'Confirmed', 1, NULL, 'regular', 'regular', '2025-08-26 11:50:36', '2025-08-26 11:50:36', NULL),
(26, 'SHIP-10013', NULL, 225122, 1509, 1, ', Su Ying Ong, 66 Toh Tuck Road 08-13, Highgate Condo Lift No. 4, Singapore, 596730, 97361209', 500.00, 0.00, 0.00, 0.00, 500.00, NULL, NULL, 'Confirmed', 1, NULL, 'regular', 'shipping', '2025-08-26 11:50:36', '2025-08-26 11:50:36', NULL),
(27, 'INV-10014', NULL, 225123, 1509, 1, ', Su Ying Ong, 66 Toh Tuck Road 08-13, Highgate Condo Lift No. 4, Singapore, 596730, 97361209', 500.00, 0.00, 0.00, 0.00, 500.00, NULL, NULL, 'Confirmed', 1, NULL, 'regular', 'regular', '2025-08-26 11:51:59', '2025-08-26 11:51:59', NULL),
(28, 'SHIP-10014', NULL, 225123, 1509, 1, ', Su Ying Ong, 66 Toh Tuck Road 08-13, Highgate Condo Lift No. 4, Singapore, 596730, 97361209', 500.00, 0.00, 0.00, 0.00, 500.00, NULL, NULL, 'Confirmed', 1, NULL, 'regular', 'shipping', '2025-08-26 11:51:59', '2025-08-26 11:51:59', NULL),
(29, 'INV-17001', '2025-08-27', 225124, 1778, 1, 'Klinik Eksekufit Jakarta, Amyra De Costa, Jl Minangkabau Barat No. 17B, RT. 6/RW. 8, Ps Manggis, Kecamatan Setiabudi, Kuningan, Dearah Khusus, Ibukota, Jakarta\n, Indonesia, 12970, +62 8118135058', 67500.00, 0.00, 0.00, 0.00, 67500.00, NULL, 'Immediate', 'Confirmed', 1, NULL, 'regular', 'regular', '2025-08-27 04:29:59', '2025-08-27 04:29:59', NULL),
(30, 'SHIP-17001', '2025-08-27', 225124, 1778, 1, 'Klinik Eksekufit Jakarta, Amyra De Costa, Jl Minangkabau Barat No. 17B, RT. 6/RW. 8, Ps Manggis, Kecamatan Setiabudi, Kuningan, Dearah Khusus, Ibukota, Jakarta\n, Indonesia, 12970, +62 8118135058', 67500.00, 0.00, 0.00, 0.00, 67500.00, NULL, 'Immediate', 'Confirmed', 1, NULL, 'regular', 'shipping', '2025-08-27 04:29:59', '2025-08-27 04:29:59', NULL),
(31, 'INV-17002', '2025-08-28', 225125, 1453, 1, 'Michal Strasik, Dogus Health and Wellness AG \nHertensteinstrasse 34, 6353 Weggis, Switzerland, 6353, +41 41 255 20 00', 25740.00, 0.00, 0.00, 0.00, 25740.00, NULL, 'Immediate', 'Confirmed', 1, NULL, 'regular', 'regular', '2025-08-28 13:08:25', '2025-08-28 13:08:25', NULL),
(32, 'SHIP-17002', '2025-08-28', 225125, 1453, 1, 'Michal Strasik, Dogus Health and Wellness AG \nHertensteinstrasse 34, 6353 Weggis, Switzerland, 6353, +41 41 255 20 00', 25740.00, 0.00, 0.00, 0.00, 25740.00, NULL, 'Immediate', 'Confirmed', 1, NULL, 'regular', 'shipping', '2025-08-28 13:08:25', '2025-08-28 13:08:25', NULL),
(33, 'INV-17003', '2025-08-28', 225126, 1453, 1, 'Michal Strasik, Dogus Health and Wellness AG \nHertensteinstrasse 34, 6353 Weggis, Switzerland, 6353, +41 41 255 20 00', 25740.00, 0.00, 0.00, 0.00, 25740.00, NULL, 'Immediate', 'Confirmed', 1, NULL, 'regular', 'regular', '2025-08-28 13:10:35', '2025-08-28 13:10:35', NULL),
(34, 'SHIP-17003', '2025-08-28', 225126, 1453, 1, 'Michal Strasik, Dogus Health and Wellness AG \nHertensteinstrasse 34, 6353 Weggis, Switzerland, 6353, +41 41 255 20 00', 25740.00, 0.00, 0.00, 0.00, 25740.00, NULL, 'Immediate', 'Confirmed', 1, NULL, 'regular', 'shipping', '2025-08-28 13:10:35', '2025-08-28 13:10:35', NULL),
(35, 'INV-17004', '2025-08-29', 225127, 1453, 1, 'Dogus Health & Wellness AG, Michal Strasik, Dogus Health and Wellness AG \nChenot Palace\nHertensteinstrasse 34, 6353 Weggis, Switzerland, 6353, +41 41 255 20 00', 24420.00, 0.00, 0.00, 0.00, 24420.00, NULL, 'Immediate', 'Confirmed', 1, NULL, 'regular', 'regular', '2025-08-29 03:25:50', '2025-08-29 03:25:50', NULL),
(36, 'SHIP-17004', '2025-08-29', 225127, 1453, 1, 'Dogus Health & Wellness AG, Michal Strasik, Dogus Health and Wellness AG \nChenot Palace\nHertensteinstrasse 34, 6353 Weggis, Switzerland, 6353, +41 41 255 20 00', 24420.00, 0.00, 0.00, 0.00, 24420.00, NULL, 'Immediate', 'Confirmed', 1, NULL, 'regular', 'shipping', '2025-08-29 03:25:50', '2025-08-29 03:25:50', NULL),
(37, 'INV-17005', '2025-08-29', 225128, 1453, 1, 'Dogus Health & Wellness AG, Michal Strasik, Chenot Palace\nHertensteinstrasse 34, 6353 Weggis, Switzerland, 6353, +41 41 255 20 00', 24420.00, 0.00, 0.00, 0.00, 24420.00, NULL, 'Immediate', 'Confirmed', 1, NULL, 'regular', 'regular', '2025-08-29 03:28:54', '2025-08-29 03:28:54', NULL),
(38, 'SHIP-17005', '2025-08-29', 225128, 1453, 1, 'Dogus Health & Wellness AG, Michal Strasik, Chenot Palace\nHertensteinstrasse 34, 6353 Weggis, Switzerland, 6353, +41 41 255 20 00', 24420.00, 0.00, 0.00, 0.00, 24420.00, NULL, 'Immediate', 'Confirmed', 1, NULL, 'regular', 'shipping', '2025-08-29 03:28:54', '2025-08-29 03:28:54', NULL),
(39, 'INV-17006', '2025-08-29', 225129, 1453, 1, 'Dogus Health & Wellness AG, Michal Strasik, Chenot Palace\n\nHertensteinstrasse 34, 6353 Weggis, Switzerland, 6353, +41 41 255 20 00', 24420.00, 0.00, 0.00, 0.00, 24420.00, NULL, 'Immediate', 'Confirmed', 1, NULL, 'regular', 'regular', '2025-08-29 03:32:39', '2025-08-29 03:32:39', NULL),
(40, 'SHIP-17006', '2025-08-29', 225129, 1453, 1, 'Dogus Health & Wellness AG, Michal Strasik, Chenot Palace\n\nHertensteinstrasse 34, 6353 Weggis, Switzerland, 6353, +41 41 255 20 00', 24420.00, 0.00, 0.00, 0.00, 24420.00, NULL, 'Immediate', 'Confirmed', 1, NULL, 'regular', 'shipping', '2025-08-29 03:32:39', '2025-08-29 03:32:39', NULL),
(41, 'INV-17007', NULL, 225129, 1453, 1, 'Dogus Health & Wellness AG, Michal Strasik, Chenot Palace\n\nHertensteinstrasse 34, 6353 Weggis, Switzerland, 6353, +41 41 255 20 00', 1320.00, 0.00, 0.00, 0.00, 1320.00, 'Generated for split quantities', NULL, 'Draft', 1, NULL, 'regular', 'regular', '2025-08-29 03:33:58', '2025-08-29 03:33:58', NULL),
(42, 'INV-17008', '2025-08-29', 225130, 1453, 1, 'Dogus Health & Wellness AG, Michal Strasik, Chenot Palace\nHertensteinstrasse 34, 6353 Weggis, Switzerland, 6353, +41 41 255 20 00', 24420.00, 0.00, 0.00, 0.00, 24420.00, NULL, 'Immediate', 'Confirmed', 1, NULL, 'regular', 'regular', '2025-08-29 03:37:06', '2025-08-29 03:37:06', NULL),
(43, 'SHIP-17007', '2025-08-29', 225130, 1453, 1, 'Dogus Health & Wellness AG, Michal Strasik, Chenot Palace\nHertensteinstrasse 34, 6353 Weggis, Switzerland, 6353, +41 41 255 20 00', 24420.00, 0.00, 0.00, 0.00, 24420.00, NULL, 'Immediate', 'Confirmed', 1, NULL, 'regular', 'shipping', '2025-08-29 03:37:06', '2025-08-29 03:37:06', NULL),
(44, 'INV-17009', NULL, 225130, 1453, 1, 'Dogus Health & Wellness AG, Michal Strasik, Chenot Palace\nHertensteinstrasse 34, 6353 Weggis, Switzerland, 6353, +41 41 255 20 00', 1320.00, 0.00, 0.00, 0.00, 1320.00, 'Generated for split quantities', NULL, 'Draft', 1, NULL, 'regular', 'regular', '2025-08-29 03:37:45', '2025-08-29 03:37:45', NULL),
(45, 'INV-17010', '2025-09-01', 225131, 1453, 1, ' Mrs Nguyen Lan, 1712, 28 Harbour Street,\nSydney, NSW, Australia, 2000, +61 422 652 185', 440.00, 0.00, 60.00, 0.00, 500.00, NULL, 'Immediate', 'Confirmed', 1, NULL, 'regular', 'regular', '2025-09-01 05:17:33', '2025-09-01 05:17:33', NULL),
(46, 'SHIP-17008', '2025-09-01', 225131, 1453, 1, ' Mrs Nguyen Lan, 1712, 28 Harbour Street,\nSydney, NSW, Australia, 2000, +61 422 652 185', 440.00, 0.00, 60.00, 0.00, 500.00, NULL, 'Immediate', 'Confirmed', 1, NULL, 'regular', 'shipping', '2025-09-01 05:17:33', '2025-09-01 05:17:33', NULL),
(47, 'INV-17011', '2025-09-01', 225132, 1797, 1, ', Alanood Alattiya , Street 983 Zone 51, House 38, Qatar, 0000, +97455227885', 500.00, 0.00, 0.00, 0.00, 500.00, NULL, NULL, 'Confirmed', 2499, NULL, 'regular', 'regular', '2025-09-01 15:45:40', '2025-09-01 15:45:40', NULL),
(48, 'SHIP-17009', '2025-09-01', 225132, 1797, 1, ', Alanood Alattiya , Street 983 Zone 51, House 38, Qatar, 0000, +97455227885', 500.00, 0.00, 0.00, 0.00, 500.00, NULL, NULL, 'Confirmed', 2499, NULL, 'regular', 'shipping', '2025-09-01 15:45:40', '2025-09-01 15:45:40', NULL),
(49, 'INV-17012', '2025-09-04', 225133, 1396, 3, 'Vitallife Corporation Limited, Vitallife -, 210 Sukhumvit Soi1, Sukhumvit, Road, Klongtoey Nua, Wattana, Thailand, 10110, 6626672340', 411215.00, 0.00, 0.00, 28785.05, 440000.05, NULL, 'Immediate', 'Confirmed', 1, NULL, 'regular', 'regular', '2025-09-04 08:42:33', '2025-09-04 08:42:33', NULL),
(50, 'SHIP-17010', '2025-09-04', 225133, 1396, 3, 'Vitallife Corporation Limited, Vitallife -, 210 Sukhumvit Soi1, Sukhumvit, Road, Klongtoey Nua, Wattana, Thailand, 10110, 6626672340', 411215.00, 0.00, 0.00, 28785.05, 440000.05, NULL, 'Immediate', 'Confirmed', 1, NULL, 'regular', 'shipping', '2025-09-04 08:42:33', '2025-09-04 08:42:33', NULL),
(51, 'INV-17013', '2025-09-05', 225134, 1798, 1, 'Suisse Laboratories Cell Therapy, Inc.,  , Unit 8A, 3rd Floor, Il Terrazzo Mall\n305 Tomas Morato corner Scout Madrinan Street\nQuezon City\n, Philippines, South Triangle 1103,  +63 917 8002582', 156303.00, 0.00, 0.00, 0.00, 156303.00, NULL, 'Immediate', 'Confirmed', 1, NULL, 'regular', 'regular', '2025-09-08 07:31:11', '2025-09-08 07:31:59', NULL),
(52, 'SHIP-17011', '2025-09-08', 225134, 1798, 1, 'Suisse Laboratories Cell Therapy, Inc.,  , Unit 8A, 3rd Floor, Il Terrazzo Mall\n305 Tomas Morato corner Scout Madrinan Street\nQuezon City\n, Philippines, South Triangle 1103,  +63 917 8002582', 156303.00, 0.00, 0.00, 0.00, 156303.00, NULL, 'Immediate', 'Confirmed', 1, NULL, 'regular', 'shipping', '2025-09-08 07:31:11', '2025-09-08 07:31:11', NULL),
(53, 'INV-17014', '2025-09-09', 225135, 1780, 1, 'Ioannis Tsirikos, 3 Serepentzi street, Paleo Psichiko, Athens\n, Greece, 15452, +30 6937484480', 2100.00, 0.00, 15.00, 0.00, 2115.00, NULL, 'Immediate', 'Confirmed', 1, NULL, 'regular', 'regular', '2025-09-09 03:17:03', '2025-09-09 03:17:03', NULL),
(54, 'SHIP-17012', '2025-09-09', 225135, 1780, 1, 'Ioannis Tsirikos, 3 Serepentzi street, Paleo Psichiko, Athens\n, Greece, 15452, +30 6937484480', 2100.00, 0.00, 15.00, 0.00, 2115.00, NULL, 'Immediate', 'Confirmed', 1, NULL, 'regular', 'shipping', '2025-09-09 03:17:03', '2025-09-09 03:17:03', NULL),
(55, 'INV-17015', '2025-09-09', 225136, 1453, 1, 'Mme. Celano Florence , Résidence le Grand Large\nImmeuble Thalassa\nAvenue de Revestel, Cassis, France, 13260, +33 6 46 82 18 81', 660.00, 0.00, 0.00, 0.00, 660.00, NULL, 'Immediate', 'Confirmed', 1, NULL, 'regular', 'regular', '2025-09-09 04:27:31', '2025-09-09 04:27:31', NULL),
(56, 'SHIP-17013', '2025-09-09', 225136, 1453, 1, 'Mme. Celano Florence , Résidence le Grand Large\nImmeuble Thalassa\nAvenue de Revestel, Cassis, France, 13260, +33 6 46 82 18 81', 660.00, 0.00, 0.00, 0.00, 660.00, NULL, 'Immediate', 'Confirmed', 1, NULL, 'regular', 'shipping', '2025-09-09 04:27:31', '2025-09-09 04:27:31', NULL),
(57, 'INV-17016', '2025-09-09', 225137, 1453, 1, 'Mme. Celano Florence , Résidence le Grand Large\nImmeuble Thalassa\nAvenue de Revestel, Cassis, France, 13260, +33 6 46 82 18 81', 660.00, 0.00, 15.00, 0.00, 675.00, NULL, 'Immediate', 'Confirmed', 1, NULL, 'regular', 'regular', '2025-09-09 04:54:04', '2025-09-09 04:54:04', NULL),
(58, 'SHIP-17014', '2025-09-09', 225137, 1453, 1, 'Mme. Celano Florence , Résidence le Grand Large\nImmeuble Thalassa\nAvenue de Revestel, Cassis, France, 13260, +33 6 46 82 18 81', 660.00, 0.00, 15.00, 0.00, 675.00, NULL, 'Immediate', 'Confirmed', 1, NULL, 'regular', 'shipping', '2025-09-09 04:54:04', '2025-09-09 04:54:04', NULL),
(59, 'INV-17017', '2025-09-09', 225138, 1799, 1, 'Hedef Holding , Namik Kemal  Gokalp , Agaoglu My Newwork Atasehir , İstanbul , Turkey, 34758, +90 533 2031478', 1000.00, 0.00, 0.00, 0.00, 1000.00, NULL, NULL, 'Confirmed', 1, NULL, 'regular', 'regular', '2025-09-09 19:21:19', '2025-09-09 19:21:19', NULL),
(60, 'SHIP-17015', '2025-09-09', 225138, 1799, 1, 'Hedef Holding , Namik Kemal  Gokalp , Agaoglu My Newwork Atasehir , İstanbul , Turkey, 34758, +90 533 2031478', 1000.00, 0.00, 0.00, 0.00, 1000.00, NULL, NULL, 'Confirmed', 1, NULL, 'regular', 'shipping', '2025-09-09 19:21:19', '2025-09-09 19:21:19', NULL),
(61, 'INV-17018', '2025-09-10', 225139, 1469, 1, 'N/A', 850.00, 0.00, 0.00, 0.00, 850.00, '', 'Immediate', 'Confirmed', 1, NULL, 'regular', 'regular', '2025-09-10 13:22:38', '2025-09-10 13:22:38', NULL),
(62, 'SHIP-17016', '2025-09-10', 225139, 1469, 1, 'N/A', 850.00, 0.00, 0.00, 0.00, 850.00, '', 'Immediate', 'Confirmed', 1, NULL, 'regular', 'shipping', '2025-09-10 13:22:38', '2025-09-10 13:22:38', NULL),
(63, 'INV-17019', '2025-09-10', 225140, 1800, 1, ', Sukhpal Ahluwalia, 10 Compton Avenue, , United Kingdom, N6 4LH, 07764477209', 1000.00, 0.00, 0.00, 0.00, 1000.00, NULL, NULL, 'Confirmed', 1, NULL, 'regular', 'regular', '2025-09-10 13:26:47', '2025-09-10 13:26:47', NULL),
(64, 'SHIP-17017', '2025-09-10', 225140, 1800, 1, ', Sukhpal Ahluwalia, 10 Compton Avenue, , United Kingdom, N6 4LH, 07764477209', 1000.00, 0.00, 0.00, 0.00, 1000.00, NULL, NULL, 'Confirmed', 1, NULL, 'regular', 'shipping', '2025-09-10 13:26:47', '2025-09-10 13:26:47', NULL),
(68, 'INV-17020', '2025-09-10', 225144, 1772, 1, 'PRED SOLUTIONS, Pred, 19/2, 6th main, 15th cross, Wil, India, 560030, 09972317408', 10.00, 0.00, 0.00, 0.00, 10.00, NULL, 'Standard', 'Confirmed', 1, NULL, 'regular', 'regular', '2025-09-10 14:41:45', '2025-09-10 14:41:45', NULL),
(69, 'SHIP-17018', '2025-09-10', 225144, 1772, 1, 'PRED SOLUTIONS, Pred, 19/2, 6th main, 15th cross, Wil, India, 560030, 09972317408', 10.00, 0.00, 0.00, 0.00, 10.00, NULL, 'Standard', 'Confirmed', 1, NULL, 'regular', 'shipping', '2025-09-10 14:41:45', '2025-09-10 14:41:45', NULL),
(71, 'INV-17021', '2025-09-10', 225146, 1469, 1, 'N/A', 850.00, 0.00, 20.00, 0.00, 870.00, NULL, 'Immediate', 'Confirmed', 1, NULL, 'regular', 'regular', '2025-09-10 14:49:21', '2025-09-10 14:49:21', NULL),
(72, 'SHIP-17019', '2025-09-10', 225146, 1469, 1, 'N/A', 850.00, 0.00, 20.00, 0.00, 870.00, NULL, 'Immediate', 'Confirmed', 1, NULL, 'regular', 'shipping', '2025-09-10 14:49:21', '2025-09-10 14:49:21', NULL),
(73, 'INV-17022', '2025-09-12', 225147, 1397, 1, 'PANACEA PHARMACEUTICALS LTD, Emmanuel Mantey, 103 OSHIMPA ST, GA-257-5778, NORTH KANESHIE, ACCRA, West Africa\n, Ghana, 257-5778, +233244730448', 16000.00, 0.00, 618.00, 0.00, 16618.00, NULL, 'Immediate', 'Confirmed', 1, NULL, 'regular', 'regular', '2025-09-12 03:37:26', '2025-09-12 03:37:26', NULL),
(74, 'SHIP-17020', '2025-09-12', 225147, 1397, 1, 'PANACEA PHARMACEUTICALS LTD, Emmanuel Mantey, 103 OSHIMPA ST, GA-257-5778, NORTH KANESHIE, ACCRA, West Africa\n, Ghana, 257-5778, +233244730448', 16000.00, 0.00, 618.00, 0.00, 16618.00, NULL, 'Immediate', 'Confirmed', 1, NULL, 'regular', 'shipping', '2025-09-12 03:37:26', '2025-09-12 03:37:26', NULL),
(75, 'INV-17023', '2025-09-15', 225148, 1710, 1, 'ATMOSFEERIC, Claude FOURNIER, 16 Rue Des Quilles, , France, 77700 , 33613478077', 1000.00, 0.00, 0.00, 0.00, 1000.00, NULL, NULL, 'Confirmed', 2417, NULL, 'regular', 'regular', '2025-09-15 12:26:38', '2025-09-15 12:26:38', NULL),
(76, 'SHIP-17021', '2025-09-15', 225148, 1710, 1, 'ATMOSFEERIC, Claude FOURNIER, 16 Rue Des Quilles, , France, 77700 , 33613478077', 1000.00, 0.00, 0.00, 0.00, 1000.00, NULL, NULL, 'Confirmed', 2417, NULL, 'regular', 'shipping', '2025-09-15 12:26:38', '2025-09-15 12:26:38', NULL),
(77, 'INV-17024', '2025-09-15', 225149, 1710, 1, 'ATMOSFEERIC, Claude FOURNIER, 16 Rue Des Quilles, , France, 77700 , 33613478077', 1000.00, 0.00, 0.00, 0.00, 1000.00, NULL, NULL, 'Confirmed', 2417, NULL, 'regular', 'regular', '2025-09-15 12:36:33', '2025-09-15 12:36:33', NULL),
(78, 'SHIP-17022', '2025-09-15', 225149, 1710, 1, 'ATMOSFEERIC, Claude FOURNIER, 16 Rue Des Quilles, , France, 77700 , 33613478077', 1000.00, 0.00, 0.00, 0.00, 1000.00, NULL, NULL, 'Confirmed', 2417, NULL, 'regular', 'shipping', '2025-09-15 12:36:33', '2025-09-15 12:36:33', NULL),
(79, 'INV-17025', '2025-09-16', 225150, 1529, 1, 'Bozo Vukovic, 45 Boulevard de la Croissette, Cannes, France, 06400, +33 7 88 98 92 28', 500.00, 0.00, 0.00, 0.00, 500.00, NULL, 'Immediate', 'Confirmed', 1, NULL, 'regular', 'regular', '2025-09-16 04:41:59', '2025-09-16 04:41:59', NULL),
(80, 'SHIP-17023', '2025-09-16', 225150, 1529, 1, 'Bozo Vukovic, 45 Boulevard de la Croissette, Cannes, France, 06400, +33 7 88 98 92 28', 500.00, 0.00, 0.00, 0.00, 500.00, NULL, 'Immediate', 'Confirmed', 1, NULL, 'regular', 'shipping', '2025-09-16 04:41:59', '2025-09-16 04:41:59', NULL),
(81, 'INV-17026', '2025-09-16', 225151, 1710, 1, 'ATMOSFEERIC, Claude FOURNIER, 16 Rue Des Quilles, , France, 77700 , 33613478077', 1000.00, 0.00, 0.00, 0.00, 1000.00, NULL, NULL, 'Confirmed', 2417, NULL, 'regular', 'regular', '2025-09-16 09:36:34', '2025-09-16 09:36:34', NULL),
(82, 'SHIP-17024', '2025-09-16', 225151, 1710, 1, 'ATMOSFEERIC, Claude FOURNIER, 16 Rue Des Quilles, , France, 77700 , 33613478077', 1000.00, 0.00, 0.00, 0.00, 1000.00, NULL, NULL, 'Confirmed', 2417, NULL, 'regular', 'shipping', '2025-09-16 09:36:34', '2025-09-16 09:36:34', NULL),
(83, 'INV-17027', '2025-09-17', 225152, 1594, 1, 'Angela Choong, 48A Toh Tuck Road, #04-02 Signature Park, Singapore, 596740, 6596368642', 7500.00, 0.00, 0.00, 0.00, 7500.00, NULL, 'Immediate', 'Confirmed', 1, NULL, 'regular', 'regular', '2025-09-17 05:09:28', '2025-09-17 05:09:28', NULL),
(84, 'SHIP-17025', '2025-09-17', 225152, 1594, 1, 'Angela Choong, 48A Toh Tuck Road, #04-02 Signature Park, Singapore, 596740, 6596368642', 7500.00, 0.00, 0.00, 0.00, 7500.00, NULL, 'Immediate', 'Confirmed', 1, NULL, 'regular', 'shipping', '2025-09-17 05:09:28', '2025-09-17 05:09:28', NULL),
(85, 'INV-17028', '2025-09-18', 225153, 1401, 1, 'Linc Aesthetic Clinic, Dr Patrina Wong/Florence, 541 Orchard Road, Liat Towers, #21-01/2\n, Singapore, 238881, 67320208', 5600.00, 0.00, 0.00, 0.00, 5600.00, NULL, 'Immediate', 'Confirmed', 1, NULL, 'regular', 'regular', '2025-09-18 06:51:38', '2025-09-18 06:51:38', NULL),
(86, 'SHIP-17026', '2025-09-18', 225153, 1401, 1, 'Linc Aesthetic Clinic, Dr Patrina Wong/Florence, 541 Orchard Road, Liat Towers, #21-01/2\n, Singapore, 238881, 67320208', 5600.00, 0.00, 0.00, 0.00, 5600.00, NULL, 'Immediate', 'Confirmed', 1, NULL, 'regular', 'shipping', '2025-09-18 06:51:38', '2025-09-18 06:51:38', NULL),
(87, 'INV-17029', '2025-09-18', 225154, 1469, 1, 'N/A', 1700.00, 0.00, 0.00, 0.00, 1700.00, NULL, 'Immediate', 'Confirmed', 1, NULL, 'regular', 'regular', '2025-09-18 12:32:01', '2025-09-18 12:32:01', NULL),
(88, 'SHIP-17027', '2025-09-18', 225154, 1469, 1, 'N/A', 1700.00, 0.00, 0.00, 0.00, 1700.00, NULL, 'Immediate', 'Confirmed', 1, NULL, 'regular', 'shipping', '2025-09-18 12:32:01', '2025-09-18 12:32:01', NULL),
(89, 'INV-17030', '2025-09-22', 225155, 1485, 1, 'Dr Cecil Wong, 290 Orchard Road #08-01/02, Paragon Medical Tower(Lobby 2) \n, Singapore, 309244, N/A', 6000.00, 0.00, 0.00, 0.00, 6000.00, NULL, 'Immediate', 'Confirmed', 1, NULL, 'regular', 'regular', '2025-09-22 03:02:26', '2025-09-22 03:02:26', NULL),
(90, 'SHIP-17028', '2025-09-22', 225155, 1485, 1, 'Dr Cecil Wong, 290 Orchard Road #08-01/02, Paragon Medical Tower(Lobby 2) \n, Singapore, 309244, N/A', 6000.00, 0.00, 0.00, 0.00, 6000.00, NULL, 'Immediate', 'Confirmed', 1, NULL, 'regular', 'shipping', '2025-09-22 03:02:26', '2025-09-22 03:02:26', NULL),
(91, 'INV-17031', '2025-09-22', 225156, 1801, 1, ', Wasim Albaroudi, 2371 GLENWOOD Ave, , Canada, N9E 3X7, 2262603693', 500.00, 0.00, 0.00, 0.00, 500.00, NULL, NULL, 'Confirmed', 1, NULL, 'regular', 'regular', '2025-09-22 14:48:41', '2025-09-22 14:48:41', NULL),
(92, 'SHIP-17029', '2025-09-22', 225156, 1801, 1, ', Wasim Albaroudi, 2371 GLENWOOD Ave, , Canada, N9E 3X7, 2262603693', 500.00, 0.00, 0.00, 0.00, 500.00, NULL, NULL, 'Confirmed', 1, NULL, 'regular', 'shipping', '2025-09-22 14:48:41', '2025-09-22 14:48:41', NULL),
(93, 'INV-17032', '2025-09-23', 225157, 1710, 1, 'ATMOSFEERIC, Claude FOURNIER, 16 Rue Des Quilles, , France, 77700 , 33613478077', 1000.00, 0.00, 0.00, 0.00, 1000.00, NULL, NULL, 'Confirmed', 2417, NULL, 'regular', 'regular', '2025-09-23 13:12:27', '2025-09-23 13:12:27', NULL),
(94, 'SHIP-17030', '2025-09-23', 225157, 1710, 1, 'ATMOSFEERIC, Claude FOURNIER, 16 Rue Des Quilles, , France, 77700 , 33613478077', 1000.00, 0.00, 0.00, 0.00, 1000.00, NULL, NULL, 'Confirmed', 2417, NULL, 'regular', 'shipping', '2025-09-23 13:12:27', '2025-09-23 13:12:27', NULL),
(95, 'INV-17033', '2025-09-23', 225158, 1710, 1, 'ATMOSFEERIC, Claude FOURNIER, 16 Rue Des Quilles, , France, 77700 , 33613478077', 1000.00, 0.00, 0.00, 0.00, 1000.00, NULL, NULL, 'Confirmed', 2417, NULL, 'regular', 'regular', '2025-09-23 13:14:18', '2025-09-23 13:14:18', NULL),
(96, 'SHIP-17031', '2025-09-23', 225158, 1710, 1, 'ATMOSFEERIC, Claude FOURNIER, 16 Rue Des Quilles, , France, 77700 , 33613478077', 1000.00, 0.00, 0.00, 0.00, 1000.00, NULL, NULL, 'Confirmed', 2417, NULL, 'regular', 'shipping', '2025-09-23 13:14:18', '2025-09-23 13:14:18', NULL),
(97, 'INV-17034', '2025-09-23', 225159, 1710, 1, 'ATMOSFEERIC, Claude FOURNIER, 2 Rue De La Fontaine Rouge, Chessy , France, 77700, 33613478077', 1000.00, 0.00, 0.00, 0.00, 1000.00, NULL, 'Immediate', 'Confirmed', 1, NULL, 'regular', 'regular', '2025-09-25 03:12:48', '2025-09-25 03:13:05', NULL),
(98, 'SHIP-17032', '2025-09-25', 225159, 1710, 1, 'ATMOSFEERIC, Claude FOURNIER, 2 Rue De La Fontaine Rouge, Chessy , France, 77700, 33613478077', 1000.00, 0.00, 0.00, 0.00, 1000.00, NULL, 'Immediate', 'Confirmed', 1, NULL, 'regular', 'shipping', '2025-09-25 03:12:48', '2025-09-25 03:12:48', NULL),
(99, 'INV-17035', '2025-09-25', 225160, 1795, 1, 'Ching  Mei Lim, 58 Binjai Park , Singapore, 589858, +65 96717577', 500.00, 0.00, 0.00, 0.00, 500.00, NULL, 'Immediate', 'Confirmed', 1, NULL, 'regular', 'regular', '2025-09-25 04:01:34', '2025-09-25 04:01:34', NULL),
(100, 'SHIP-17033', '2025-09-25', 225160, 1795, 1, 'Ching  Mei Lim, 58 Binjai Park , Singapore, 589858, +65 96717577', 500.00, 0.00, 0.00, 0.00, 500.00, NULL, 'Immediate', 'Confirmed', 1, NULL, 'regular', 'shipping', '2025-09-25 04:01:34', '2025-09-25 04:01:34', NULL),
(101, 'INV-17036', '2025-09-12', 225161, 1397, 1, 'PANACEA PHARMACEUTICALS LTD, Emmanuel Mantey, 103 OSHIMPA ST, GA-257-5778, NORTH KANESHIE, ACCRA, West Africa\n, Ghana, 257-5778, +233244730448', 20000.00, 0.00, 927.00, 0.00, 20927.00, NULL, 'Immediate', 'Confirmed', 1, NULL, 'regular', 'regular', '2025-09-27 05:41:47', '2025-09-27 05:42:33', NULL),
(102, 'SHIP-17034', '2025-09-27', 225161, 1397, 1, 'PANACEA PHARMACEUTICALS LTD, Emmanuel Mantey, 103 OSHIMPA ST, GA-257-5778, NORTH KANESHIE, ACCRA, West Africa\n, Ghana, 257-5778, +233244730448', 20000.00, 0.00, 927.00, 0.00, 20927.00, NULL, 'Immediate', 'Confirmed', 1, NULL, 'regular', 'shipping', '2025-09-27 05:41:47', '2025-09-27 05:41:47', NULL),
(103, 'INV-17037', '2025-10-01', 225162, 1802, 1, ', Cristiane de Moustier, Via Giovanni aldega 2 , Piano 3 pinciano, Italy, 00198, +33786452506', 1000.00, 0.00, 0.00, 0.00, 1000.00, NULL, NULL, 'Confirmed', 1, NULL, 'regular', 'regular', '2025-10-01 09:55:40', '2025-10-01 09:55:40', NULL),
(104, 'SHIP-17035', '2025-10-01', 225162, 1802, 1, ', Cristiane de Moustier, Via Giovanni aldega 2 , Piano 3 pinciano, Italy, 00198, +33786452506', 1000.00, 0.00, 0.00, 0.00, 1000.00, NULL, NULL, 'Confirmed', 1, NULL, 'regular', 'shipping', '2025-10-01 09:55:40', '2025-10-01 09:55:40', NULL),
(105, 'INV-17038', '2025-09-30', 225165, 1409, 1, 'Celergen Inc, Matt Griffiths, 166 Hargraves Dr.\nSte  #C400-346\nAustin, TX 78737, United States, 78737, 1 6105727149', 22000.00, 0.00, 0.00, 0.00, 22000.00, NULL, 'Immediate', 'Confirmed', 1, NULL, 'regular', 'regular', '2025-10-01 11:42:14', '2025-10-01 11:42:46', NULL),
(106, 'SHIP-17036', '2025-10-01', 225165, 1409, 1, 'Celergen Inc, Matt Griffiths, 166 Hargraves Dr.\nSte  #C400-346\nAustin, TX 78737, United States, 78737, 1 6105727149', 22000.00, 0.00, 0.00, 0.00, 22000.00, NULL, 'Immediate', 'Confirmed', 1, NULL, 'regular', 'shipping', '2025-10-01 11:42:14', '2025-10-01 11:42:14', NULL),
(107, 'INV-17039', '2025-09-30', 225130, 1453, 1, 'Dogus Health & Wellness AG, Michal Strasik, Chenot Palace\nHertensteinstrasse 34, 6353 Weggis, Switzerland, 6353, +41 41 255 20 00', 5500.00, 0.00, 0.00, 0.00, 5500.00, 'Generated for split quantities', NULL, 'Draft', 1, NULL, 'regular', 'regular', '2025-10-02 04:59:49', '2025-10-02 05:02:35', NULL),
(108, 'INV-17040', '2025-10-02', 225166, 1509, 1, 'Aimee Schaeffer, 2, rue du moulin, Fenetrange 57930, France, 57930, 0033683198217', 0.00, 0.00, 0.00, 0.00, 0.00, NULL, 'Immediate', 'Confirmed', 1, NULL, 'regular', 'regular', '2025-10-02 08:33:31', '2025-10-02 08:33:31', NULL),
(109, 'SHIP-17037', '2025-10-02', 225166, 1509, 1, 'Aimee Schaeffer, 2, rue du moulin, Fenetrange 57930, France, 57930, 0033683198217', 0.00, 0.00, 0.00, 0.00, 0.00, NULL, 'Immediate', 'Confirmed', 1, NULL, 'regular', 'shipping', '2025-10-02 08:33:31', '2025-10-02 08:33:31', NULL),
(110, 'INV-17041', '2025-10-02', 225167, 1794, 1, ', Lawrence Jenkins , 8358 Manitoba St. Apt. 5, , United States, 90293, 3139178595', 500.00, 0.00, 0.00, 0.00, 500.00, NULL, NULL, 'Confirmed', 1, NULL, 'regular', 'regular', '2025-10-02 19:56:19', '2025-10-02 19:56:19', NULL),
(111, 'SHIP-17038', '2025-10-02', 225167, 1794, 1, ', Lawrence Jenkins , 8358 Manitoba St. Apt. 5, , United States, 90293, 3139178595', 500.00, 0.00, 0.00, 0.00, 500.00, NULL, NULL, 'Confirmed', 1, NULL, 'regular', 'shipping', '2025-10-02 19:56:19', '2025-10-02 19:56:19', NULL),
(112, 'INV-17042', '2025-10-02', 225168, 1794, 1, ', Lawrence Jenkins , 8358 Manitoba St. Apt. 5, , United States, 90293, 3139178595', 500.00, 0.00, 0.00, 0.00, 500.00, NULL, NULL, 'Confirmed', 1, NULL, 'regular', 'regular', '2025-10-02 20:00:55', '2025-10-02 20:00:55', NULL),
(113, 'SHIP-17039', '2025-10-02', 225168, 1794, 1, ', Lawrence Jenkins , 8358 Manitoba St. Apt. 5, , United States, 90293, 3139178595', 500.00, 0.00, 0.00, 0.00, 500.00, NULL, NULL, 'Confirmed', 1, NULL, 'regular', 'shipping', '2025-10-02 20:00:55', '2025-10-02 20:00:55', NULL),
(114, 'INV-17043', '2025-10-09', 225169, 1453, 1, 'Dogus Health & Wellness AG, Michal Strasik, Chenot Palace\nHertensteinstrasse 34, 6353 Weggis, Switzerland, 6353, +41 41 255 20 00', 23680.00, 0.00, 0.00, 0.00, 23680.00, NULL, 'Immediate', 'Confirmed', 1, NULL, 'regular', 'regular', '2025-10-09 03:34:24', '2025-10-09 03:34:24', NULL),
(115, 'SHIP-17040', '2025-10-09', 225169, 1453, 1, 'Dogus Health & Wellness AG, Michal Strasik, Chenot Palace\nHertensteinstrasse 34, 6353 Weggis, Switzerland, 6353, +41 41 255 20 00', 23680.00, 0.00, 0.00, 0.00, 23680.00, NULL, 'Immediate', 'Confirmed', 1, NULL, 'regular', 'shipping', '2025-10-09 03:34:24', '2025-10-09 03:34:24', NULL),
(116, 'INV-17044', '2025-10-09', 225170, 1453, 1, 'Dogus Health & Wellness AG, Michal Strasik, Chenot Palace\nHertensteinstrasse 34, 6353 Weggis, Switzerland, 6353, +41 41 255 20 00', 20680.00, 0.00, 0.00, 0.00, 20680.00, NULL, 'Immediate', 'Confirmed', 1, NULL, 'regular', 'regular', '2025-10-09 03:41:06', '2025-10-09 03:41:06', NULL),
(117, 'SHIP-17041', '2025-10-09', 225170, 1453, 1, 'Dogus Health & Wellness AG, Michal Strasik, Chenot Palace\nHertensteinstrasse 34, 6353 Weggis, Switzerland, 6353, +41 41 255 20 00', 20680.00, 0.00, 0.00, 0.00, 20680.00, NULL, 'Immediate', 'Confirmed', 1, NULL, 'regular', 'shipping', '2025-10-09 03:41:06', '2025-10-09 03:41:06', NULL),
(118, 'INV-17045', '2025-10-09', 225171, 1804, 1, ', Rena Kirdar, 17 sloane avenue , , United Kingdom, Sw3 3jd , 07881662901', 1000.00, 0.00, 0.00, 0.00, 1000.00, NULL, NULL, 'Confirmed', 2506, NULL, 'regular', 'regular', '2025-10-09 16:27:13', '2025-10-09 16:27:13', NULL),
(119, 'SHIP-17042', '2025-10-09', 225171, 1804, 1, ', Rena Kirdar, 17 sloane avenue , , United Kingdom, Sw3 3jd , 07881662901', 1000.00, 0.00, 0.00, 0.00, 1000.00, NULL, NULL, 'Confirmed', 2506, NULL, 'regular', 'shipping', '2025-10-09 16:27:13', '2025-10-09 16:27:13', NULL),
(120, 'INV-17046', '2025-10-09', 225172, 1804, 1, ', Rena Kirdar, 17 sloane avenue , , United Kingdom, Sw3 3jd , 07881662901', 1000.00, 0.00, 0.00, 0.00, 1000.00, NULL, NULL, 'Confirmed', 2506, NULL, 'regular', 'regular', '2025-10-09 16:28:53', '2025-10-09 16:28:53', NULL),
(121, 'SHIP-17043', '2025-10-09', 225172, 1804, 1, ', Rena Kirdar, 17 sloane avenue , , United Kingdom, Sw3 3jd , 07881662901', 1000.00, 0.00, 0.00, 0.00, 1000.00, NULL, NULL, 'Confirmed', 2506, NULL, 'regular', 'shipping', '2025-10-09 16:28:53', '2025-10-09 16:28:53', NULL),
(122, 'INV-17047', '2025-10-10', 225173, 1805, 1, 'Effarizan  Melissa, Blk 44 Keppel Bay Drive, #08-117, Singapore, 098657, +65 8316 3210', 1500.00, 0.00, 0.00, 0.00, 1500.00, NULL, 'Immediate', 'Confirmed', 1, NULL, 'regular', 'regular', '2025-10-10 03:35:05', '2025-10-10 03:35:05', NULL),
(123, 'SHIP-17044', '2025-10-10', 225173, 1805, 1, 'Effarizan  Melissa, Blk 44 Keppel Bay Drive, #08-117, Singapore, 098657, +65 8316 3210', 1500.00, 0.00, 0.00, 0.00, 1500.00, NULL, 'Immediate', 'Confirmed', 1, NULL, 'regular', 'shipping', '2025-10-10 03:35:05', '2025-10-10 03:35:05', NULL),
(124, 'INV-17048', '2025-10-10', 225174, 1805, 2, 'Effarizan  Melissa, Blk 44 Keppel Bay Drive, #08-117, Singapore, 098657, +65 8316 3210', 1500.00, 0.00, 0.00, 0.00, 1500.00, NULL, 'Immediate', 'Confirmed', 1, NULL, 'regular', 'regular', '2025-10-10 05:19:44', '2025-10-10 05:19:44', NULL),
(125, 'SHIP-17045', '2025-10-10', 225174, 1805, 2, 'Effarizan  Melissa, Blk 44 Keppel Bay Drive, #08-117, Singapore, 098657, +65 8316 3210', 1500.00, 0.00, 0.00, 0.00, 1500.00, NULL, 'Immediate', 'Confirmed', 1, NULL, 'regular', 'shipping', '2025-10-10 05:19:44', '2025-10-10 05:19:44', NULL),
(126, 'INV-17049', '2025-10-12', 225175, 1705, 1, ', Angeliki Asimakopoulou, Mikras Asias 6, Argyroupoli, , Greece, 16452, 6982103891', 500.00, 0.00, 0.00, 0.00, 500.00, NULL, NULL, 'Confirmed', 2412, NULL, 'regular', 'regular', '2025-10-12 12:09:26', '2025-10-12 12:09:26', NULL),
(127, 'SHIP-17046', '2025-10-12', 225175, 1705, 1, ', Angeliki Asimakopoulou, Mikras Asias 6, Argyroupoli, , Greece, 16452, 6982103891', 500.00, 0.00, 0.00, 0.00, 500.00, NULL, NULL, 'Confirmed', 2412, NULL, 'regular', 'shipping', '2025-10-12 12:09:26', '2025-10-12 12:09:26', NULL);

-- --------------------------------------------------------

--
-- Table structure for table `order_invoice_details`
--

CREATE TABLE `order_invoice_details` (
  `id` bigint UNSIGNED NOT NULL,
  `order_invoice_id` bigint UNSIGNED NOT NULL,
  `product_id` bigint UNSIGNED NOT NULL,
  `unit_price` decimal(10,2) NOT NULL,
  `quantity` int NOT NULL,
  `delivered_quantity` int NOT NULL DEFAULT '0',
  `invoiced_quantity` int NOT NULL DEFAULT '0',
  `sample_quantity` int NOT NULL DEFAULT '0',
  `discount` decimal(10,2) NOT NULL DEFAULT '0.00',
  `total` decimal(10,2) NOT NULL,
  `manual_product_name` varchar(100) CHARACTER SET utf8mb4 COLLATE utf8mb4_unicode_ci DEFAULT NULL,
  `created_at` timestamp NULL DEFAULT NULL,
  `updated_at` timestamp NULL DEFAULT NULL
) ENGINE=InnoDB DEFAULT CHARSET=utf8mb4 COLLATE=utf8mb4_unicode_ci;

--
-- Dumping data for table `order_invoice_details`
--

INSERT INTO `order_invoice_details` (`id`, `order_invoice_id`, `product_id`, `unit_price`, `quantity`, `delivered_quantity`, `invoiced_quantity`, `sample_quantity`, `discount`, `total`, `manual_product_name`, `created_at`, `updated_at`) VALUES
(1, 1, 2, 500.00, 6, 6, 6, 0, 0.00, 3000.00, NULL, '2025-08-13 19:42:47', '2025-08-13 19:42:47'),
(2, 2, 2, 10.00, 6, 6, 6, 0, 0.00, 60.00, NULL, '2025-08-13 19:42:47', '2025-08-13 19:42:47'),
(3, 3, 2, 500.00, 6, 6, 6, 0, 0.00, 3000.00, '', '2025-08-15 01:53:39', '2025-08-15 01:53:39'),
(4, 3, 3, 0.00, 1, 1, 1, 0, 0.00, 0.00, '', '2025-08-15 01:53:39', '2025-08-15 01:53:39'),
(5, 4, 2, 10.00, 6, 6, 6, 0, 0.00, 60.00, '', '2025-08-15 01:53:39', '2025-08-15 01:53:39'),
(6, 4, 3, 10.00, 1, 1, 1, 0, 0.00, 10.00, '', '2025-08-15 01:53:39', '2025-08-15 01:53:39'),
(7, 5, 2, 500.00, 1, 1, 1, 0, 0.00, 500.00, '', '2025-08-15 03:17:40', '2025-08-15 03:17:40'),
(8, 6, 2, 10.00, 1, 1, 1, 0, 0.00, 10.00, '', '2025-08-15 03:17:40', '2025-08-15 03:17:40'),
(9, 7, 2, 500.00, 6, 6, 6, 0, 0.00, 3000.00, NULL, '2025-08-17 16:58:44', '2025-08-17 16:58:44'),
(10, 8, 2, 10.00, 6, 6, 6, 0, 0.00, 60.00, NULL, '2025-08-17 16:58:44', '2025-08-17 16:58:44'),
(11, 9, 2, 500.00, 1, 1, 1, 0, 0.00, 500.00, NULL, '2025-08-19 13:41:45', '2025-08-19 13:41:45'),
(12, 10, 2, 10.00, 1, 1, 1, 0, 0.00, 10.00, NULL, '2025-08-19 13:41:45', '2025-08-19 13:41:45'),
(13, 11, 2, 250.00, 4, 4, 4, 0, 0.00, 1000.00, '', '2025-08-25 03:54:05', '2025-08-25 03:54:05'),
(14, 11, 1, 0.00, 1, 1, 1, 0, 0.00, 0.00, 'Complimentary  CEL-10 (will be deducted from Celergen inventory)', '2025-08-25 03:54:05', '2025-08-25 03:54:05'),
(15, 12, 2, 10.00, 4, 4, 4, 0, 0.00, 40.00, '', '2025-08-25 03:54:05', '2025-08-25 03:54:05'),
(16, 12, 1, 10.00, 1, 1, 1, 0, 0.00, 10.00, 'Complimentary  CEL-10 (will be deducted from Celergen inventory)', '2025-08-25 03:54:05', '2025-08-25 03:54:05'),
(17, 13, 2, 170.00, 100, 100, 100, 0, 0.00, 17000.00, '', '2025-08-25 06:25:58', '2025-08-25 06:25:58'),
(18, 13, 2, 0.00, 10, 10, 10, 0, 0.00, 0.00, '10% free boxes ', '2025-08-25 06:25:58', '2025-08-25 06:25:58'),
(19, 14, 2, 10.00, 100, 100, 100, 0, 0.00, 1000.00, '', '2025-08-25 06:25:58', '2025-08-25 06:25:58'),
(20, 14, 2, 10.00, 10, 10, 10, 0, 0.00, 100.00, '10% free boxes ', '2025-08-25 06:25:58', '2025-08-25 06:25:58'),
(21, 15, 2, 170.00, 100, 100, 100, 0, 0.00, 17000.00, '', '2025-08-25 14:32:40', '2025-08-25 14:32:40'),
(22, 15, 2, 0.00, 10, 10, 10, 0, 0.00, 0.00, '10% free goods', '2025-08-25 14:32:40', '2025-08-25 14:32:40'),
(23, 16, 2, 10.00, 100, 100, 100, 0, 0.00, 1000.00, '', '2025-08-25 14:32:40', '2025-08-25 14:32:40'),
(24, 16, 2, 10.00, 10, 10, 10, 0, 0.00, 100.00, '10% free goods', '2025-08-25 14:32:40', '2025-08-25 14:32:40'),
(25, 17, 1, 0.00, 1, 1, 1, 0, 0.00, 0.00, 'Net Balance Stock 979', '2025-08-25 14:49:52', '2025-08-25 14:49:52'),
(26, 18, 1, 10.00, 1, 1, 1, 0, 0.00, 10.00, 'Net Balance Stock 979', '2025-08-25 14:49:52', '2025-08-25 14:49:52'),
(27, 19, 2, 500.00, 1, 1, 1, 0, 0.00, 500.00, NULL, '2025-08-25 19:46:42', '2025-08-25 19:46:42'),
(28, 20, 2, 10.00, 1, 1, 1, 0, 0.00, 10.00, NULL, '2025-08-25 19:46:42', '2025-08-25 19:46:42'),
(29, 21, 2, 500.00, 1, 1, 1, 0, 0.00, 500.00, '', '2025-08-26 03:58:54', '2025-08-26 03:58:54'),
(30, 22, 2, 10.00, 1, 1, 1, 0, 0.00, 10.00, '', '2025-08-26 03:58:54', '2025-08-26 03:58:54'),
(31, 23, 2, 500.00, 1, 1, 1, 0, 0.00, 500.00, NULL, '2025-08-26 04:07:37', '2025-08-26 04:07:37'),
(32, 24, 2, 10.00, 1, 1, 1, 0, 0.00, 10.00, NULL, '2025-08-26 04:07:37', '2025-08-26 04:07:37'),
(33, 25, 2, 500.00, 1, 1, 1, 0, 0.00, 500.00, NULL, '2025-08-26 11:50:36', '2025-08-26 11:50:36'),
(34, 26, 2, 10.00, 1, 1, 1, 0, 0.00, 10.00, NULL, '2025-08-26 11:50:36', '2025-08-26 11:50:36'),
(35, 27, 2, 500.00, 1, 1, 1, 0, 0.00, 500.00, NULL, '2025-08-26 11:51:59', '2025-08-26 11:51:59'),
(36, 28, 2, 10.00, 1, 1, 1, 0, 0.00, 10.00, NULL, '2025-08-26 11:51:59', '2025-08-26 11:51:59'),
(37, 29, 2, 2500.00, 27, 27, 27, 0, 0.00, 67500.00, '', '2025-08-27 04:29:59', '2025-08-27 04:29:59'),
(38, 30, 2, 10.00, 27, 27, 27, 0, 0.00, 270.00, '', '2025-08-27 04:29:59', '2025-08-27 04:29:59'),
(39, 31, 2, 220.00, 117, 117, 117, 0, 0.00, 25740.00, '', '2025-08-28 13:08:25', '2025-08-28 13:08:25'),
(40, 32, 2, 10.00, 117, 117, 117, 0, 0.00, 1170.00, '', '2025-08-28 13:08:25', '2025-08-28 13:08:25'),
(41, 33, 2, 220.00, 117, 117, 117, 0, 0.00, 25740.00, '', '2025-08-28 13:10:35', '2025-08-28 13:10:35'),
(42, 34, 2, 10.00, 117, 117, 117, 0, 0.00, 1170.00, '', '2025-08-28 13:10:35', '2025-08-28 13:10:35'),
(43, 35, 2, 220.00, 111, 111, 111, 0, 0.00, 24420.00, '', '2025-08-29 03:25:50', '2025-08-29 03:25:50'),
(44, 35, 2, 0.00, 6, 6, 6, 0, 0.00, 0.00, 'Complimentary', '2025-08-29 03:25:50', '2025-08-29 03:25:50'),
(45, 36, 2, 10.00, 111, 111, 111, 0, 0.00, 1110.00, '', '2025-08-29 03:25:50', '2025-08-29 03:25:50'),
(46, 36, 2, 10.00, 6, 6, 6, 0, 0.00, 60.00, 'Complimentary', '2025-08-29 03:25:50', '2025-08-29 03:25:50'),
(47, 37, 2, 220.00, 111, 111, 111, 0, 0.00, 24420.00, '', '2025-08-29 03:28:54', '2025-08-29 03:28:54'),
(48, 37, 2, 0.00, 6, 6, 6, 0, 0.00, 0.00, 'Complimentary', '2025-08-29 03:28:54', '2025-08-29 03:28:54'),
(49, 38, 2, 10.00, 111, 111, 111, 0, 0.00, 1110.00, '', '2025-08-29 03:28:54', '2025-08-29 03:28:54'),
(50, 38, 2, 10.00, 6, 6, 6, 0, 0.00, 60.00, 'Complimentary', '2025-08-29 03:28:54', '2025-08-29 03:28:54'),
(51, 39, 2, 220.00, 111, 111, 111, 0, 0.00, 24420.00, '', '2025-08-29 03:32:39', '2025-08-29 03:32:39'),
(52, 39, 2, 0.00, 6, 6, 6, 0, 0.00, 0.00, 'Complimentary', '2025-08-29 03:32:39', '2025-08-29 03:32:39'),
(53, 40, 2, 10.00, 111, 111, 111, 0, 0.00, 1110.00, '', '2025-08-29 03:32:39', '2025-08-29 03:32:39'),
(54, 40, 2, 10.00, 6, 6, 6, 0, 0.00, 60.00, 'Complimentary', '2025-08-29 03:32:39', '2025-08-29 03:32:39'),
(55, 41, 2, 220.00, 6, 0, 6, 0, 0.00, 1320.00, '', '2025-08-29 03:33:58', '2025-08-29 03:33:58'),
(56, 41, 2, 0.00, 3, 0, 3, 0, 0.00, 0.00, 'Complimentary', '2025-08-29 03:33:58', '2025-08-29 03:33:58'),
(57, 42, 2, 220.00, 111, 111, 111, 0, 0.00, 24420.00, '', '2025-08-29 03:37:06', '2025-08-29 03:37:06'),
(58, 42, 2, 0.00, 6, 6, 6, 0, 0.00, 0.00, 'Complimentary', '2025-08-29 03:37:06', '2025-08-29 03:37:06'),
(59, 43, 2, 10.00, 111, 111, 111, 0, 0.00, 1110.00, '', '2025-08-29 03:37:06', '2025-08-29 03:37:06'),
(60, 43, 2, 10.00, 6, 6, 6, 0, 0.00, 60.00, 'Complimentary', '2025-08-29 03:37:06', '2025-08-29 03:37:06'),
(61, 44, 2, 220.00, 6, 0, 6, 0, 0.00, 1320.00, '', '2025-08-29 03:37:45', '2025-08-29 03:37:45'),
(62, 44, 2, 0.00, 3, 0, 3, 0, 0.00, 0.00, 'Complimentary', '2025-08-29 03:37:45', '2025-08-29 03:37:45'),
(63, 45, 2, 220.00, 2, 2, 2, 0, 0.00, 440.00, '', '2025-09-01 05:17:33', '2025-09-01 05:17:33'),
(64, 46, 2, 10.00, 2, 2, 2, 0, 0.00, 20.00, '', '2025-09-01 05:17:33', '2025-09-01 05:17:33'),
(65, 47, 2, 500.00, 1, 1, 1, 0, 0.00, 500.00, NULL, '2025-09-01 15:45:40', '2025-09-01 15:45:40'),
(66, 48, 2, 10.00, 1, 1, 1, 0, 0.00, 10.00, NULL, '2025-09-01 15:45:40', '2025-09-01 15:45:40'),
(67, 49, 2, 8224.30, 50, 50, 50, 0, 0.00, 411215.00, '', '2025-09-04 08:42:33', '2025-09-04 08:42:33'),
(68, 49, 2, 0.00, 5, 5, 5, 0, 0.00, 0.00, '', '2025-09-04 08:42:33', '2025-09-04 08:42:33'),
(69, 50, 2, 10.00, 50, 50, 50, 0, 0.00, 500.00, '', '2025-09-04 08:42:33', '2025-09-04 08:42:33'),
(70, 50, 2, 10.00, 5, 5, 5, 0, 0.00, 50.00, '', '2025-09-04 08:42:33', '2025-09-04 08:42:33'),
(71, 51, 2, 82.70, 1890, 1890, 1890, 0, 0.00, 156303.00, '', '2025-09-08 07:31:11', '2025-09-08 07:31:11'),
(72, 52, 2, 10.00, 1890, 1890, 1890, 0, 0.00, 18900.00, '', '2025-09-08 07:31:11', '2025-09-08 07:31:11'),
(73, 53, 2, 210.00, 10, 10, 10, 0, 0.00, 2100.00, '', '2025-09-09 03:17:03', '2025-09-09 03:17:03'),
(74, 53, 2, 0.00, 1, 1, 1, 0, 0.00, 0.00, '', '2025-09-09 03:17:03', '2025-09-09 03:17:03'),
(75, 54, 2, 10.00, 10, 10, 10, 0, 0.00, 100.00, '', '2025-09-09 03:17:03', '2025-09-09 03:17:03'),
(76, 54, 2, 10.00, 1, 1, 1, 0, 0.00, 10.00, '', '2025-09-09 03:17:03', '2025-09-09 03:17:03'),
(77, 55, 2, 220.00, 3, 3, 3, 0, 0.00, 660.00, '', '2025-09-09 04:27:31', '2025-09-09 04:27:31'),
(78, 56, 2, 10.00, 3, 3, 3, 0, 0.00, 30.00, '', '2025-09-09 04:27:31', '2025-09-09 04:27:31'),
(79, 57, 2, 220.00, 3, 3, 3, 0, 0.00, 660.00, '', '2025-09-09 04:54:04', '2025-09-09 04:54:04'),
(80, 58, 2, 10.00, 3, 3, 3, 0, 0.00, 30.00, '', '2025-09-09 04:54:04', '2025-09-09 04:54:04'),
(81, 59, 2, 500.00, 2, 2, 2, 0, 0.00, 1000.00, NULL, '2025-09-09 19:21:19', '2025-09-09 19:21:19'),
(82, 60, 2, 10.00, 2, 2, 2, 0, 0.00, 20.00, NULL, '2025-09-09 19:21:19', '2025-09-09 19:21:19'),
(83, 61, 2, 170.00, 5, 5, 5, 0, 0.00, 850.00, '', '2025-09-10 13:22:38', '2025-09-10 13:22:38'),
(84, 61, 1, 0.00, 1, 1, 1, 0, 0.00, 0.00, 'Shipped 5 boxes toSiri Chilazi 30 Dalton Street, Apt. 1507 Boston, MA 02115 U.S.A. +1-857-928-0101', '2025-09-10 13:22:38', '2025-09-10 13:22:38'),
(85, 62, 2, 10.00, 5, 5, 5, 0, 0.00, 50.00, '', '2025-09-10 13:22:38', '2025-09-10 13:22:38'),
(86, 62, 1, 10.00, 1, 1, 1, 0, 0.00, 10.00, 'Shipped 5 boxes toSiri Chilazi 30 Dalton Street, Apt. 1507 Boston, MA 02115 U.S.A. +1-857-928-0101', '2025-09-10 13:22:38', '2025-09-10 13:22:38'),
(87, 63, 2, 500.00, 2, 2, 2, 0, 0.00, 1000.00, NULL, '2025-09-10 13:26:47', '2025-09-10 13:26:47'),
(88, 64, 2, 10.00, 2, 2, 2, 0, 0.00, 20.00, NULL, '2025-09-10 13:26:47', '2025-09-10 13:26:47'),
(95, 68, 1, 10.00, 1, 1, 1, 0, 0.00, 10.00, 'test', '2025-09-10 14:41:45', '2025-09-10 14:41:45'),
(96, 69, 1, 10.00, 1, 1, 1, 0, 0.00, 10.00, 'test', '2025-09-10 14:41:45', '2025-09-10 14:41:45'),
(97, 71, 10, 170.00, 5, 5, 5, 0, 0.00, 850.00, '', '2025-09-10 14:49:21', '2025-09-10 14:49:21'),
(98, 71, 1, 0.00, 1, 1, 1, 0, 0.00, 0.00, 'Shipped to US GstaadSiri Chilazi 30 Dalton Street, Apt. 1507 Boston, MA 02115 U.S.A. +1-857-928-0101', '2025-09-10 14:49:21', '2025-09-10 14:49:21'),
(99, 72, 10, 10.00, 5, 5, 5, 0, 0.00, 50.00, '', '2025-09-10 14:49:21', '2025-09-10 14:49:21'),
(100, 72, 1, 10.00, 1, 1, 1, 0, 0.00, 10.00, 'Shipped to US GstaadSiri Chilazi 30 Dalton Street, Apt. 1507 Boston, MA 02115 U.S.A. +1-857-928-0101', '2025-09-10 14:49:21', '2025-09-10 14:49:21'),
(101, 73, 2, 160.00, 100, 100, 100, 0, 0.00, 16000.00, '', '2025-09-12 03:37:26', '2025-09-12 03:37:26'),
(102, 74, 2, 10.00, 100, 100, 100, 0, 0.00, 1000.00, '', '2025-09-12 03:37:26', '2025-09-12 03:37:26'),
(103, 75, 2, 500.00, 2, 2, 2, 0, 0.00, 1000.00, NULL, '2025-09-15 12:26:38', '2025-09-15 12:26:38'),
(104, 76, 2, 10.00, 2, 2, 2, 0, 0.00, 20.00, NULL, '2025-09-15 12:26:38', '2025-09-15 12:26:38'),
(105, 77, 2, 500.00, 2, 2, 2, 0, 0.00, 1000.00, NULL, '2025-09-15 12:36:33', '2025-09-15 12:36:33'),
(106, 78, 2, 10.00, 2, 2, 2, 0, 0.00, 20.00, NULL, '2025-09-15 12:36:33', '2025-09-15 12:36:33'),
(107, 79, 2, 500.00, 1, 1, 1, 0, 0.00, 500.00, '', '2025-09-16 04:41:59', '2025-09-16 04:41:59'),
(108, 80, 2, 10.00, 1, 1, 1, 0, 0.00, 10.00, '', '2025-09-16 04:41:59', '2025-09-16 04:41:59'),
(109, 81, 2, 500.00, 2, 2, 2, 0, 0.00, 1000.00, NULL, '2025-09-16 09:36:34', '2025-09-16 09:36:34'),
(110, 82, 2, 10.00, 2, 2, 2, 0, 0.00, 20.00, NULL, '2025-09-16 09:36:34', '2025-09-16 09:36:34'),
(111, 83, 2, 300.00, 25, 25, 25, 0, 0.00, 7500.00, '', '2025-09-17 05:09:28', '2025-09-17 05:09:28'),
(112, 84, 2, 10.00, 25, 25, 25, 0, 0.00, 250.00, '', '2025-09-17 05:09:28', '2025-09-17 05:09:28'),
(113, 85, 2, 280.00, 20, 20, 20, 0, 0.00, 5600.00, '', '2025-09-18 06:51:38', '2025-09-18 06:51:38'),
(114, 86, 2, 10.00, 20, 20, 20, 0, 0.00, 200.00, '', '2025-09-18 06:51:38', '2025-09-18 06:51:38'),
(115, 87, 2, 170.00, 10, 10, 10, 0, 0.00, 1700.00, '', '2025-09-18 12:32:01', '2025-09-18 12:32:01'),
(116, 88, 2, 10.00, 10, 10, 10, 0, 0.00, 100.00, '', '2025-09-18 12:32:01', '2025-09-18 12:32:01'),
(117, 89, 2, 300.00, 20, 20, 20, 0, 0.00, 6000.00, '', '2025-09-22 03:02:26', '2025-09-22 03:02:26'),
(118, 90, 2, 10.00, 20, 20, 20, 0, 0.00, 200.00, '', '2025-09-22 03:02:26', '2025-09-22 03:02:26'),
(119, 91, 2, 500.00, 1, 1, 1, 0, 0.00, 500.00, NULL, '2025-09-22 14:48:41', '2025-09-22 14:48:41'),
(120, 92, 2, 10.00, 1, 1, 1, 0, 0.00, 10.00, NULL, '2025-09-22 14:48:41', '2025-09-22 14:48:41'),
(121, 93, 2, 500.00, 2, 2, 2, 0, 0.00, 1000.00, NULL, '2025-09-23 13:12:27', '2025-09-23 13:12:27'),
(122, 94, 2, 10.00, 2, 2, 2, 0, 0.00, 20.00, NULL, '2025-09-23 13:12:27', '2025-09-23 13:12:27'),
(123, 95, 2, 500.00, 2, 2, 2, 0, 0.00, 1000.00, NULL, '2025-09-23 13:14:18', '2025-09-23 13:14:18'),
(124, 96, 2, 10.00, 2, 2, 2, 0, 0.00, 20.00, NULL, '2025-09-23 13:14:18', '2025-09-23 13:14:18'),
(125, 97, 2, 500.00, 2, 2, 2, 0, 0.00, 1000.00, '', '2025-09-25 03:12:48', '2025-09-25 03:12:48'),
(126, 98, 2, 10.00, 2, 2, 2, 0, 0.00, 20.00, '', '2025-09-25 03:12:48', '2025-09-25 03:12:48'),
(127, 99, 2, 500.00, 1, 1, 1, 0, 0.00, 500.00, '', '2025-09-25 04:01:34', '2025-09-25 04:01:34'),
(128, 99, 4, 0.00, 1, 1, 1, 0, 0.00, 0.00, '', '2025-09-25 04:01:34', '2025-09-25 04:01:34'),
(129, 100, 2, 10.00, 1, 1, 1, 0, 0.00, 10.00, '', '2025-09-25 04:01:34', '2025-09-25 04:01:34'),
(130, 100, 4, 10.00, 1, 1, 1, 0, 0.00, 10.00, '', '2025-09-25 04:01:34', '2025-09-25 04:01:34'),
(131, 101, 2, 160.00, 125, 125, 125, 0, 0.00, 20000.00, '', '2025-09-27 05:41:47', '2025-09-27 05:41:47'),
(132, 102, 2, 10.00, 125, 125, 125, 0, 0.00, 1250.00, '', '2025-09-27 05:41:47', '2025-09-27 05:41:47'),
(133, 103, 2, 500.00, 2, 2, 2, 0, 0.00, 1000.00, NULL, '2025-10-01 09:55:40', '2025-10-01 09:55:40'),
(134, 104, 2, 10.00, 2, 2, 2, 0, 0.00, 20.00, NULL, '2025-10-01 09:55:40', '2025-10-01 09:55:40'),
(135, 105, 2, 110.00, 200, 200, 200, 0, 0.00, 22000.00, '', '2025-10-01 11:42:14', '2025-10-01 11:42:14'),
(136, 105, 2, 0.00, 10, 10, 10, 0, 0.00, 0.00, 'Stocks Replacement', '2025-10-01 11:42:14', '2025-10-01 11:42:14'),
(137, 106, 2, 10.00, 200, 200, 200, 0, 0.00, 2000.00, '', '2025-10-01 11:42:14', '2025-10-01 11:42:14'),
(138, 106, 2, 10.00, 10, 10, 10, 0, 0.00, 100.00, 'Stocks Replacement', '2025-10-01 11:42:14', '2025-10-01 11:42:14'),
(139, 107, 2, 220.00, 25, 0, 25, 0, 0.00, 5500.00, '', '2025-10-02 04:59:49', '2025-10-02 04:59:49'),
(140, 108, 10, 0.00, 8, 8, 8, 0, 0.00, 0.00, '', '2025-10-02 08:33:31', '2025-10-02 08:33:31'),
(141, 109, 10, 10.00, 8, 8, 8, 0, 0.00, 80.00, '', '2025-10-02 08:33:31', '2025-10-02 08:33:31'),
(142, 110, 2, 500.00, 1, 1, 1, 0, 0.00, 500.00, NULL, '2025-10-02 19:56:19', '2025-10-02 19:56:19'),
(143, 111, 2, 10.00, 1, 1, 1, 0, 0.00, 10.00, NULL, '2025-10-02 19:56:19', '2025-10-02 19:56:19'),
(144, 112, 2, 500.00, 1, 1, 1, 0, 0.00, 500.00, NULL, '2025-10-02 20:00:55', '2025-10-02 20:00:55'),
(145, 113, 2, 10.00, 1, 1, 1, 0, 0.00, 10.00, NULL, '2025-10-02 20:00:55', '2025-10-02 20:00:55'),
(146, 114, 2, 220.00, 94, 94, 94, 0, 0.00, 20680.00, '', '2025-10-09 03:34:24', '2025-10-09 03:34:24'),
(147, 114, 2, 500.00, 6, 6, 6, 0, 0.00, 3000.00, '', '2025-10-09 03:34:24', '2025-10-09 03:34:24'),
(148, 115, 2, 10.00, 94, 94, 94, 0, 0.00, 940.00, '', '2025-10-09 03:34:24', '2025-10-09 03:34:24'),
(149, 115, 2, 10.00, 6, 6, 6, 0, 0.00, 60.00, '', '2025-10-09 03:34:24', '2025-10-09 03:34:24'),
(150, 116, 2, 220.00, 94, 94, 94, 0, 0.00, 20680.00, '', '2025-10-09 03:41:06', '2025-10-09 03:41:06'),
(151, 116, 2, 0.00, 6, 6, 6, 0, 0.00, 0.00, '', '2025-10-09 03:41:06', '2025-10-09 03:41:06'),
(152, 117, 2, 10.00, 94, 94, 94, 0, 0.00, 940.00, '', '2025-10-09 03:41:06', '2025-10-09 03:41:06'),
(153, 117, 2, 10.00, 6, 6, 6, 0, 0.00, 60.00, '', '2025-10-09 03:41:06', '2025-10-09 03:41:06'),
(154, 118, 2, 500.00, 2, 2, 2, 0, 0.00, 1000.00, NULL, '2025-10-09 16:27:13', '2025-10-09 16:27:13'),
(155, 119, 2, 10.00, 2, 2, 2, 0, 0.00, 20.00, NULL, '2025-10-09 16:27:13', '2025-10-09 16:27:13'),
(156, 120, 2, 500.00, 2, 2, 2, 0, 0.00, 1000.00, NULL, '2025-10-09 16:28:53', '2025-10-09 16:28:53'),
(157, 121, 2, 10.00, 2, 2, 2, 0, 0.00, 20.00, NULL, '2025-10-09 16:28:53', '2025-10-09 16:28:53'),
(158, 122, 2, 500.00, 3, 3, 3, 0, 0.00, 1500.00, '', '2025-10-10 03:35:05', '2025-10-10 03:35:05'),
(159, 122, 3, 0.00, 1, 1, 1, 0, 0.00, 0.00, '', '2025-10-10 03:35:05', '2025-10-10 03:35:05'),
(160, 122, 4, 0.00, 1, 1, 1, 0, 0.00, 0.00, '', '2025-10-10 03:35:05', '2025-10-10 03:35:05'),
(161, 123, 2, 10.00, 3, 3, 3, 0, 0.00, 30.00, '', '2025-10-10 03:35:05', '2025-10-10 03:35:05'),
(162, 123, 3, 10.00, 1, 1, 1, 0, 0.00, 10.00, '', '2025-10-10 03:35:05', '2025-10-10 03:35:05'),
(163, 123, 4, 10.00, 1, 1, 1, 0, 0.00, 10.00, '', '2025-10-10 03:35:05', '2025-10-10 03:35:05'),
(164, 124, 2, 500.00, 3, 3, 3, 0, 0.00, 1500.00, '', '2025-10-10 05:19:44', '2025-10-10 05:19:44'),
(165, 124, 3, 0.00, 1, 1, 1, 0, 0.00, 0.00, '', '2025-10-10 05:19:44', '2025-10-10 05:19:44'),
(166, 124, 4, 0.00, 1, 1, 1, 0, 0.00, 0.00, '', '2025-10-10 05:19:44', '2025-10-10 05:19:44'),
(167, 125, 2, 10.00, 3, 3, 3, 0, 0.00, 30.00, '', '2025-10-10 05:19:44', '2025-10-10 05:19:44'),
(168, 125, 3, 10.00, 1, 1, 1, 0, 0.00, 10.00, '', '2025-10-10 05:19:44', '2025-10-10 05:19:44'),
(169, 125, 4, 10.00, 1, 1, 1, 0, 0.00, 10.00, '', '2025-10-10 05:19:44', '2025-10-10 05:19:44'),
(170, 126, 2, 500.00, 1, 1, 1, 0, 0.00, 500.00, NULL, '2025-10-12 12:09:26', '2025-10-12 12:09:26'),
(171, 127, 2, 10.00, 1, 1, 1, 0, 0.00, 10.00, NULL, '2025-10-12 12:09:26', '2025-10-12 12:09:26');

-- --------------------------------------------------------

--
-- Table structure for table `order_master`
--

CREATE TABLE `order_master` (
  `order_id` bigint UNSIGNED NOT NULL,
  `order_number` varchar(20) CHARACTER SET utf8mb4 COLLATE utf8mb4_unicode_ci DEFAULT NULL,
  `order_date` date NOT NULL,
  `customer_id` bigint UNSIGNED NOT NULL,
  `entity_id` bigint UNSIGNED NOT NULL,
  `currency_id` bigint UNSIGNED DEFAULT NULL,
  `shipping_address` varchar(255) CHARACTER SET utf8mb4 COLLATE utf8mb4_unicode_ci NOT NULL,
  `subtotal` decimal(10,2) NOT NULL,
  `discount` decimal(10,2) NOT NULL DEFAULT '0.00',
  `freight` decimal(10,2) NOT NULL DEFAULT '0.00',
  `tax` decimal(10,2) NOT NULL DEFAULT '0.00',
  `total` decimal(10,2) NOT NULL,
  `remarks` text CHARACTER SET utf8mb4 COLLATE utf8mb4_unicode_ci,
  `payment_mode` enum('Credit Card','Bank Transfer','Cash') CHARACTER SET utf8mb4 COLLATE utf8mb4_unicode_ci NOT NULL,
  `order_status` enum('Pending','Paid','Cancelled','Sales Transfered to US','FOC') CHARACTER SET utf8mb4 COLLATE utf8mb4_unicode_ci NOT NULL DEFAULT 'Pending' COMMENT '''Pending'',''Paid'',''Cancelled'',''Sales Transfered to US'',''FOC''',
  `order_type` enum('Regular','Zero Value','Partial','Online','Offline') CHARACTER SET utf8mb4 COLLATE utf8mb4_unicode_ci NOT NULL DEFAULT 'Regular',
  `workflow_type` enum('standard','multi_delivery','consignment') CHARACTER SET utf8mb4 COLLATE utf8mb4_unicode_ci NOT NULL DEFAULT 'standard',
  `parent_order_id` bigint UNSIGNED DEFAULT NULL,
  `is_initial_consignment` tinyint(1) NOT NULL DEFAULT '0',
  `total_order_quantity` decimal(10,2) DEFAULT NULL,
  `remaining_quantity` decimal(10,2) DEFAULT NULL,
  `is_generated` tinyint(1) NOT NULL DEFAULT '0',
  `actual_freight` varchar(255) CHARACTER SET utf8mb4 COLLATE utf8mb4_unicode_ci DEFAULT NULL,
  `created_by` bigint UNSIGNED NOT NULL,
  `modified_by` bigint UNSIGNED DEFAULT NULL,
  `payment_terms` varchar(255) CHARACTER SET utf8mb4 COLLATE utf8mb4_unicode_ci DEFAULT NULL,
  `delivery_status` enum('Pending','Shipped','Delivered','Cancelled') CHARACTER SET utf8mb4 COLLATE utf8mb4_unicode_ci NOT NULL DEFAULT 'Pending',
  `created_at` timestamp NULL DEFAULT NULL,
  `updated_at` timestamp NULL DEFAULT NULL,
  `deleted_at` timestamp NULL DEFAULT NULL,
  `use_billing_as_shipping` tinyint(1) DEFAULT '0'
) ENGINE=InnoDB DEFAULT CHARSET=utf8mb4 COLLATE=utf8mb4_unicode_ci;

--
-- Dumping data for table `order_master`
--

INSERT INTO `order_master` (`order_id`, `order_number`, `order_date`, `customer_id`, `entity_id`, `currency_id`, `shipping_address`, `subtotal`, `discount`, `freight`, `tax`, `total`, `remarks`, `payment_mode`, `order_status`, `order_type`, `workflow_type`, `parent_order_id`, `is_initial_consignment`, `total_order_quantity`, `remaining_quantity`, `is_generated`, `actual_freight`, `created_by`, `modified_by`, `payment_terms`, `delivery_status`, `created_at`, `updated_at`, `deleted_at`, `use_billing_as_shipping`) VALUES
(1, '20250001', '2025-08-13', 1783, 1, 3, 'BAA Trading Ltd, Peter Acquah, Cambelle Chemist, 83-85 Boundfield Rd, United Kingdom, SE6 1PH, 07940965371', 3000.00, 0.00, 0.00, 0.00, 3000.00, NULL, 'Credit Card', 'Paid', 'Online', 'standard', NULL, 0, NULL, NULL, 1, NULL, 2485, 1, NULL, 'Delivered', '2025-08-13 19:42:47', '2025-08-25 09:31:06', NULL, 1),
(225111, '20250002', '2025-08-15', 1784, 1, 3, 'John Docherty, c/o D Global Solutions DMCC , Office no. 1102, JBC 1 Building, Cluster G, JLT, Dubai, 191968 , +971506975887', 3000.00, 0.00, 0.00, 0.00, 3000.00, NULL, 'Bank Transfer', 'Paid', 'Offline', 'standard', NULL, 0, NULL, NULL, 1, '0', 2485, NULL, 'Immediate', 'Delivered', '2025-08-15 01:12:47', '2025-08-19 03:08:26', NULL, 1),
(225112, '20250002', '2025-08-15', 1789, 1, 3, 'Ogyeabour Barima, John Allotey & Associates, P.O. BOX 884, ADUM, KUMASI, Ghana, 00233, +233202541010', 500.00, 0.00, 0.00, 0.00, 500.00, NULL, 'Credit Card', 'Cancelled', 'Online', 'standard', NULL, 0, NULL, NULL, 1, '0', 1789, 1, NULL, 'Pending', '2025-08-15 04:12:47', '2025-08-18 07:09:36', NULL, 1),
(225113, '20250003', '2025-08-17', 1790, 1, 3, ', Gustavo Anguiano Putz, 4500 Gulf Blvd South Padre Island Tx , Apt 701, United States, 78597, 8117999181', 3000.00, 0.00, 0.00, 0.00, 3000.00, NULL, 'Credit Card', 'Paid', 'Online', 'standard', NULL, 0, NULL, NULL, 1, NULL, 2492, 1, NULL, 'Delivered', '2025-08-17 16:58:44', '2025-08-25 03:38:59', NULL, 1),
(225114, '20250004', '2025-08-19', 1705, 1, 3, ', Angeliki Asimakopoulou, Mikras Asias 6, Argyroupoli, , Greece, 16452, 6982103891', 500.00, 0.00, 0.00, 0.00, 500.00, NULL, 'Credit Card', 'Paid', 'Online', 'standard', NULL, 0, NULL, NULL, 1, NULL, 2412, 1, NULL, 'Delivered', '2025-08-19 13:41:45', '2025-08-28 03:22:30', NULL, 0),
(225115, '20250005', '2025-08-21', 1793, 1, 1, 'Mega Pharma (Pvt) Ltd. , S.A.M Peries (Sam), 93/5, Dutugemunu Street,\nColombo 06, Sri Lanka, +94 77 7755443', 1000.00, 0.00, 0.00, 0.00, 1000.00, NULL, 'Cash', 'Paid', 'Offline', 'standard', NULL, 0, NULL, NULL, 1, '0', 1, 1, 'Immediate', 'Delivered', '2025-08-25 03:54:05', '2025-08-25 04:09:13', NULL, 0),
(225116, '20250006', '2025-08-25', 1469, 1, 1, 'Iroh 2000, Rahel Iroh, Regensbergstrasse 49, Zurich, Switzerland, 8050, +41 793327441', 17000.00, 0.00, 0.00, 0.00, 17000.00, '', 'Bank Transfer', 'Paid', 'Offline', 'standard', NULL, 0, NULL, NULL, 1, '0', 1, 1, 'Immediate', 'Delivered', '2025-08-25 06:25:58', '2025-09-17 04:09:27', NULL, 0),
(225117, '20250007', '2025-08-25', 1469, 1, 1, 'Iroh 2000, Rahel Iroh, Regensbergstrasse 49, Zurich, Switzerland, 8050, +41 793327441', 17000.00, 0.00, 0.00, 0.00, 17000.00, 'Balance inventory as of 25 August is 979', 'Bank Transfer', 'Cancelled', 'Offline', 'standard', NULL, 0, NULL, NULL, 1, '0', 1, 1, 'Immediate', 'Pending', '2025-08-25 14:32:40', '2025-08-26 04:30:29', NULL, 0),
(225118, '20250008', '2025-08-25', 1469, 1, 1, 'Iroh 2000, Rahel Iroh, Regensbergstrasse 49, Zurich, Switzerland, 8050, +41 793327441', 0.00, 0.00, 0.00, 0.00, 0.00, NULL, 'Bank Transfer', 'Cancelled', 'Offline', 'standard', NULL, 0, NULL, NULL, 1, '0', 1, 1, 'Immediate', 'Pending', '2025-08-25 14:49:52', '2025-08-26 04:30:12', NULL, 0),
(225119, '20250009', '2025-08-25', 1794, 1, 3, ', Lawrence Jenkins, 8358 Manitoba St., Apt. 5, United States, 90293, 3139178595', 500.00, 0.00, 0.00, 0.00, 500.00, NULL, 'Credit Card', 'Cancelled', 'Online', 'standard', NULL, 0, NULL, NULL, 1, NULL, 2496, 1, NULL, 'Pending', '2025-08-25 19:46:42', '2025-09-03 08:45:59', NULL, 0),
(225120, '20250010', '2025-08-26', 1795, 1, 3, 'Ching  Mei Lim, 58 Binjai Park , Singapore, 589858, +65 96717577', 500.00, 0.00, 0.00, 0.00, 500.00, NULL, 'Bank Transfer', 'Paid', 'Offline', 'standard', NULL, 0, NULL, NULL, 1, '0', 1, 1, 'Immediate', 'Delivered', '2025-08-26 03:58:54', '2025-08-29 03:15:42', NULL, 0),
(225121, '20250011', '2025-08-26', 1796, 1, 3, ', BALA SUNDFAR, 10, east street, , India, 10096, 05554441234', 500.00, 0.00, 0.00, 0.00, 500.00, NULL, 'Credit Card', 'Cancelled', 'Online', 'standard', NULL, 0, NULL, NULL, 1, NULL, 2498, 1, NULL, 'Pending', '2025-08-26 04:07:37', '2025-09-03 08:46:22', NULL, 1),
(225122, '20250012', '2025-08-26', 1509, 1, 3, ', Su Ying Ong, 66 Toh Tuck Road 08-13, Highgate Condo Lift No. 4, Singapore, 596730, 97361209', 500.00, 0.00, 0.00, 0.00, 500.00, NULL, 'Credit Card', 'Cancelled', 'Online', 'standard', NULL, 0, NULL, NULL, 1, NULL, 2216, 1, NULL, 'Pending', '2025-08-26 11:50:36', '2025-09-02 07:16:41', NULL, 1),
(225123, '20250013', '2025-08-26', 1509, 1, 3, ', Su Ying Ong, 66 Toh Tuck Road 08-13, Highgate Condo Lift No. 4, Singapore, 596730, 97361209', 500.00, 0.00, 0.00, 0.00, 500.00, NULL, 'Credit Card', 'Cancelled', 'Online', 'standard', NULL, 0, NULL, NULL, 1, NULL, 2216, 1, NULL, 'Pending', '2025-08-26 11:51:59', '2025-09-03 08:46:48', NULL, 1),
(225124, '20250014', '2025-08-27', 1778, 1, 5, 'Klinik Eksekufit Jakarta, Amyra De Costa, Jl Minangkabau Barat No. 17B, RT. 6/RW. 8, Ps Manggis, Kecamatan Setiabudi, Kuningan, Dearah Khusus, Ibukota, Jakarta\n, Indonesia, 12970, +62 8118135058', 67500.00, 0.00, 0.00, 0.00, 67500.00, NULL, 'Bank Transfer', 'Paid', 'Offline', 'standard', NULL, 0, NULL, NULL, 1, '0', 1, 1, 'Immediate', 'Delivered', '2025-08-27 04:29:59', '2025-09-03 08:16:56', NULL, 0),
(225125, '20250015', '2025-08-28', 1453, 1, 1, 'Michal Strasik, Dogus Health and Wellness AG \nHertensteinstrasse 34, 6353 Weggis, Switzerland, 6353, +41 41 255 20 00', 25740.00, 0.00, 0.00, 0.00, 25740.00, NULL, 'Bank Transfer', 'Cancelled', 'Offline', 'standard', NULL, 0, NULL, NULL, 1, '0', 1, 1, 'Immediate', 'Pending', '2025-08-28 13:08:25', '2025-08-28 13:08:59', NULL, 0),
(225126, '20250016', '2025-08-28', 1453, 1, 1, 'Michal Strasik, Dogus Health and Wellness AG \nHertensteinstrasse 34, 6353 Weggis, Switzerland, 6353, +41 41 255 20 00', 25740.00, 0.00, 0.00, 0.00, 25740.00, NULL, 'Bank Transfer', 'Cancelled', 'Offline', 'consignment', NULL, 0, NULL, NULL, 1, '0', 1, 1, 'Immediate', 'Pending', '2025-08-28 13:10:35', '2025-08-28 13:12:53', NULL, 0),
(225127, '20250017', '2025-08-29', 1453, 1, 1, 'Dogus Health & Wellness AG, Michal Strasik, Dogus Health and Wellness AG \nChenot Palace\nHertensteinstrasse 34, 6353 Weggis, Switzerland, 6353, +41 41 255 20 00', 24420.00, 0.00, 0.00, 0.00, 24420.00, NULL, 'Bank Transfer', 'Cancelled', 'Offline', 'consignment', NULL, 0, NULL, NULL, 1, '0', 1, 1, 'Immediate', 'Pending', '2025-08-29 03:25:50', '2025-08-29 03:27:36', NULL, 0),
(225128, '20250018', '2025-08-29', 1453, 1, 1, 'Dogus Health & Wellness AG, Michal Strasik, Chenot Palace\nHertensteinstrasse 34, 6353 Weggis, Switzerland, 6353, +41 41 255 20 00', 24420.00, 0.00, 0.00, 0.00, 24420.00, NULL, 'Bank Transfer', 'Cancelled', 'Offline', 'consignment', NULL, 0, NULL, NULL, 1, '0', 1, 1, 'Immediate', 'Pending', '2025-08-29 03:28:54', '2025-08-29 03:31:34', NULL, 0),
(225129, '20250019', '2025-08-29', 1453, 1, 1, 'Dogus Health & Wellness AG, Michal Strasik, Chenot Palace\n\nHertensteinstrasse 34, 6353 Weggis, Switzerland, 6353, +41 41 255 20 00', 24420.00, 0.00, 0.00, 0.00, 24420.00, NULL, 'Bank Transfer', 'Cancelled', 'Offline', 'consignment', NULL, 0, NULL, NULL, 1, '0', 1, 1, 'Immediate', 'Pending', '2025-08-29 03:32:39', '2025-08-29 03:35:55', NULL, 0),
(225130, '20250020', '2025-08-29', 1453, 1, 1, 'Dogus Health & Wellness AG, Michal Strasik, Chenot Palace\nHertensteinstrasse 34, 6353 Weggis, Switzerland, 6353, +41 41 255 20 00', 24420.00, 0.00, 0.00, 0.00, 24420.00, NULL, 'Bank Transfer', 'Pending', 'Offline', 'consignment', NULL, 0, NULL, NULL, 1, '0', 1, 1, 'Immediate', 'Pending', '2025-08-29 03:37:06', '2025-08-29 03:37:06', NULL, 0),
(225131, '20250021', '2025-09-01', 1453, 1, 1, ' Mrs Nguyen Lan, 1712, 28 Harbour Street,\nSydney, NSW, Australia, 2000, +61 422 652 185', 440.00, 0.00, 60.00, 0.00, 500.00, NULL, 'Bank Transfer', 'Paid', 'Offline', 'standard', NULL, 0, NULL, NULL, 1, '0', 1, 1, 'Immediate', 'Delivered', '2025-09-01 05:17:33', '2025-09-10 13:41:49', NULL, 0),
(225132, '20250022', '2025-09-01', 1797, 1, 3, ', Alanood Alattiya , Street 983 Zone 51, House 38, Qatar, 0000, +97455227885', 500.00, 0.00, 0.00, 0.00, 500.00, NULL, 'Credit Card', 'Paid', 'Online', 'standard', NULL, 0, NULL, NULL, 1, NULL, 2499, 2499, NULL, 'Delivered', '2025-09-01 15:45:40', '2025-09-08 07:50:45', NULL, 0),
(225133, '20250023', '2025-09-04', 1396, 3, 6, 'Vitallife Corporation Limited, Vitallife -, 210 Sukhumvit Soi1, Sukhumvit, Road, Klongtoey Nua, Wattana, Thailand, 10110, 6626672340', 411215.00, 0.00, 0.00, 28785.05, 440000.05, NULL, 'Bank Transfer', 'Pending', 'Offline', 'standard', NULL, 0, NULL, NULL, 1, '0', 1, 1, 'Immediate', 'Pending', '2025-09-04 08:42:33', '2025-09-04 08:42:33', NULL, 0),
(225134, '20250024', '2025-09-05', 1798, 1, 1, 'Suisse Laboratories Cell Therapy, Inc.,  , Unit 8A, 3rd Floor, Il Terrazzo Mall\n305 Tomas Morato corner Scout Madrinan Street\nQuezon City\n, Philippines, South Triangle 1103,  +63 917 8002582', 156303.00, 0.00, 0.00, 0.00, 156303.00, NULL, 'Bank Transfer', 'Paid', 'Offline', 'standard', NULL, 0, NULL, NULL, 1, '0', 1, 1, 'Immediate', 'Delivered', '2025-09-08 07:31:11', '2025-09-08 07:42:49', NULL, 0),
(225135, '20250025', '2025-09-09', 1780, 1, 4, 'Ioannis Tsirikos, 3 Serepentzi street, Paleo Psichiko, Athens\n, Greece, 15452, +30 6937484480', 2100.00, 0.00, 15.00, 0.00, 2115.00, NULL, 'Bank Transfer', 'Pending', 'Offline', 'standard', NULL, 0, NULL, NULL, 1, '0', 1, 1, 'Immediate', 'Pending', '2025-09-09 03:17:03', '2025-09-09 03:17:03', NULL, 0),
(225136, '20250026', '2025-09-09', 1453, 1, 1, 'Mme. Celano Florence , Résidence le Grand Large\nImmeuble Thalassa\nAvenue de Revestel, Cassis, France, 13260, +33 6 46 82 18 81', 660.00, 0.00, 0.00, 0.00, 660.00, NULL, 'Bank Transfer', 'Cancelled', 'Offline', 'standard', NULL, 0, NULL, NULL, 1, '0', 1, 1, 'Immediate', 'Pending', '2025-09-09 04:27:31', '2025-09-09 04:53:24', NULL, 0),
(225137, '20250027', '2025-09-09', 1453, 1, 1, 'Mme. Celano Florence , Résidence le Grand Large\nImmeuble Thalassa\nAvenue de Revestel, Cassis, France, 13260, +33 6 46 82 18 81', 660.00, 0.00, 15.00, 0.00, 675.00, NULL, 'Bank Transfer', 'Paid', 'Offline', 'standard', NULL, 0, NULL, NULL, 1, '0', 1, 1, 'Immediate', 'Delivered', '2025-09-09 04:54:04', '2025-09-17 04:10:55', NULL, 0),
(225138, '20250028', '2025-09-09', 1799, 1, 3, 'Hedef Holding , Namik Kemal  Gokalp , Agaoglu My Newwork Atasehir , İstanbul , Turkey, 34758, +90 533 2031478', 1000.00, 0.00, 0.00, 0.00, 1000.00, NULL, 'Credit Card', 'Cancelled', 'Online', 'standard', NULL, 0, NULL, NULL, 1, NULL, 2501, 1, NULL, 'Pending', '2025-09-09 19:21:19', '2025-09-17 04:17:35', NULL, 1),
(225139, '20250029', '2025-09-10', 1469, 1, 1, 'N/A', 850.00, 0.00, 0.00, 0.00, 850.00, '', 'Bank Transfer', 'Cancelled', 'Offline', 'standard', NULL, 0, NULL, NULL, 1, '0', 1, 1, 'Immediate', 'Pending', '2025-09-10 13:22:38', '2025-09-10 14:01:05', NULL, 0),
(225140, '20250030', '2025-09-10', 1800, 1, 3, ', Sukhpal Ahluwalia, 10 Compton Avenue, , United Kingdom, N6 4LH, 07764477209', 1000.00, 0.00, 0.00, 0.00, 1000.00, NULL, 'Credit Card', 'Paid', 'Online', 'standard', NULL, 0, NULL, NULL, 1, NULL, 2502, NULL, NULL, 'Delivered', '2025-09-10 13:26:47', '2025-09-16 03:11:44', NULL, 0),
(225141, '20250031', '2025-09-10', 1469, 1, 1, 'N/A', 850.00, 0.00, 0.00, 0.00, 850.00, NULL, 'Bank Transfer', 'Cancelled', 'Offline', 'standard', NULL, 0, NULL, NULL, 0, '0', 1, 1, 'Immediate', 'Pending', '2025-09-10 14:28:54', '2025-09-10 14:29:38', NULL, 0),
(225142, '20250032', '2025-09-10', 1469, 1, 1, 'N/A', 850.00, 0.00, 20.00, 0.00, 870.00, NULL, 'Bank Transfer', 'Cancelled', 'Offline', 'standard', NULL, 0, NULL, NULL, 0, '0', 1, 1, 'Immediate', 'Pending', '2025-09-10 14:31:43', '2025-09-10 14:35:19', NULL, 0),
(225143, '20250033', '2025-09-10', 1469, 1, 1, 'N/A', 850.00, 0.00, 20.00, 0.00, 870.00, NULL, 'Bank Transfer', 'Cancelled', 'Offline', 'standard', NULL, 0, NULL, NULL, 0, '0', 1, 1, 'Immediate', 'Pending', '2025-09-10 14:38:11', '2025-09-10 14:46:25', NULL, 0),
(225144, '20250034', '2025-09-10', 1772, 1, 1, 'PRED SOLUTIONS, Pred, 19/2, 6th main, 15th cross, Wil, India, 560030, 09972317408', 10.00, 0.00, 0.00, 0.00, 10.00, NULL, 'Bank Transfer', 'Cancelled', 'Offline', 'standard', NULL, 0, NULL, NULL, 1, '0', 1, 1, 'Standard', 'Pending', '2025-09-10 14:41:45', '2025-09-10 14:45:35', NULL, 0),
(225145, '20250035', '2025-09-10', 1772, 1, 1, 'N/A', 10.00, 0.00, 0.00, 0.00, 10.00, NULL, 'Bank Transfer', 'Cancelled', 'Offline', 'standard', NULL, 0, NULL, NULL, 0, '0', 1, 1, 'Standard', 'Pending', '2025-09-10 14:43:12', '2025-09-10 14:46:03', NULL, 0),
(225146, '20250036', '2025-09-10', 1469, 1, 1, 'N/A', 850.00, 0.00, 20.00, 0.00, 870.00, NULL, 'Bank Transfer', 'Paid', 'Offline', 'standard', NULL, 0, NULL, NULL, 1, '0', 1, 1, 'Immediate', 'Delivered', '2025-09-10 14:49:21', '2025-10-08 07:32:17', NULL, 0),
(225147, '20250037', '2025-09-12', 1397, 1, 1, 'PANACEA PHARMACEUTICALS LTD, Emmanuel Mantey, 103 OSHIMPA ST, GA-257-5778, NORTH KANESHIE, ACCRA, West Africa\n, Ghana, 257-5778, +233244730448', 16000.00, 0.00, 618.00, 0.00, 16618.00, NULL, 'Bank Transfer', 'Cancelled', 'Offline', 'standard', NULL, 0, NULL, NULL, 1, '0', 1, 1, 'Immediate', 'Pending', '2025-09-12 03:37:26', '2025-09-27 05:38:09', NULL, 0),
(225148, '20250038', '2025-09-15', 1710, 1, 3, 'ATMOSFEERIC, Claude FOURNIER, 16 Rue Des Quilles, , France, 77700 , 33613478077', 1000.00, 0.00, 0.00, 0.00, 1000.00, NULL, 'Credit Card', 'Cancelled', 'Online', 'standard', NULL, 0, NULL, NULL, 1, NULL, 2417, 1, NULL, 'Pending', '2025-09-15 12:26:38', '2025-09-17 04:12:36', NULL, 1),
(225149, '20250039', '2025-09-15', 1710, 1, 3, 'ATMOSFEERIC, Claude FOURNIER, 16 Rue Des Quilles, , France, 77700 , 33613478077', 1000.00, 0.00, 0.00, 0.00, 1000.00, NULL, 'Credit Card', 'Cancelled', 'Online', 'standard', NULL, 0, NULL, NULL, 1, NULL, 2417, 1, NULL, 'Pending', '2025-09-15 12:36:33', '2025-09-17 04:12:24', NULL, 1),
(225150, '20250040', '2025-09-16', 1529, 1, 3, 'Bozo Vukovic, 45 Boulevard de la Croissette, Cannes, France, 06400, +33 7 88 98 92 28', 500.00, 0.00, 0.00, 0.00, 500.00, NULL, 'Bank Transfer', 'Paid', 'Offline', 'standard', NULL, 0, NULL, NULL, 1, '0', 1, 1, 'Immediate', 'Delivered', '2025-09-16 04:41:59', '2025-09-19 02:27:08', NULL, 0),
(225151, '20250041', '2025-09-16', 1710, 1, 3, 'ATMOSFEERIC, Claude FOURNIER, 16 Rue Des Quilles, , France, 77700 , 33613478077', 1000.00, 0.00, 0.00, 0.00, 1000.00, NULL, 'Credit Card', 'Cancelled', 'Online', 'standard', NULL, 0, NULL, NULL, 1, NULL, 2417, 1, NULL, 'Pending', '2025-09-16 09:36:34', '2025-09-17 04:13:07', NULL, 1),
(225152, '20250042', '2025-09-17', 1594, 1, 2, 'Angela Choong, 48A Toh Tuck Road, #04-02 Signature Park, Singapore, 596740, 6596368642', 7500.00, 0.00, 0.00, 0.00, 7500.00, NULL, 'Bank Transfer', 'Pending', 'Offline', 'standard', NULL, 0, NULL, NULL, 1, '0', 1, 1, 'Immediate', 'Delivered', '2025-09-17 05:09:28', '2025-09-29 08:54:02', NULL, 0),
(225153, '20250043', '2025-09-18', 1401, 1, 2, 'Linc Aesthetic Clinic, Dr Patrina Wong/Florence, 541 Orchard Road, Liat Towers, #21-01/2\n, Singapore, 238881, 67320208', 5600.00, 0.00, 0.00, 0.00, 5600.00, NULL, 'Bank Transfer', 'Paid', 'Offline', 'standard', NULL, 0, NULL, NULL, 1, '0', 1, 1, 'Immediate', 'Delivered', '2025-09-18 06:51:38', '2025-10-02 07:40:56', NULL, 0),
(225154, '20250044', '2025-09-18', 1469, 1, 1, 'N/A', 1700.00, 0.00, 0.00, 0.00, 1700.00, NULL, 'Bank Transfer', 'Paid', 'Offline', 'standard', NULL, 0, NULL, NULL, 1, '0', 1, 1, 'Immediate', 'Delivered', '2025-09-18 12:32:01', '2025-10-08 07:31:32', NULL, 0),
(225155, '20250045', '2025-09-22', 1485, 1, 2, 'Dr Cecil Wong, 290 Orchard Road #08-01/02, Paragon Medical Tower(Lobby 2) \n, Singapore, 309244, N/A', 6000.00, 0.00, 0.00, 0.00, 6000.00, NULL, 'Bank Transfer', 'Paid', 'Offline', 'standard', NULL, 0, NULL, NULL, 1, '0', 1, 1, 'Immediate', 'Delivered', '2025-09-22 03:02:26', '2025-09-23 03:43:37', NULL, 0),
(225156, '20250046', '2025-09-22', 1801, 1, 3, ', Wasim Albaroudi, 2371 GLENWOOD Ave, , Canada, N9E 3X7, 2262603693', 500.00, 0.00, 0.00, 0.00, 500.00, NULL, 'Credit Card', 'Cancelled', 'Online', 'standard', NULL, 0, NULL, NULL, 1, NULL, 2503, 1, NULL, 'Pending', '2025-09-22 14:48:41', '2025-09-24 03:06:47', NULL, 0),
(225157, '20250047', '2025-09-23', 1710, 1, 3, 'ATMOSFEERIC, Claude FOURNIER, 16 Rue Des Quilles, , France, 77700 , 33613478077', 1000.00, 0.00, 0.00, 0.00, 1000.00, NULL, 'Credit Card', 'Cancelled', 'Online', 'standard', NULL, 0, NULL, NULL, 1, NULL, 2417, 1, NULL, 'Pending', '2025-09-23 13:12:27', '2025-09-24 03:07:57', NULL, 1),
(225158, '20250048', '2025-09-23', 1710, 1, 3, 'ATMOSFEERIC, Claude FOURNIER, 16 Rue Des Quilles, , France, 77700 , 33613478077', 1000.00, 0.00, 0.00, 0.00, 1000.00, NULL, 'Credit Card', 'Cancelled', 'Online', 'standard', NULL, 0, NULL, NULL, 1, NULL, 2417, 1, NULL, 'Pending', '2025-09-23 13:14:18', '2025-09-25 03:11:42', NULL, 1),
(225159, '20250049', '2025-09-23', 1710, 1, 3, 'ATMOSFEERIC, Claude FOURNIER, 2 Rue De La Fontaine Rouge, Chessy , France, 77700, 33613478077', 1000.00, 0.00, 0.00, 0.00, 1000.00, NULL, 'Bank Transfer', 'Paid', 'Offline', 'standard', NULL, 0, NULL, NULL, 1, '0', 1, 1, 'Immediate', 'Pending', '2025-09-25 03:12:48', '2025-09-25 03:13:48', NULL, 0),
(225160, '20250050', '2025-09-25', 1795, 1, 3, 'Ching  Mei Lim, 58 Binjai Park , Singapore, 589858, +65 96717577', 500.00, 0.00, 0.00, 0.00, 500.00, NULL, 'Bank Transfer', 'Paid', 'Offline', 'standard', NULL, 0, NULL, NULL, 1, '0', 1, 1, 'Immediate', 'Pending', '2025-09-25 04:01:34', '2025-09-25 04:18:35', NULL, 0),
(225161, '20250051', '2025-09-12', 1397, 1, 1, 'PANACEA PHARMACEUTICALS LTD, Emmanuel Mantey, 103 OSHIMPA ST, GA-257-5778, NORTH KANESHIE, ACCRA, West Africa\n, Ghana, 257-5778, +233244730448', 20000.00, 0.00, 927.00, 0.00, 20927.00, NULL, 'Bank Transfer', 'Paid', 'Offline', 'standard', NULL, 0, NULL, NULL, 1, '0', 1, 1, 'Immediate', 'Shipped', '2025-09-27 05:41:47', '2025-09-29 07:30:11', NULL, 0),
(225162, '20250052', '2025-10-01', 1802, 1, 3, ', Cristiane de Moustier, Via Giovanni aldega 2 , Piano 3 pinciano, Italy, 00198, +33786452506', 1000.00, 0.00, 0.00, 0.00, 1000.00, NULL, 'Credit Card', 'Paid', 'Online', 'standard', NULL, 0, NULL, NULL, 1, NULL, 2504, NULL, NULL, 'Delivered', '2025-10-01 09:55:40', '2025-10-09 04:53:27', NULL, 0),
(225165, '20250053', '2025-09-30', 1409, 1, 1, 'Celergen Inc, Matt Griffiths, 166 Hargraves Dr.\nSte  #C400-346\nAustin, TX 78737, United States, 78737, 1 6105727149', 22000.00, 0.00, 0.00, 0.00, 22000.00, NULL, 'Bank Transfer', 'Paid', 'Offline', 'standard', NULL, 0, NULL, NULL, 1, '0', 1, 1, 'Immediate', 'Pending', '2025-10-01 11:42:14', '2025-10-06 04:35:44', NULL, 0),
(225166, '20250054', '2025-10-02', 1509, 1, 1, 'Aimee Schaeffer, 2, rue du moulin, Fenetrange 57930, France, 57930, 0033683198217', 0.00, 0.00, 0.00, 0.00, 0.00, NULL, 'Bank Transfer', 'FOC', 'Offline', 'standard', NULL, 0, NULL, NULL, 1, '0', 1, 1, 'Immediate', 'Delivered', '2025-10-02 08:33:31', '2025-10-06 04:13:58', NULL, 0),
(225167, '20250055', '2025-10-02', 1794, 1, 3, ', Lawrence Jenkins , 8358 Manitoba St. Apt. 5, , United States, 90293, 3139178595', 500.00, 0.00, 0.00, 0.00, 500.00, NULL, 'Credit Card', 'Cancelled', 'Online', 'standard', NULL, 0, NULL, NULL, 1, NULL, 2496, 1, NULL, 'Pending', '2025-10-02 19:56:19', '2025-10-06 04:36:17', NULL, 1),
(225168, '20250056', '2025-10-02', 1794, 1, 3, ', Lawrence Jenkins , 8358 Manitoba St. Apt. 5, , United States, 90293, 3139178595', 500.00, 0.00, 0.00, 0.00, 500.00, NULL, 'Credit Card', 'Cancelled', 'Online', 'standard', NULL, 0, NULL, NULL, 1, NULL, 2496, 1, NULL, 'Pending', '2025-10-02 20:00:55', '2025-10-06 04:36:07', NULL, 1),
(225169, '20250057', '2025-10-09', 1453, 1, 1, 'Dogus Health & Wellness AG, Michal Strasik, Chenot Palace\nHertensteinstrasse 34, 6353 Weggis, Switzerland, 6353, +41 41 255 20 00', 23680.00, 0.00, 0.00, 0.00, 23680.00, NULL, 'Bank Transfer', 'Cancelled', 'Offline', 'consignment', NULL, 0, NULL, NULL, 1, '0', 1, 1, 'Immediate', 'Pending', '2025-10-09 03:34:24', '2025-10-09 03:40:01', NULL, 0),
(225170, '20250058', '2025-10-09', 1453, 1, 1, 'Dogus Health & Wellness AG, Michal Strasik, Chenot Palace\nHertensteinstrasse 34, 6353 Weggis, Switzerland, 6353, +41 41 255 20 00', 20680.00, 0.00, 0.00, 0.00, 20680.00, NULL, 'Bank Transfer', 'Pending', 'Offline', 'consignment', NULL, 0, NULL, NULL, 1, '0', 1, 1, 'Immediate', 'Delivered', '2025-10-09 03:41:06', '2025-10-09 04:24:06', NULL, 0),
(225171, '20250059', '2025-10-09', 1804, 1, 3, ', Rena Kirdar, 17 sloane avenue , , United Kingdom, Sw3 3jd , 07881662901', 1000.00, 0.00, 0.00, 0.00, 1000.00, NULL, 'Credit Card', 'Cancelled', 'Online', 'standard', NULL, 0, NULL, NULL, 1, NULL, 2506, 1, NULL, 'Pending', '2025-10-09 16:27:13', '2025-10-10 02:29:11', NULL, 1),
(225172, '20250060', '2025-10-09', 1804, 1, 3, ', Rena Kirdar, 17 sloane avenue , , United Kingdom, Sw3 3jd , 07881662901', 1000.00, 0.00, 0.00, 0.00, 1000.00, NULL, 'Credit Card', 'Paid', 'Online', 'standard', NULL, 0, NULL, NULL, 1, NULL, 2506, 2506, NULL, 'Pending', '2025-10-09 16:28:53', '2025-10-09 16:29:11', NULL, 1),
(225173, '20250061', '2025-10-10', 1805, 1, 2, 'Effarizan  Melissa, Blk 44 Keppel Bay Drive, #08-117, Singapore, 098657, +65 8316 3210', 1500.00, 0.00, 0.00, 0.00, 1500.00, NULL, 'Bank Transfer', 'Cancelled', 'Offline', 'standard', NULL, 0, NULL, NULL, 1, '0', 1, 1, 'Immediate', 'Pending', '2025-10-10 03:35:05', '2025-10-10 05:21:36', NULL, 0),
(225174, '20250062', '2025-10-10', 1805, 2, 2, 'Effarizan  Melissa, Blk 44 Keppel Bay Drive, #08-117, Singapore, 098657, +65 8316 3210', 1500.00, 0.00, 0.00, 0.00, 1500.00, NULL, 'Bank Transfer', 'Pending', 'Offline', 'standard', NULL, 0, NULL, NULL, 1, '0', 1, 1, 'Immediate', 'Pending', '2025-10-10 05:19:44', '2025-10-10 05:19:44', NULL, 0),
(225175, '20250063', '2025-10-12', 1705, 1, 3, ', Angeliki Asimakopoulou, Mikras Asias 6, Argyroupoli, , Greece, 16452, 6982103891', 500.00, 0.00, 0.00, 0.00, 500.00, NULL, 'Credit Card', 'Pending', 'Online', 'standard', NULL, 0, NULL, NULL, 1, NULL, 2412, 2412, NULL, 'Pending', '2025-10-12 12:09:26', '2025-10-12 12:09:26', NULL, 0);

-- --------------------------------------------------------

--
-- Table structure for table `payments`
--

CREATE TABLE `payments` (
  `id` bigint UNSIGNED NOT NULL,
  `payment_method` varchar(255) CHARACTER SET utf8mb4 COLLATE utf8mb4_unicode_ci NOT NULL,
  `amount` decimal(10,2) NOT NULL,
  `currency` varchar(255) CHARACTER SET utf8mb4 COLLATE utf8mb4_unicode_ci NOT NULL DEFAULT 'USD',
  `status` varchar(255) CHARACTER SET utf8mb4 COLLATE utf8mb4_unicode_ci NOT NULL DEFAULT 'pending',
  `transaction_id` varchar(255) CHARACTER SET utf8mb4 COLLATE utf8mb4_unicode_ci DEFAULT NULL,
  `order_id` bigint UNSIGNED DEFAULT NULL,
  `payment_date` datetime DEFAULT NULL,
  `payment_details` text CHARACTER SET utf8mb4 COLLATE utf8mb4_unicode_ci,
  `bank_charge` decimal(10,2) DEFAULT '0.00',
  `payment_mail_sent` tinyint(1) NOT NULL DEFAULT '0',
  `created_at` timestamp NULL DEFAULT NULL,
  `updated_at` timestamp NULL DEFAULT NULL
) ENGINE=InnoDB DEFAULT CHARSET=utf8mb4 COLLATE=utf8mb4_unicode_ci;

--
-- Dumping data for table `payments`
--

INSERT INTO `payments` (`id`, `payment_method`, `amount`, `currency`, `status`, `transaction_id`, `order_id`, `payment_date`, `payment_details`, `bank_charge`, `payment_mail_sent`, `created_at`, `updated_at`) VALUES
(1, 'PayPal', 550.00, 'USD', 'pending', '47571669SR544361X', 2, NULL, NULL, 0.00, 0, '2025-04-21 04:44:10', '2025-04-21 04:44:10'),
(2, 'PayPal', 550.00, 'USD', 'cancelled', '4RL3148280159310C', 3, NULL, NULL, 0.00, 0, '2025-04-21 05:05:11', '2025-04-21 05:05:25'),
(3, 'PayPal', 550.00, 'USD', 'cancelled', '7PE61898WR0024523', 4, NULL, NULL, 0.00, 0, '2025-04-21 05:06:00', '2025-04-21 05:06:14'),
(4, 'PayPal', 550.00, 'USD', 'cancelled', '2U6879673K170524T', 5, NULL, NULL, 0.00, 0, '2025-04-21 05:06:47', '2025-04-21 05:07:57'),
(5, 'PayPal', 550.00, 'USD', 'cancelled', '1X4389159T135015K', 6, NULL, NULL, 0.00, 0, '2025-04-21 07:15:35', '2025-04-21 07:16:03'),
(6, 'PayPal', 550.00, 'USD', 'cancelled', '4M885927WJ166993B', 12, NULL, NULL, 0.00, 0, '2025-04-25 10:52:47', '2025-04-25 10:53:21'),
(7, 'PayPal', 1100.00, 'USD', 'cancelled', '0928963859285262E', 15, NULL, NULL, 0.00, 0, '2025-04-28 05:24:02', '2025-04-28 05:24:13'),
(8, 'PayPal', 550.00, 'USD', 'cancelled', '612156681R1317228', 16, NULL, NULL, 0.00, 0, '2025-04-28 05:25:15', '2025-04-28 05:25:22'),
(9, 'PayPal', 550.00, 'USD', 'cancelled', '8VM040357D1217949', 17, NULL, NULL, 0.00, 0, '2025-04-28 05:31:43', '2025-04-28 05:31:50'),
(10, 'PayPal', 550.00, 'USD', 'pending', '4K943562PD441915V', 18, NULL, NULL, 0.00, 1, '2025-04-28 06:16:31', '2025-07-23 10:31:04'),
(11, 'PayPal', 550.00, 'USD', 'pending', '2F465371FT0084218', 19, NULL, NULL, 0.00, 1, '2025-04-28 06:17:06', '2025-07-23 10:31:06'),
(12, 'PayPal', 550.00, 'USD', 'pending', '7VW47908BP668405C', 20, NULL, NULL, 0.00, 1, '2025-04-28 06:17:26', '2025-07-23 10:31:08'),
(13, 'PayPal', 550.00, 'USD', 'pending', '2KG82999PD206624H', 21, NULL, NULL, 0.00, 1, '2025-04-29 04:40:39', '2025-07-23 10:31:10'),
(14, 'PayPal', 550.00, 'USD', 'cancelled', '3NV0123473033504Y', 22, NULL, NULL, 0.00, 0, '2025-04-29 04:42:06', '2025-04-29 04:42:14'),
(15, 'PayPal', 550.00, 'USD', 'cancelled', '1NP67428UA0484240', 23, NULL, NULL, 0.00, 0, '2025-04-29 06:54:56', '2025-04-29 06:55:04'),
(16, 'PayPal', 550.00, 'USD', 'pending', '1010551546231364L', 24, NULL, NULL, 0.00, 1, '2025-04-29 07:02:24', '2025-07-23 10:31:12'),
(17, 'PayPal', 550.00, 'USD', 'cancelled', '1MX74324YB214713W', 25, NULL, NULL, 0.00, 0, '2025-04-29 07:38:53', '2025-04-29 07:39:03'),
(18, 'PayPal', 550.00, 'USD', 'cancelled', '86U47986ED611305R', 26, NULL, NULL, 0.00, 0, '2025-04-29 07:40:15', '2025-04-29 07:40:24'),
(19, 'PayPal', 550.00, 'USD', 'cancelled', '35M38713PS435200E', 27, NULL, NULL, 0.00, 0, '2025-04-29 07:52:03', '2025-04-29 07:52:12'),
(20, 'PayPal', 550.00, 'USD', 'cancelled', '72J88072RR1615201', 28, NULL, NULL, 0.00, 0, '2025-04-29 07:59:52', '2025-04-29 08:00:09'),
(21, 'PayPal', 550.00, 'USD', 'cancelled', '1MR64232J2689411R', 29, NULL, NULL, 0.00, 0, '2025-04-30 03:51:08', '2025-04-30 03:51:14'),
(22, 'PayPal', 550.00, 'USD', 'pending', '82W71311P4154560B', 30, NULL, NULL, 0.00, 1, '2025-04-30 04:01:36', '2025-07-23 10:31:14'),
(23, 'PayPal', 550.00, 'USD', 'pending', '6RU538933F7279300', 31, NULL, NULL, 0.00, 1, '2025-04-30 04:02:26', '2025-07-23 10:31:16'),
(24, 'PayPal', 550.00, 'USD', 'pending', '91U706358H645820T', 32, NULL, NULL, 0.00, 1, '2025-04-30 04:03:01', '2025-07-23 10:31:18'),
(25, 'PayPal', 550.00, 'USD', 'pending', '0Y401459M6034821G', 33, NULL, NULL, 0.00, 1, '2025-04-30 04:03:44', '2025-07-23 10:31:20'),
(26, 'PayPal', 550.00, 'USD', 'pending', '8RB57725M9121081F', 34, NULL, NULL, 0.00, 1, '2025-04-30 04:04:05', '2025-07-23 10:31:22'),
(27, 'PayPal', 450.00, 'USD', 'pending', '30X13325451156603', 35, NULL, NULL, 0.00, 1, '2025-04-30 04:04:49', '2025-07-23 10:31:24'),
(28, 'PayPal', 550.00, 'USD', 'pending', '1F9802825L1470743', 36, NULL, NULL, 0.00, 1, '2025-04-30 04:05:17', '2025-07-23 10:31:26'),
(29, 'PayPal', 550.00, 'USD', 'cancelled', '4CW11105E4706333A', 37, NULL, NULL, 0.00, 0, '2025-04-30 04:55:52', '2025-04-30 04:56:23'),
(30, 'PayPal', 550.00, 'USD', 'cancelled', '63G68709FR599170K', 38, NULL, NULL, 0.00, 0, '2025-04-30 05:14:11', '2025-04-30 05:14:16'),
(31, 'PayPal', 550.00, 'USD', 'cancelled', '4CT20343DP203044H', 39, NULL, NULL, 0.00, 0, '2025-04-30 06:15:01', '2025-04-30 06:15:11'),
(32, 'PayPal', 550.00, 'USD', 'pending', '3AJ0019143633753A', 40, NULL, NULL, 0.00, 1, '2025-04-30 06:16:13', '2025-07-23 10:31:28'),
(33, 'PayPal', 550.00, 'USD', 'pending', '2KG41740ST413453V', 41, NULL, NULL, 0.00, 1, '2025-04-30 06:17:45', '2025-07-23 10:31:30'),
(34, 'PayPal', 450.00, 'USD', 'cancelled', '03185181LH924901W', 42, NULL, NULL, 0.00, 0, '2025-04-30 06:23:02', '2025-04-30 06:23:11'),
(35, 'PayPal', 1000.00, 'USD', 'pending', '9S199820MG879490A', 52, NULL, NULL, 0.00, 1, '2025-05-21 06:41:53', '2025-07-23 10:31:32'),
(36, 'PayPal', 1000.00, 'USD', 'pending', '5CC85728K4013563B', 53, NULL, NULL, 0.00, 1, '2025-05-21 06:43:41', '2025-07-23 10:31:33'),
(37, 'PayPal', 550.00, 'USD', 'pending', '72E54432GB5140000', 54, NULL, NULL, 0.00, 1, '2025-05-21 06:45:57', '2025-07-23 10:31:35'),
(38, 'PayPal', 1000.00, 'USD', 'pending', '7P6147239W8537714', 25123, NULL, NULL, 0.00, 1, '2025-06-06 04:56:57', '2025-07-23 10:31:38'),
(39, 'PayPal', 550.00, 'USD', 'pending', '3S092623EP361250F', 25124, NULL, NULL, 0.00, 1, '2025-06-30 05:53:48', '2025-07-23 10:31:40'),
(40, 'PayPal', 550.00, 'USD', 'completed', '5XF66557GD2538747', 25125, '2025-06-30 05:58:50', NULL, 0.00, 0, '2025-06-30 05:57:50', '2025-06-30 05:58:50'),
(41, 'PayPal', 550.00, 'USD', 'completed', '2NX44341DR2670702', 25126, '2025-06-30 06:05:09', NULL, 0.00, 0, '2025-06-30 06:04:59', '2025-06-30 06:05:09'),
(42, 'PayPal', 1000.00, 'USD', 'completed', '0AX00593M2261970G', 25127, '2025-06-30 06:13:13', NULL, 0.00, 0, '2025-06-30 06:13:04', '2025-06-30 06:13:13'),
(43, 'PayPal', 550.00, 'USD', 'completed', '7MB75896LK3879906', 25128, '2025-06-30 06:15:28', NULL, 0.00, 0, '2025-06-30 06:14:55', '2025-06-30 06:15:28'),
(44, 'PayPal', 1000.00, 'USD', 'completed', '1R606856SR126684S', 25129, '2025-06-30 06:39:20', NULL, 0.00, 0, '2025-06-30 06:38:51', '2025-06-30 06:39:20'),
(45, 'PayPal', 1000.00, 'USD', 'completed', '3MS6801622589154G', 25130, '2025-06-30 07:03:07', NULL, 0.00, 0, '2025-06-30 07:02:37', '2025-06-30 07:03:07'),
(46, 'Bank Transfer', 22100.00, 'USD', 'fully paid without bank charges', NULL, 25131, '2025-07-24 00:00:00', NULL, 0.00, 0, '2025-07-24 07:12:10', '2025-07-24 07:12:10'),
(47, 'PayPal', 1000.00, 'USD', 'pending', '0UR595217K135691C', 25135, NULL, NULL, NULL, 1, '2025-07-25 07:35:23', '2025-07-25 07:37:04'),
(48, 'PayPal', 1000.00, 'USD', 'pending', '2NB32540CP202372X', 25136, NULL, NULL, NULL, 1, '2025-07-25 07:38:48', '2025-07-25 07:40:04'),
(49, 'Bank Transfer', 3000.00, 'USD', 'partially paid', NULL, 25156, '2025-07-12 00:00:00', 'Kotak Banl --', 50.00, 0, '2025-07-29 09:51:50', '2025-07-29 09:51:50'),
(50, 'PayPal', 500.00, 'USD', 'completed', '9P415349029380228', 25159, '2025-07-30 04:31:59', NULL, NULL, 0, '2025-07-30 04:31:37', '2025-07-30 04:31:59'),
(51, 'Bank Transfer', 7230.00, 'USD', 'fully paid with bank charges', NULL, 25160, '2025-07-30 00:00:00', 'INV-10051', 30.00, 0, '2025-07-30 05:32:01', '2025-07-30 05:32:24'),
(52, 'Bank Transfer', 5690.00, 'USD', 'fully paid with bank charges', NULL, 25160, '2025-07-30 00:00:00', 'INV-10054', 30.00, 0, '2025-07-30 08:34:59', '2025-07-30 08:34:59'),
(53, 'Bank Transfer', 5910.00, 'USD', 'fully paid with bank charges', NULL, 25160, '2025-07-30 00:00:00', 'INV-10055', 30.00, 0, '2025-07-30 08:37:08', '2025-07-30 08:37:08'),
(54, 'Bank Transfer', 1070.00, 'USD', 'fully paid with bank charges', NULL, 25160, '2025-07-30 00:00:00', 'INV-10058', 30.00, 0, '2025-07-30 08:38:23', '2025-07-30 08:38:23'),
(55, 'Bank Transfer', 20000.00, 'USD', 'Paid and waive bank charges', NULL, 25165, '2025-07-31 00:00:00', NULL, 20.00, 0, '2025-07-31 02:16:22', '2025-07-31 02:16:22'),
(56, 'Bank Transfer', 4900.00, 'USD', 'Paid and waive bank charges', NULL, 25166, '2025-07-31 00:00:00', 'Bank Charges 100$ waived', 100.00, 0, '2025-07-31 02:27:11', '2025-07-31 02:27:11'),
(57, 'Bank Transfer', 7230.00, 'USD', 'Paid and waive bank charges', NULL, 25172, '2025-08-04 00:00:00', 'INV-10068', 30.00, 0, '2025-08-04 08:31:54', '2025-08-04 08:32:14'),
(58, 'Bank Transfer', 5690.00, 'USD', 'Paid and waive bank charges', NULL, 25172, '2025-08-04 00:00:00', 'INV-10069', 30.00, 0, '2025-08-04 08:33:44', '2025-08-04 08:33:44'),
(59, 'Bank Transfer', 5910.00, 'USD', 'Paid and waive bank charges', NULL, 25172, '2025-08-04 00:00:00', 'INV-10070', 30.00, 0, '2025-08-04 08:35:38', '2025-08-04 08:35:38'),
(60, 'PayPal', 500.00, 'USD', 'pending', '9AU088029A933802T', 25179, NULL, NULL, NULL, 1, '2025-08-06 07:40:00', '2025-08-06 07:41:05'),
(61, 'PayPal', 500.00, 'USD', 'pending', '7BL47317NX044241U', 25180, NULL, NULL, NULL, 1, '2025-08-06 08:31:40', '2025-08-06 08:33:03'),
(62, 'PayPal', 500.00, 'USD', 'pending', '47G81027H3745480F', 25181, NULL, NULL, NULL, 1, '2025-08-06 10:24:24', '2025-08-06 10:27:05'),
(63, 'PayPal', 500.00, 'CHF', 'completed', '2VJ19081BD422224K', 25182, '2025-08-06 10:29:21', NULL, NULL, 0, '2025-08-06 10:28:57', '2025-08-06 10:29:21'),
(64, 'PayPal', 500.00, 'CHF', 'completed', '9DH970765D225634N', 25183, '2025-08-06 10:31:08', NULL, NULL, 0, '2025-08-06 10:30:46', '2025-08-06 10:31:08'),
(65, 'PayPal', 1000.00, 'CHF', 'pending', '0A629909BU0869253', 25184, '2025-08-06 10:34:53', NULL, 1.00, 1, '2025-08-06 10:34:32', '2025-08-07 10:49:05'),
(66, 'PayPal', 500.00, 'CHF', 'pending', '9CF61225JE123973R', 25185, NULL, NULL, NULL, 1, '2025-08-06 11:12:37', '2025-08-06 11:14:04'),
(67, 'PayPal', 1000.00, 'CHF', 'pending', '7K675155LD083380D', 25186, NULL, NULL, NULL, 1, '2025-08-06 11:18:41', '2025-08-06 11:48:28'),
(68, 'PayPal', 1500.00, 'CHF', 'pending', '1L546505CN076090C', 25187, NULL, NULL, NULL, 1, '2025-08-06 11:26:19', '2025-08-06 11:48:29'),
(69, 'Credit Card', 1500.00, 'USD', 'fully paid with bank charges', NULL, 25187, '2025-08-07 00:00:00', 'Payment done', 8.30, 0, '2025-08-07 10:36:11', '2025-08-07 10:36:11'),
(70, 'PayPal', 1.00, 'CHF', 'pending', '67Y494649L464870V', 25188, NULL, NULL, 0.00, 1, '2025-08-07 11:05:38', '2025-08-07 11:07:04'),
(71, 'PayPal', 1.00, 'CHF', 'pending', '93V00608A70293907', 25189, NULL, NULL, 0.00, 1, '2025-08-07 11:11:41', '2025-08-07 11:13:05'),
(72, 'PayPal', 500.00, 'CHF', 'pending', '669987743B892474D', 25190, NULL, NULL, 0.00, 1, '2025-08-07 11:20:45', '2025-08-07 11:22:03'),
(73, 'PayPal', 1.00, 'CHF', 'pending', '86D73665L1280345F', 25191, NULL, NULL, 0.00, 1, '2025-08-07 11:54:13', '2025-08-07 11:56:03'),
(74, 'PayPal', 1.00, 'CHF', 'pending', '01G774411E303972E', 25192, NULL, NULL, 0.00, 1, '2025-08-07 12:01:03', '2025-08-07 12:03:03'),
(75, 'PayPal', 1.00, 'CHF', 'completed', '66G45993AL0409742', 25193, '2025-08-07 12:10:48', NULL, 0.00, 1, '2025-08-07 12:04:06', '2025-08-07 12:10:48'),
(76, 'PayPal', 1.00, 'CHF', 'completed', '2JS313376X489580M', 25194, '2025-08-07 13:28:09', NULL, 0.00, 0, '2025-08-07 13:27:40', '2025-08-07 13:28:09'),
(77, 'PayPal', 1.00, 'CHF', 'completed', '9RB331197W7966711', 25195, '2025-08-07 13:31:53', NULL, 0.00, 0, '2025-08-07 13:31:27', '2025-08-07 13:31:53'),
(78, 'PayPal', 1.00, 'CHF', 'pending', '5FU35698J4376310A', 25196, NULL, NULL, 0.00, 1, '2025-08-08 03:09:29', '2025-08-08 03:11:04'),
(79, 'PayPal', 1.00, 'CHF', 'completed', '0YM310187E428603W', 25197, '2025-08-08 03:12:25', NULL, 0.00, 0, '2025-08-08 03:11:39', '2025-08-08 03:12:25'),
(80, 'PayPal', 1.00, 'CHF', 'completed', '73B306903J070013Y', 25198, '2025-08-08 03:29:59', NULL, 0.00, 0, '2025-08-08 03:29:29', '2025-08-08 03:29:59'),
(81, 'PayPal', 1.00, 'CHF', 'pending', '56C41658HN4141630', 25199, NULL, NULL, 0.00, 1, '2025-08-08 05:21:52', '2025-08-08 05:22:03'),
(82, 'PayPal', 500.00, 'CHF', 'pending', '69S09186MN9000206', 25200, NULL, NULL, 0.00, 1, '2025-08-08 09:14:16', '2025-08-08 09:16:03'),
(83, 'PayPal', 1.00, 'CHF', 'pending', '58R05159JF142100X', 25201, NULL, NULL, 0.00, 1, '2025-08-08 12:35:24', '2025-08-08 12:37:04'),
(84, 'PayPal', 1.00, 'CHF', 'completed', '7L308962JC262744X', 25202, '2025-08-13 05:20:14', NULL, 0.00, 1, '2025-08-13 05:14:04', '2025-08-13 05:20:14'),
(85, 'PayPal', 501.00, 'CHF', 'pending', '5YL059679C128460B', 25203, NULL, NULL, 0.00, 1, '2025-08-13 05:18:15', '2025-08-13 05:20:03'),
(86, 'PayPal', 3000.00, 'CHF', 'completed', '24Y67623906358811', 1, '2025-08-13 19:43:56', NULL, 0.00, 0, '2025-08-13 19:42:48', '2025-08-13 19:43:56'),
(87, 'PayPal', 3000.00, 'USD', 'fully paid without bank charges', NULL, 225111, '2025-08-15 00:00:00', '7CA1674537646571R\nInvoice # 0126', 0.00, 0, '2025-08-15 07:57:50', '2025-08-15 07:57:50'),
(88, 'PayPal', 500.00, 'CHF', 'pending', '03S86395PF6555042', 225112, NULL, NULL, 0.00, 1, '2025-08-15 21:30:55', '2025-08-15 21:32:05'),
(89, 'PayPal', 3000.00, 'CHF', 'pending', '1V189777PL150493X', 225113, NULL, NULL, 0.00, 1, '2025-08-17 16:58:45', '2025-08-17 17:00:05'),
(90, 'PayPal', 3000.00, 'USD', 'fully paid without bank charges', NULL, 225113, '2025-08-18 00:00:00', '3WL113111M5730217', 0.00, 0, '2025-08-18 07:51:50', '2025-08-18 07:51:50'),
(91, 'PayPal', 500.00, 'CHF', 'pending', '71816330L73016949', 225114, NULL, NULL, 0.00, 1, '2025-08-19 13:41:46', '2025-08-19 13:43:05'),
(92, 'PayPal', 500.00, 'USD', 'fully paid without bank charges', NULL, 225114, '2025-08-19 00:00:00', '2U540341PU222643D', 0.00, 0, '2025-08-20 04:01:17', '2025-08-20 04:01:17'),
(93, 'Cash', 1000.00, 'USD', 'fully paid without bank charges', NULL, 225115, '2025-08-21 00:00:00', 'Cash US$1000 given to Mrs Durai as per Shiva email on 21 Aug 2025', 0.00, 0, '2025-08-25 04:00:47', '2025-08-25 04:00:47'),
(94, 'PayPal', 500.00, 'CHF', 'pending', '3EA68883TG9992452', 225119, NULL, NULL, 0.00, 1, '2025-08-25 19:46:43', '2025-08-25 19:48:05'),
(95, 'PayPal', 500.00, 'USD', 'pending', '6FA16579MF724345V', 225120, '2025-08-26 00:00:00', '3E3972737B4329251', 0.00, 1, '2025-08-26 03:59:44', '2025-08-26 04:01:05'),
(96, 'PayPal', 500.00, 'CHF', 'pending', '01H84217P54870310', 225121, NULL, NULL, 0.00, 1, '2025-08-26 04:07:38', '2025-08-26 04:09:05'),
(97, 'PayPal', 500.00, 'CHF', 'pending', '3HD24157VD6869111', 225122, NULL, NULL, 0.00, 1, '2025-08-26 11:50:37', '2025-08-26 11:52:05'),
(98, 'PayPal', 500.00, 'CHF', 'completed', '4V958784LR466564B', 225123, '2025-08-26 11:52:59', NULL, 0.00, 0, '2025-08-26 11:52:00', '2025-08-26 11:52:59'),
(99, 'Bank Transfer', 67500.00, 'USD', 'fully paid without bank charges', NULL, 225124, '2025-08-27 00:00:00', '2508271300027RKCO816 CXBSNS', 0.00, 0, '2025-08-27 08:04:03', '2025-08-27 08:04:03'),
(100, 'PayPal', 500.00, 'CHF', 'completed', '94P00369UW152254P', 225132, '2025-09-01 17:53:57', NULL, 0.00, 1, '2025-09-01 15:45:41', '2025-09-01 17:53:57'),
(101, 'Bank Transfer', 156303.00, 'USD', 'fully paid without bank charges', NULL, 225134, '2025-09-05 00:00:00', 'CR1513IT9556397 - USD 156,304.27 received on 05 Sept 2025', 0.00, 0, '2025-09-08 07:42:31', '2025-09-08 07:42:31'),
(102, 'PayPal', 1000.00, 'CHF', 'pending', '83V56781L70271411', 225138, NULL, NULL, 0.00, 1, '2025-09-09 19:21:20', '2025-09-09 19:23:04'),
(103, 'PayPal', 1000.00, 'CHF', 'completed', '3AL72111042313202', 225140, '2025-09-10 13:27:29', NULL, 0.00, 0, '2025-09-10 13:26:47', '2025-09-10 13:27:29'),
(104, 'Bank Transfer', 1295.00, 'USD', 'Paid and waive bank charges', NULL, 225130, '2025-09-08 00:00:00', 'CR 1513IT9570284 ', 25.00, 0, '2025-09-10 13:38:44', '2025-09-10 13:38:44'),
(105, 'Bank Transfer', 475.00, 'USD', 'Paid and waive bank charges', NULL, 225131, '2025-09-08 00:00:00', 'CR 1513IT9570290', 25.00, 0, '2025-09-10 13:41:35', '2025-09-10 13:41:35'),
(106, 'PayPal', 1000.00, 'CHF', 'pending', '5V357281BG586933X', 225148, NULL, NULL, 0.00, 1, '2025-09-15 12:26:39', '2025-09-15 12:28:04'),
(107, 'PayPal', 1000.00, 'CHF', 'pending', '4LU30997MP118354F', 225149, NULL, NULL, 0.00, 1, '2025-09-15 12:36:33', '2025-09-15 12:38:05'),
(108, 'PayPal', 1000.00, 'CHF', 'pending', '8XY164721X776405M', 225151, NULL, NULL, 0.00, 1, '2025-09-16 09:36:35', '2025-09-16 09:38:05'),
(109, 'Bank Transfer', 17000.00, 'USD', 'fully paid without bank charges', NULL, 225116, '2025-09-15 00:00:00', 'CR 1513IT9608938', 0.00, 0, '2025-09-17 04:08:15', '2025-09-17 04:08:15'),
(110, 'Bank Transfer', 650.00, 'USD', 'Paid and waive bank charges', NULL, 225137, '2025-09-15 00:00:00', 'CR 1513IT9608935', 25.00, 0, '2025-09-17 04:10:31', '2025-09-17 04:10:31'),
(111, 'PayPal', 500.00, 'USD', 'fully paid without bank charges', NULL, 225150, '2025-09-12 00:00:00', 'Transaction ID: 6TB77311N5037081C\nInvoice #0128', 0.00, 0, '2025-09-17 04:15:24', '2025-09-17 04:15:24'),
(112, 'PayPal', 500.00, 'CHF', 'pending', '90A313095U073403G', 225156, NULL, NULL, 0.00, 1, '2025-09-22 14:48:42', '2025-09-22 14:50:05'),
(113, 'Bank Transfer', 6000.00, 'USD', 'fully paid without bank charges', NULL, 225155, '2025-09-22 00:00:00', 'CR 1513IT9645495', 0.00, 0, '2025-09-23 03:42:47', '2025-09-23 03:42:47'),
(114, 'PayPal', 1000.00, 'CHF', 'pending', '02360793MY089541R', 225157, NULL, NULL, 0.00, 1, '2025-09-23 13:12:27', '2025-09-23 13:14:05'),
(115, 'PayPal', 1000.00, 'CHF', 'pending', '5YK34271955704336', 225158, NULL, NULL, 0.00, 1, '2025-09-23 13:14:19', '2025-09-23 13:16:05'),
(116, 'PayPal', 1000.00, 'USD', 'fully paid without bank charges', NULL, 225158, '2025-09-23 00:00:00', '7U965179GN482605U', 0.00, 0, '2025-09-24 03:09:29', '2025-09-24 03:09:29'),
(117, 'PayPal', 1000.00, 'USD', 'fully paid without bank charges', NULL, 225159, '2025-09-23 00:00:00', '7U965179GN482605U', 0.00, 0, '2025-09-25 03:13:33', '2025-09-25 03:13:33'),
(118, 'Bank Transfer', 500.00, 'USD', 'fully paid without bank charges', NULL, 225160, '2025-09-25 00:00:00', 'Transaction ID: 6GU956592R621033B', 0.00, 0, '2025-09-25 04:18:29', '2025-09-25 04:18:29'),
(119, 'Bank Transfer', 20927.00, 'USD', 'fully paid without bank charges', NULL, 225161, '2025-09-26 00:00:00', 'CR 1513II7746997', 0.00, 0, '2025-09-27 05:43:26', '2025-09-27 05:43:26'),
(120, 'PayPal', 1000.00, 'CHF', 'completed', '6YY80666P8767733T', 225162, '2025-10-01 09:56:39', NULL, 0.00, 0, '2025-10-01 09:55:41', '2025-10-01 09:56:39'),
(121, 'Bank Transfer', 5600.00, 'USD', 'fully paid without bank charges', NULL, 225153, '2025-09-29 00:00:00', 'CR 1513IT9683207', 0.00, 0, '2025-10-02 07:40:47', '2025-10-02 07:40:47'),
(122, 'PayPal', 500.00, 'CHF', 'pending', '7BH88763GN844244R', 225167, NULL, NULL, 0.00, 1, '2025-10-02 19:56:20', '2025-10-02 19:58:05'),
(123, 'PayPal', 500.00, 'CHF', 'pending', '5TP51548SW7706543', 225168, NULL, NULL, 0.00, 1, '2025-10-02 20:00:55', '2025-10-02 20:02:05'),
(124, 'Bank Transfer', 22000.00, 'USD', 'fully paid without bank charges', NULL, 225165, '2025-10-06 00:00:00', 'CR 1513IT9713970', 0.00, 0, '2025-10-06 04:35:29', '2025-10-06 04:35:29'),
(125, 'Bank Transfer', 1700.00, 'USD', 'fully paid without bank charges', NULL, 225154, '2025-10-08 00:00:00', 'CR 1513IT9722051', 0.00, 0, '2025-10-08 07:31:24', '2025-10-08 07:31:24'),
(126, 'Bank Transfer', 870.00, 'USD', 'fully paid without bank charges', NULL, 225146, '2025-10-08 00:00:00', 'CR 1513IT9722050', 0.00, 0, '2025-10-08 07:32:11', '2025-10-08 07:32:11'),
(127, 'Bank Transfer', 5470.00, 'USD', 'Paid and waive bank charges', NULL, 225130, '2025-10-08 00:00:00', 'CR 1513IT9727114', 30.00, 0, '2025-10-09 04:04:08', '2025-10-09 04:04:08'),
(128, 'PayPal', 1000.00, 'CHF', 'pending', '12X3379614904244A', 225171, NULL, NULL, 0.00, 1, '2025-10-09 16:27:14', '2025-10-09 16:29:04'),
(129, 'PayPal', 1000.00, 'CHF', 'completed', '60K49766SF162731G', 225172, '2025-10-09 16:29:11', NULL, 0.00, 0, '2025-10-09 16:28:53', '2025-10-09 16:29:11'),
(130, 'PayPal', 500.00, 'CHF', 'pending', '2E449737P0746544F', 225175, NULL, NULL, 0.00, 1, '2025-10-12 12:09:27', '2025-10-12 12:11:04');

-- --------------------------------------------------------

--
-- Table structure for table `permissions`
--

CREATE TABLE `permissions` (
  `id` bigint UNSIGNED NOT NULL,
  `name` varchar(255) CHARACTER SET utf8mb4 COLLATE utf8mb4_unicode_ci NOT NULL,
  `guard_name` varchar(255) CHARACTER SET utf8mb4 COLLATE utf8mb4_unicode_ci NOT NULL,
  `created_at` timestamp NULL DEFAULT NULL,
  `updated_at` timestamp NULL DEFAULT NULL
) ENGINE=InnoDB DEFAULT CHARSET=utf8mb4 COLLATE=utf8mb4_unicode_ci;

--
-- Dumping data for table `permissions`
--

INSERT INTO `permissions` (`id`, `name`, `guard_name`, `created_at`, `updated_at`) VALUES
(1, 'view dashboard', 'web', '2025-04-14 07:29:52', '2025-04-14 07:29:52'),
(2, 'admin dashboard', 'web', '2025-04-14 07:29:52', '2025-04-14 07:29:52'),
(3, 'manage vendors', 'web', '2025-04-14 07:29:52', '2025-04-14 07:29:52'),
(4, 'manage customers', 'web', '2025-04-14 07:29:52', '2025-04-14 07:29:52'),
(5, 'manage entities', 'web', '2025-04-14 07:29:52', '2025-04-14 07:29:52'),
(6, 'manage warehouses', 'web', '2025-04-14 07:29:52', '2025-04-14 07:29:52'),
(7, 'manage customer types', 'web', '2025-04-14 07:29:52', '2025-04-14 07:29:52'),
(8, 'manage countries', 'web', '2025-04-14 07:29:52', '2025-04-14 07:29:52'),
(9, 'manage product categories', 'web', '2025-04-14 07:29:52', '2025-04-14 07:29:52'),
(10, 'manage products', 'web', '2025-04-14 07:29:52', '2025-04-14 07:29:52'),
(11, 'manage suppliers', 'web', '2025-04-14 07:29:52', '2025-04-14 07:29:52'),
(12, 'manage inventory', 'web', '2025-04-14 07:29:52', '2025-04-14 07:29:52'),
(13, 'manage orders', 'web', '2025-04-14 07:29:52', '2025-04-14 07:29:52'),
(14, 'create roles', 'web', '2025-04-14 07:29:52', '2025-04-14 07:29:52'),
(15, 'assign permissions', 'web', '2025-04-14 07:29:52', '2025-04-14 07:29:52'),
(16, 'manage invoices', 'web', '2025-04-14 07:29:52', '2025-04-14 07:29:52'),
(17, 'manage reports', 'web', '2025-04-30 06:28:43', '2025-04-30 06:28:43');

-- --------------------------------------------------------

--
-- Table structure for table `products`
--

CREATE TABLE `products` (
  `id` bigint UNSIGNED NOT NULL,
  `product_code` varchar(255) CHARACTER SET utf8mb4 COLLATE utf8mb4_unicode_ci NOT NULL,
  `brand` varchar(255) CHARACTER SET utf8mb4 COLLATE utf8mb4_unicode_ci NOT NULL,
  `product_img` varchar(255) CHARACTER SET utf8mb4 COLLATE utf8mb4_unicode_ci DEFAULT NULL,
  `product_name` varchar(255) CHARACTER SET utf8mb4 COLLATE utf8mb4_unicode_ci NOT NULL,
  `invoice_description` varchar(255) CHARACTER SET utf8mb4 COLLATE utf8mb4_unicode_ci NOT NULL,
  `product_category` varchar(255) CHARACTER SET utf8mb4 COLLATE utf8mb4_unicode_ci NOT NULL,
  `origin` varchar(255) CHARACTER SET utf8mb4 COLLATE utf8mb4_unicode_ci NOT NULL,
  `batch_number` varchar(255) CHARACTER SET utf8mb4 COLLATE utf8mb4_unicode_ci DEFAULT NULL,
  `expire_date` date DEFAULT NULL,
  `currency` varchar(255) CHARACTER SET utf8mb4 COLLATE utf8mb4_unicode_ci NOT NULL,
  `unit_price` decimal(10,2) NOT NULL,
  `remarks_notes` text CHARACTER SET utf8mb4 COLLATE utf8mb4_unicode_ci,
  `description` text CHARACTER SET utf8mb4 COLLATE utf8mb4_unicode_ci NOT NULL,
  `is_online` tinyint(1) NOT NULL DEFAULT '0',
  `created_by` varchar(255) CHARACTER SET utf8mb4 COLLATE utf8mb4_unicode_ci NOT NULL,
  `modified_by` varchar(255) CHARACTER SET utf8mb4 COLLATE utf8mb4_unicode_ci NOT NULL,
  `deleted_at` timestamp NULL DEFAULT NULL,
  `created_at` timestamp NULL DEFAULT NULL,
  `updated_at` timestamp NULL DEFAULT NULL
) ENGINE=InnoDB DEFAULT CHARSET=utf8mb4 COLLATE=utf8mb4_unicode_ci;

--
-- Dumping data for table `products`
--

INSERT INTO `products` (`id`, `product_code`, `brand`, `product_img`, `product_name`, `invoice_description`, `product_category`, `origin`, `batch_number`, `expire_date`, `currency`, `unit_price`, `remarks_notes`, `description`, `is_online`, `created_by`, `modified_by`, `deleted_at`, `created_at`, `updated_at`) VALUES
(1, 'DEFAULT001', 'Default Brand', NULL, 'Other', 'Other', 'General', 'Unknown', 'B0001', '2026-04-24', 'USD', 0.00, NULL, 'Default product entry', 0, '1', 'System', NULL, NULL, '2025-04-24 06:55:25'),
(2, 'CV Food Supplement', 'Caviarlieri', 'product_img/mNTeZKa88bFRcReUD4y1QNYB5OUD3e5Ue2WtEO5b.jpg', 'Caviarlieri Food Supplement', 'Caviarlieri (Food Supplement 30 Softgels in Fish Gelatine per box) TARIC 21069098', '1', 'Swiss', NULL, '2025-04-01', 'CHF', 500.00, NULL, 'Caviarlieri (Food Supplement 30 Softgels in Fish Gelatine per box) TARIC 21069098', 1, '1', '1', NULL, '2025-04-15 15:26:28', '2025-08-25 10:39:28'),
(3, 'CVSER', 'Caviarlieri', NULL, 'Platinum Caviar Serum (Facial)  ', 'Platinum Caviar Serum (Facial) - 30ml. TARIC 33049900', '2', 'Swiss', NULL, '2025-05-01', 'CHF', 450.00, NULL, 'Platinum Caviar Serum (Facial) - - 30ml. Ultraluxe serum. TARIC 33049900', 0, '1', '1', NULL, '2025-04-15 15:28:21', '2025-07-23 09:21:58'),
(4, 'CVEYE', 'Platinum Caviar Serum (Facial) - 30ml. TARIC 33049900', NULL, 'Eye Brightening Cream', 'Caviarlieri Pearl Caviar Eye Brightening Cream - 15ml', '3', 'Swiss', NULL, '2025-04-01', 'CHF', 450.00, NULL, 'CV Eye Cream', 0, '1', '1', NULL, '2025-04-15 15:29:59', '2025-07-23 08:33:24'),
(7, 'KLO', 'KLO-CEL', NULL, 'KLO-CEL', 'KLO-CEL Food Supplement (30 soft gels in Fish Geletine per box) TARIC 21069098', '1', 'Swiss', NULL, '2025-04-01', 'CHF', 350.00, NULL, 'Food Supplements ', 0, '1', '1', NULL, '2025-04-15 15:35:08', '2025-07-23 09:38:55'),
(10, 'EUCV 102027', 'Caviarlieri', NULL, 'EU Caviarlieri Food Supplement', 'Caviarlieri (Food Supplement 30 Softgels in Fish Gelatine per box) TARIC 21069098', '1', 'Swiss', NULL, NULL, 'CHF', 500.00, 'Eu Box packaging', 'Caviarlieri (Food Supplement 30 Softgels in Fish Gelatine per box) TARIC 21069098', 0, '1', '1', NULL, '2025-07-23 08:36:09', '2025-08-06 07:03:41'),
(11, 'test online', 'test', NULL, 'Test Online Product', 'test', '1', 'Swiss', NULL, NULL, 'CHF', 1.00, NULL, 'test', 0, '1', '1', NULL, '2025-08-07 11:00:08', '2025-08-13 05:23:27'),
(12, 'Pouch Klo-cel', 'KLO-CEL', NULL, 'Pouch Klo-Cel', 'NA', '1', 'Swiss', NULL, NULL, 'USD', 0.00, 'Pouches to be packed to boxes - pending\n', 'NA', 0, '1', '1', NULL, '2025-08-13 06:55:58', '2025-08-13 06:55:58');

-- --------------------------------------------------------

--
-- Table structure for table `product_catagories`
--

CREATE TABLE `product_catagories` (
  `id` bigint UNSIGNED NOT NULL,
  `category_name` varchar(255) CHARACTER SET utf8mb4 COLLATE utf8mb4_unicode_ci NOT NULL,
  `status` enum('active','inactive') CHARACTER SET utf8mb4 COLLATE utf8mb4_unicode_ci NOT NULL DEFAULT 'active',
  `created_at` timestamp NULL DEFAULT NULL,
  `updated_at` timestamp NULL DEFAULT NULL,
  `deleted_at` timestamp NULL DEFAULT NULL
) ENGINE=InnoDB DEFAULT CHARSET=utf8mb4 COLLATE=utf8mb4_unicode_ci;

--
-- Dumping data for table `product_catagories`
--

INSERT INTO `product_catagories` (`id`, `category_name`, `status`, `created_at`, `updated_at`, `deleted_at`) VALUES
(1, 'Supplement', 'active', '2025-04-15 15:24:01', '2025-04-15 15:24:01', NULL),
(2, 'Skincare', 'active', '2025-04-15 15:24:14', '2025-04-15 15:24:14', NULL),
(3, 'Eye Cream', 'active', '2025-04-15 15:24:22', '2025-04-15 15:24:22', NULL);

-- --------------------------------------------------------

--
-- Table structure for table `roles`
--

CREATE TABLE `roles` (
  `id` bigint UNSIGNED NOT NULL,
  `name` varchar(255) CHARACTER SET utf8mb4 COLLATE utf8mb4_unicode_ci NOT NULL,
  `guard_name` varchar(255) CHARACTER SET utf8mb4 COLLATE utf8mb4_unicode_ci NOT NULL,
  `created_at` timestamp NULL DEFAULT NULL,
  `updated_at` timestamp NULL DEFAULT NULL
) ENGINE=InnoDB DEFAULT CHARSET=utf8mb4 COLLATE=utf8mb4_unicode_ci;

--
-- Dumping data for table `roles`
--

INSERT INTO `roles` (`id`, `name`, `guard_name`, `created_at`, `updated_at`) VALUES
(1, 'super-admin', 'web', '2025-04-14 07:29:52', '2025-04-14 07:29:52'),
(2, 'admin', 'web', '2025-04-14 07:29:52', '2025-04-14 07:29:52');

-- --------------------------------------------------------

--
-- Table structure for table `role_has_permissions`
--

CREATE TABLE `role_has_permissions` (
  `permission_id` bigint UNSIGNED NOT NULL,
  `role_id` bigint UNSIGNED NOT NULL
) ENGINE=InnoDB DEFAULT CHARSET=utf8mb4 COLLATE=utf8mb4_unicode_ci;

--
-- Dumping data for table `role_has_permissions`
--

INSERT INTO `role_has_permissions` (`permission_id`, `role_id`) VALUES
(1, 1),
(2, 1),
(3, 1),
(4, 1),
(5, 1),
(6, 1),
(7, 1),
(8, 1),
(9, 1),
(10, 1),
(11, 1),
(12, 1),
(13, 1),
(14, 1),
(15, 1),
(16, 1),
(17, 1),
(1, 2),
(2, 2),
(3, 2),
(4, 2),
(5, 2),
(6, 2),
(7, 2),
(8, 2),
(9, 2),
(10, 2),
(11, 2),
(12, 2),
(13, 2),
(16, 2);

-- --------------------------------------------------------

--
-- Table structure for table `sessions`
--

CREATE TABLE `sessions` (
  `id` varchar(255) CHARACTER SET utf8mb4 COLLATE utf8mb4_unicode_ci NOT NULL,
  `user_id` bigint UNSIGNED DEFAULT NULL,
  `ip_address` varchar(45) CHARACTER SET utf8mb4 COLLATE utf8mb4_unicode_ci DEFAULT NULL,
  `user_agent` text CHARACTER SET utf8mb4 COLLATE utf8mb4_unicode_ci,
  `payload` longtext CHARACTER SET utf8mb4 COLLATE utf8mb4_unicode_ci NOT NULL,
  `last_activity` int NOT NULL
) ENGINE=InnoDB DEFAULT CHARSET=utf8mb4 COLLATE=utf8mb4_unicode_ci;

--
-- Dumping data for table `sessions`
--

INSERT INTO `sessions` (`id`, `user_id`, `ip_address`, `user_agent`, `payload`, `last_activity`) VALUES
('0DoqZBfQrWNzNEYUeuEk5fDDwWdKwZcNZK3yjPsc', NULL, '172.70.135.68', 'UptimeMonitor/1.0 (us-east-1 https://uptime-monitor.io)', 'YToyOntzOjY6Il90b2tlbiI7czo0MDoiWDVVQ0NHd29udHZvMUhPSHVwREgxa3hLM0JTbm5ZU2dJV1phdlE3QyI7czo2OiJfZmxhc2giO2E6Mjp7czozOiJvbGQiO2E6MDp7fXM6MzoibmV3IjthOjA6e319fQ==', 1760358824),
('0obTeOgl9mnzx6fRzR2iWuiAVuGI1s1ufoSkcwxC', NULL, '172.71.191.89', 'UptimeMonitor/1.0 (us-east-1 https://uptime-monitor.io)', 'YToyOntzOjY6Il90b2tlbiI7czo0MDoiZkZTRzlHcXFvOTRhd01uTHFzaW01eEZmQ3JmVzYxTXd2MW83RmxociI7czo2OiJfZmxhc2giO2E6Mjp7czozOiJvbGQiO2E6MDp7fXM6MzoibmV3IjthOjA6e319fQ==', 1760356124),
('0qaXetqZIeqkd5TpFKsNj4c3KxFaVN8p1KCC78o8', NULL, '162.158.108.171', 'UptimeMonitor/1.0 (ap-southeast-1 https://uptime-monitor.io)', 'YToyOntzOjY6Il90b2tlbiI7czo0MDoiZWlrUTNBOXJpbkM5cGZGQU1DRDdqcmgya2RIUzlvWHVhZENrbW9SbCI7czo2OiJfZmxhc2giO2E6Mjp7czozOiJvbGQiO2E6MDp7fXM6MzoibmV3IjthOjA6e319fQ==', 1760359755),
('0ToMPrIMAE37ThBGH38dnMc85Q8LTgehkYVrZzSR', NULL, '162.158.88.126', 'UptimeMonitor/1.0 (ap-southeast-1 https://uptime-monitor.io)', 'YToyOntzOjY6Il90b2tlbiI7czo0MDoiaEV2a2dWSUNkTmVQNjFCUFpTeHNXMDFvcHEwUEhMMG1IcVM5WUNnTSI7czo2OiJfZmxhc2giO2E6Mjp7czozOiJvbGQiO2E6MDp7fXM6MzoibmV3IjthOjA6e319fQ==', 1760361465),
('1390uU1u4BgsbJ2Dccd5RkciwgzzXuz1LlmsJU5K', NULL, '172.68.245.104', 'UptimeMonitor/1.0 (us-east-1 https://uptime-monitor.io)', 'YToyOntzOjY6Il90b2tlbiI7czo0MDoiQmMyV3dLaVFCYTcwUGllVW56UFBCOERrNllWb2E1bXh3WGY4dlhZQiI7czo2OiJfZmxhc2giO2E6Mjp7czozOiJvbGQiO2E6MDp7fXM6MzoibmV3IjthOjA6e319fQ==', 1760357114),
('1841Woh0okjLddp25IbEHjWmp5GlgO5aMJWb5awh', NULL, '162.158.78.45', 'jetmon/1.0 (Jetpack Site Uptime Monitor by WordPress.com)', 'YToyOntzOjY6Il90b2tlbiI7czo0MDoiZklzOEl6ekxIOW9TdUxMNHZCUThjcFRnSWo2eGNCUjU1QTNPWjlGVCI7czo2OiJfZmxhc2giO2E6Mjp7czozOiJvbGQiO2E6MDp7fXM6MzoibmV3IjthOjA6e319fQ==', 1760358498),
('1i8yMFbHzT3UE5BK7D7InYFx46a7q2VjmZZfrkcC', NULL, '172.71.232.140', 'Mozilla/5.0 (compatible; IbouBot/1.0; +bot@ibou.io; +https://ibou.io/iboubot.html)', 'YTo0OntzOjY6Il90b2tlbiI7czo0MDoiVlNOQTBYb1BNQmp0Q1BheHVzVDExbzh0RXRMSmxMM3BDMjRocFBGZCI7czoxODoiZmxhc2hlcjo6ZW52ZWxvcGVzIjthOjA6e31zOjk6Il9wcmV2aW91cyI7YToxOntzOjM6InVybCI7czozNzoiaHR0cHM6Ly93d3cuc3dpc3NjYXZpYXJsaWVyaS5jb20vY2FydCI7fXM6NjoiX2ZsYXNoIjthOjI6e3M6Mzoib2xkIjthOjA6e31zOjM6Im5ldyI7YTowOnt9fX0=', 1760358124),
('1WTvbsNloO1lJGTIYbtCGc4vlbOkGw8hp0JWR0rm', NULL, '162.158.88.127', 'UptimeMonitor/1.0 (ap-southeast-1 https://uptime-monitor.io)', 'YToyOntzOjY6Il90b2tlbiI7czo0MDoiTzkwME1XTXpRVXNEMWN5QzhvRkpqZU1iU2xkTGRrbTRoODQwYnhMSyI7czo2OiJfZmxhc2giO2E6Mjp7czozOiJvbGQiO2E6MDp7fXM6MzoibmV3IjthOjA6e319fQ==', 1760355705),
('23JtT7zLwsNObMjUFheOPIjcnO05zXxKwGVwCCWr', NULL, '172.68.27.165', 'Mozilla/5.0 (Windows NT 10.0) AppleWebKit/537.36 (KHTML, like Gecko) Chrome/106.0.0.0 Safari/537.36', 'YTo0OntzOjY6Il90b2tlbiI7czo0MDoialRCN2pHeWZrMk9TS2R1RmdFYUtJT2tNZ29ObjF3cHoxNXlWMFRKciI7czoxODoiZmxhc2hlcjo6ZW52ZWxvcGVzIjthOjA6e31zOjk6Il9wcmV2aW91cyI7YToxOntzOjM6InVybCI7czozMjoiaHR0cHM6Ly93d3cuc3dpc3NjYXZpYXJsaWVyaS5jb20iO31zOjY6Il9mbGFzaCI7YToyOntzOjM6Im9sZCI7YTowOnt9czozOiJuZXciO2E6MDp7fX19', 1760359360),
('28LdHpFZU7i8MXVfdTdM6vxzZt4FlLKoVAhQhzEa', NULL, '172.70.35.121', 'UptimeMonitor/1.0 (us-east-1 https://uptime-monitor.io)', 'YToyOntzOjY6Il90b2tlbiI7czo0MDoicmFyVnUyRDJJT0g5Ukg1cE5iOTNlWHZQRmZqbHhLZFNqc0V6anBHMiI7czo2OiJfZmxhc2giO2E6Mjp7czozOiJvbGQiO2E6MDp7fXM6MzoibmV3IjthOjA6e319fQ==', 1760355045),
('2II0TikMWLy9riWOSu7WiU4Xi7HHAhtbBQgeRWla', NULL, '162.158.190.26', 'UptimeMonitor/1.0 (ap-southeast-1 https://uptime-monitor.io)', 'YToyOntzOjY6Il90b2tlbiI7czo0MDoiOXZYWTE5dGdtZ2hPQ1pnbTNFYnRQMHFLbVdpUFNhOVZKem54WUp1NyI7czo2OiJfZmxhc2giO2E6Mjp7czozOiJvbGQiO2E6MDp7fXM6MzoibmV3IjthOjA6e319fQ==', 1760357955),
('2kF1GXFwlwnpKbNv6qCNGr9zIsSXOYPou1Ymh4DZ', NULL, '162.158.88.127', 'UptimeMonitor/1.0 (ap-southeast-1 https://uptime-monitor.io)', 'YToyOntzOjY6Il90b2tlbiI7czo0MDoicUdwa2JiaTVMaklYUmdCdjFxQ3F4RkNYTnlhVEpPUlVnbGxsejZ2TyI7czo2OiJfZmxhc2giO2E6Mjp7czozOiJvbGQiO2E6MDp7fXM6MzoibmV3IjthOjA6e319fQ==', 1760357145),
('2wXddzOfrxK8IClxzLv29MuG7RLHR1nugkolFd61', NULL, '172.71.194.118', 'UptimeMonitor/1.0 (us-east-1 https://uptime-monitor.io)', 'YToyOntzOjY6Il90b2tlbiI7czo0MDoiMjlMYXhXWFBDOE9rTU5ldXZoZ1BIZXpQdWxncGZjd2djcE80YVlmeSI7czo2OiJfZmxhc2giO2E6Mjp7czozOiJvbGQiO2E6MDp7fXM6MzoibmV3IjthOjA6e319fQ==', 1760360174),
('3CccZMOgA19rVrgaBvHSv7mV7YYNxmldpycgT0aY', NULL, '172.69.176.36', 'UptimeMonitor/1.0 (ap-southeast-1 https://uptime-monitor.io)', 'YToyOntzOjY6Il90b2tlbiI7czo0MDoiUEJpNkdKZUwyVUVGV0huZmY4MG9SdHBUbFVZZWFKS0xsSVBYZmlCRiI7czo2OiJfZmxhc2giO2E6Mjp7czozOiJvbGQiO2E6MDp7fXM6MzoibmV3IjthOjA6e319fQ==', 1760356875),
('3eM34iL2G7vddxnXOl8m1bhsVYiJGKZM0RoYnws4', NULL, '172.71.223.78', 'UptimeMonitor/1.0 (us-east-1 https://uptime-monitor.io)', 'YToyOntzOjY6Il90b2tlbiI7czo0MDoiR0l5Um9WVmxNUDhxQVBnekNNa1VKTGppRVk1ZjI2S2psdG5EMFl3NiI7czo2OiJfZmxhc2giO2E6Mjp7czozOiJvbGQiO2E6MDp7fXM6MzoibmV3IjthOjA6e319fQ==', 1760353784),
('3FQ88aQG11tjWg4HPapr3expBQidCHAlAr8MgcNp', NULL, '162.158.163.216', 'UptimeMonitor/1.0 (ap-southeast-1 https://uptime-monitor.io)', 'YToyOntzOjY6Il90b2tlbiI7czo0MDoiYllDbWdFZndYWU42RjlwUXN3VWJ1dVpPVGlMQThHcE85NEQ0bVNXciI7czo2OiJfZmxhc2giO2E6Mjp7czozOiJvbGQiO2E6MDp7fXM6MzoibmV3IjthOjA6e319fQ==', 1760356695),
('3mjtdzAX8zUxovdfpbbO1yHA2Ptro5qGRGhdHllx', NULL, '172.71.124.171', 'UptimeMonitor/1.0 (ap-southeast-1 https://uptime-monitor.io)', 'YToyOntzOjY6Il90b2tlbiI7czo0MDoiY1c3djBoZmdyeDdHQURVbkw2MndSQ0NBd3RUZ2lGaHpGWFdBenBPSCI7czo2OiJfZmxhc2giO2E6Mjp7czozOiJvbGQiO2E6MDp7fXM6MzoibmV3IjthOjA6e319fQ==', 1760356785),
('3vnSulPeTAedjyaTEWXGEbHW1VHMAZ74JiKSU7bT', NULL, '141.101.68.248', 'Mozilla/5.0 (compatible; IbouBot/1.0; +bot@ibou.io; +https://ibou.io/iboubot.html)', 'YTo0OntzOjY6Il90b2tlbiI7czo0MDoibnJlVHVrQ0lXNHZlTTVHSlR0dU42WEIxQzJzd05uZVgyY1dPNE5HdyI7czoxODoiZmxhc2hlcjo6ZW52ZWxvcGVzIjthOjA6e31zOjk6Il9wcmV2aW91cyI7YToxOntzOjM6InVybCI7czo0NjoiaHR0cHM6Ly93d3cuc3dpc3NjYXZpYXJsaWVyaS5jb20vYmxvZy1jb250ZW50MSI7fXM6NjoiX2ZsYXNoIjthOjI6e3M6Mzoib2xkIjthOjA6e31zOjM6Im5ldyI7YTowOnt9fX0=', 1760358215),
('4qZu4Q3uduVWUX0jvclG3QiXhAPhtm2v2EXzcsyb', NULL, '104.23.160.212', 'Mozilla/5.0 (iPad; CPU OS 11_4_1 like Mac OS X) AppleWebKit/605.1.15 (KHTML, like Gecko) Version/11.0 Mobile/15E148 Safari/604.1', 'YTo0OntzOjY6Il90b2tlbiI7czo0MDoieWtVZDZSaHBWa3NWV3AwUzZ5YXFBRmEzMGZPZ1oyT0gwUnRNUkZ5MiI7czoxODoiZmxhc2hlcjo6ZW52ZWxvcGVzIjthOjA6e31zOjk6Il9wcmV2aW91cyI7YToxOntzOjM6InVybCI7czo0OToiaHR0cHM6Ly93d3cuc3dpc3NjYXZpYXJsaWVyaS5jb20vZXhwZXJ0cy1vcGluaW9ucyI7fXM6NjoiX2ZsYXNoIjthOjI6e3M6Mzoib2xkIjthOjA6e31zOjM6Im5ldyI7YTowOnt9fX0=', 1760357888),
('5kYRiiCKjyOiQDPpwRNld6ZsxIpnfed1aQdcrJJk', NULL, '104.23.209.144', 'Mozilla/5.0 AppleWebKit/537.36 (KHTML, like Gecko; compatible; bingbot/2.0; +http://www.bing.com/bingbot.htm) Chrome/116.0.1938.76 Safari/537.36', 'YTo0OntzOjY6Il90b2tlbiI7czo0MDoiandXQnlMOGxFYVJwQWFja3ByM2ljVXJ2WWN6Nnd4VUtsQkNuc2dRNyI7czoxODoiZmxhc2hlcjo6ZW52ZWxvcGVzIjthOjA6e31zOjk6Il9wcmV2aW91cyI7YToxOntzOjM6InVybCI7czo1MDoiaHR0cHM6Ly93d3cuc3dpc3NjYXZpYXJsaWVyaS5jb20vYnJhaW4tZW5oYW5jZW1lbnQiO31zOjY6Il9mbGFzaCI7YToyOntzOjM6Im9sZCI7YTowOnt9czozOiJuZXciO2E6MDp7fX19', 1760360172),
('5M9fL9khqonft7rvu5Ye8OPhrrpBa7TtCO1dyObC', NULL, '104.23.160.212', 'Mozilla/5.0 (iPhone; CPU iPhone OS 11_4_1 like Mac OS X) AppleWebKit/605.1.15 (KHTML, like Gecko) Version/11.0 Mobile/15E148 Safari/604.1', 'YTo0OntzOjY6Il90b2tlbiI7czo0MDoiM203dk9CUEtNR3NKdHJVV2pSaDBvNXpYTlFlYkFHd1k1TG02WVI1bSI7czoxODoiZmxhc2hlcjo6ZW52ZWxvcGVzIjthOjA6e31zOjk6Il9wcmV2aW91cyI7YToxOntzOjM6InVybCI7czo1NToiaHR0cHM6Ly93d3cuc3dpc3NjYXZpYXJsaWVyaS5jb20vc3dpc3MtY2VsbHVsYXItdGhlcmFweSI7fXM6NjoiX2ZsYXNoIjthOjI6e3M6Mzoib2xkIjthOjA6e31zOjM6Im5ldyI7YTowOnt9fX0=', 1760357888),
('5tu05esMtBoDiNiOASGn5mzmH8fe5AvNcL8sVSYZ', NULL, '162.158.78.45', 'UptimeMonitor/1.0 (us-east-1 https://uptime-monitor.io)', 'YToyOntzOjY6Il90b2tlbiI7czo0MDoiVllxSzkxNWRORXp0eHhMeGV6Q1lzaEdCYmhxSENpR3AwSkt6N3RHRSI7czo2OiJfZmxhc2giO2E6Mjp7czozOiJvbGQiO2E6MDp7fXM6MzoibmV3IjthOjA6e319fQ==', 1760354954),
('5znjMLrOO9exFp56zF5BMKtgyyOra0myb8ZjnfuA', NULL, '162.158.108.171', 'UptimeMonitor/1.0 (ap-southeast-1 https://uptime-monitor.io)', 'YToyOntzOjY6Il90b2tlbiI7czo0MDoiWG5LY05BUTRQSWVWZkk3TnlPTUNwRzdtT0JQVW5XZVA5aEZhaEcxZiI7czo2OiJfZmxhc2giO2E6Mjp7czozOiJvbGQiO2E6MDp7fXM6MzoibmV3IjthOjA6e319fQ==', 1760356155),
('61UNhPhba19HiyKx7ksifVP3a58hv67Usfjpyr8e', NULL, '162.158.190.26', 'UptimeMonitor/1.0 (ap-southeast-1 https://uptime-monitor.io)', 'YToyOntzOjY6Il90b2tlbiI7czo0MDoiYW1CRmNjOWE4S1RqMmljb0g2TVNDdUtzdTFBSjY4ZVdsNHZTclp6dSI7czo2OiJfZmxhc2giO2E6Mjp7czozOiJvbGQiO2E6MDp7fXM6MzoibmV3IjthOjA6e319fQ==', 1760359665),
('6agokl7Ma51GIjqFIz8b8FS6b50t8ghDsL69sDyN', NULL, '172.71.124.170', 'UptimeMonitor/1.0 (ap-southeast-1 https://uptime-monitor.io)', 'YToyOntzOjY6Il90b2tlbiI7czo0MDoib2pTZnQwdlRydzR1bVZxdWpGeHB4Z3lndnI5aEtKWVdHWFJZVFh4TCI7czo2OiJfZmxhc2giO2E6Mjp7czozOiJvbGQiO2E6MDp7fXM6MzoibmV3IjthOjA6e319fQ==', 1760356245),
('6DWF4vqWLcI4WqMhz37XfyUnQjkqHCn5GlzAfMqI', NULL, '172.70.35.121', 'jetmon/1.0 (Jetpack Site Uptime Monitor by WordPress.com)', 'YToyOntzOjY6Il90b2tlbiI7czo0MDoiVE9GeGNYcVBnZkdyNU1maUZ3RnN0OWdaSmlpbDNrcXFEWW5YQTNOViI7czo2OiJfZmxhc2giO2E6Mjp7czozOiJvbGQiO2E6MDp7fXM6MzoibmV3IjthOjA6e319fQ==', 1760357896),
('7BPXAzEKSiMDvWj3X4XA1zXIMWoN78EpyZSjr90a', NULL, '172.70.208.129', 'UptimeMonitor/1.0 (ap-southeast-1 https://uptime-monitor.io)', 'YToyOntzOjY6Il90b2tlbiI7czo0MDoieWNsQ2NuYzFDRmlYSVROR2FjUG0zSWhjNERSTEZYNk5QaUtaM1h6RSI7czo2OiJfZmxhc2giO2E6Mjp7czozOiJvbGQiO2E6MDp7fXM6MzoibmV3IjthOjA6e319fQ==', 1760360385),
('7Gcz0RAt2QRvJII8BPiZPVPQ0HSWBqCUZR7SO1nb', NULL, '104.23.160.213', 'Mozilla/5.0 (compatible; Googlebot/2.1; +http://www.google.com/bot.html)', 'YTo0OntzOjY6Il90b2tlbiI7czo0MDoiQXcxaktYcTdLdE1KOGFmUklEaVh5ZHFqYkpnUDEyU3lOdDdGZ1k5biI7czoxODoiZmxhc2hlcjo6ZW52ZWxvcGVzIjthOjA6e31zOjk6Il9wcmV2aW91cyI7YToxOntzOjM6InVybCI7czozNzoiaHR0cHM6Ly93d3cuc3dpc3NjYXZpYXJsaWVyaS5jb20vY2FydCI7fXM6NjoiX2ZsYXNoIjthOjI6e3M6Mzoib2xkIjthOjA6e31zOjM6Im5ldyI7YTowOnt9fX0=', 1760357888),
('7ib7ArKriDpgmmjRmnxuvmCtouB26tVbkiwg4act', NULL, '172.70.208.129', 'UptimeMonitor/1.0 (ap-southeast-1 https://uptime-monitor.io)', 'YToyOntzOjY6Il90b2tlbiI7czo0MDoia2tHZzJjWXhqdUg0SERpVDJIU3FzYUdVcnFISFdPV2JmQWpGSGx4OCI7czo2OiJfZmxhc2giO2E6Mjp7czozOiJvbGQiO2E6MDp7fXM6MzoibmV3IjthOjA6e319fQ==', 1760359575),
('7SKp5j8Bmh8LsShawxTP1dRoThScT2xbTDcRORsr', NULL, '172.71.115.59', 'Mozilla/5.0 AppleWebKit/537.36 (KHTML, like Gecko); compatible; ChatGPT-User/1.0; +https://openai.com/bot', 'YTo0OntzOjY6Il90b2tlbiI7czo0MDoiME5EQ2NCWWQ2aW9hQVM1TTc4RDRrbGw0TjBLRmIzZktqTnJuUHZKUCI7czoxODoiZmxhc2hlcjo6ZW52ZWxvcGVzIjthOjA6e31zOjk6Il9wcmV2aW91cyI7YToxOntzOjM6InVybCI7czo2MDoiaHR0cHM6Ly93d3cuc3dpc3NjYXZpYXJsaWVyaS5jb20vY29udHJvbC1oaWdoLWJsb29kLXByZXNzdXJlIjt9czo2OiJfZmxhc2giO2E6Mjp7czozOiJvbGQiO2E6MDp7fXM6MzoibmV3IjthOjA6e319fQ==', 1760355347),
('7z8V5QNlIs9VzAe0A3XeCit5jq8108y2JttEhBdU', NULL, '172.71.223.77', 'UptimeMonitor/1.0 (us-east-1 https://uptime-monitor.io)', 'YToyOntzOjY6Il90b2tlbiI7czo0MDoiVVdUVUpIREpGTjFoaFdPVXZKT0wwZWlXcEdUWHJHTk5jaktiVllGZSI7czo2OiJfZmxhc2giO2E6Mjp7czozOiJvbGQiO2E6MDp7fXM6MzoibmV3IjthOjA6e319fQ==', 1760357024),
('8zAdYwJcJ4z4xcThsHhHda35YeHjevVpxCquymkj', NULL, '172.70.35.121', 'UptimeMonitor/1.0 (us-east-1 https://uptime-monitor.io)', 'YToyOntzOjY6Il90b2tlbiI7czo0MDoiRkZvTUQ5QkFWWXVoMGpnREhXYjFReTVteGl0ZnhSVFZHMHlBUjNCYyI7czo2OiJfZmxhc2giO2E6Mjp7czozOiJvbGQiO2E6MDp7fXM6MzoibmV3IjthOjA6e319fQ==', 1760359994),
('91ePQueqI1U2NDMG2pPuWfvcuWmfAggpfRIhtHUP', NULL, '172.68.245.104', 'UptimeMonitor/1.0 (us-east-1 https://uptime-monitor.io)', 'YToyOntzOjY6Il90b2tlbiI7czo0MDoib1RQZHRpSkNISE13YzY5S2RjbTlJN2JuNlZVYTVoc2cxUzF0Tk5GUyI7czo2OiJfZmxhc2giO2E6Mjp7czozOiJvbGQiO2E6MDp7fXM6MzoibmV3IjthOjA6e319fQ==', 1760356844),
('982u30miHFwzTtgf9RD2B3Cw1Gme7Oy7qZINnd3P', NULL, '172.71.82.96', 'UptimeMonitor/1.0 (ap-southeast-1 https://uptime-monitor.io)', 'YToyOntzOjY6Il90b2tlbiI7czo0MDoiTzAwSGYwUjhNRTFacjJYenQ1Tm5pbzNPTHY0dmpJemdjQWxoaXRweiI7czo2OiJfZmxhc2giO2E6Mjp7czozOiJvbGQiO2E6MDp7fXM6MzoibmV3IjthOjA6e319fQ==', 1760355885),
('9AAO6zlRGTo4gl2DhG9hQdwkX8qGpuLMlQrucn7w', NULL, '172.71.223.78', 'UptimeMonitor/1.0 (us-east-1 https://uptime-monitor.io)', 'YToyOntzOjY6Il90b2tlbiI7czo0MDoiREFabWN0ekpVblRxZWwxQXYwdVBEWU1xTlBSMEpCZU9CRGZESmNlQiI7czo2OiJfZmxhc2giO2E6Mjp7czozOiJvbGQiO2E6MDp7fXM6MzoibmV3IjthOjA6e319fQ==', 1760353874),
('9FnAKbX4KvnPSh4FdsmyOrDAJg9R0CgH1X36WB3M', NULL, '172.71.82.96', 'UptimeMonitor/1.0 (ap-southeast-1 https://uptime-monitor.io)', 'YToyOntzOjY6Il90b2tlbiI7czo0MDoiZzhlRkRRRWVKVE90VWRrUWZHU0RVTHlvOHZ1WFRBS3hRYWk2enZmWiI7czo2OiJfZmxhc2giO2E6Mjp7czozOiJvbGQiO2E6MDp7fXM6MzoibmV3IjthOjA6e319fQ==', 1760355255),
('9Ho0ad53AgjbiSH6knkiliLT52TpJgHWo41zx4Rv', NULL, '162.158.108.171', 'UptimeMonitor/1.0 (ap-southeast-1 https://uptime-monitor.io)', 'YToyOntzOjY6Il90b2tlbiI7czo0MDoieFlHWFRyeWR4RlczUFczSzNaM21NQlJVUGgxUmhUVTJKUEtzSUR3QyI7czo2OiJfZmxhc2giO2E6Mjp7czozOiJvbGQiO2E6MDp7fXM6MzoibmV3IjthOjA6e319fQ==', 1760353365),
('9lF3o2Jd31GcbNJSPG5MRHmYdXrU5yTQlBZ4R3Uz', NULL, '104.23.160.213', 'Mozilla/5.0 (Windows NT 6.1) AppleWebKit/537.36 (KHTML, like Gecko) Chrome/67.0.3396.99 Safari/537.36', 'YTo0OntzOjY6Il90b2tlbiI7czo0MDoiQ3VYVUl4RXVETGQ1UW5WSHlCVmVDY1BMUVNsOG1hNGhVR2E2dGVoUSI7czoxODoiZmxhc2hlcjo6ZW52ZWxvcGVzIjthOjA6e31zOjk6Il9wcmV2aW91cyI7YToxOntzOjM6InVybCI7czo1MzoiaHR0cHM6Ly93d3cuc3dpc3NjYXZpYXJsaWVyaS5jb20vb3V0c3RhbmRpbmctYmVuZWZpdHMiO31zOjY6Il9mbGFzaCI7YToyOntzOjM6Im9sZCI7YTowOnt9czozOiJuZXciO2E6MDp7fX19', 1760357888),
('9Rrv2Yxksa2mCU830SnIdv77H2u8fwKHoPx4b0vA', NULL, '104.23.175.158', 'UptimeMonitor/1.0 (ap-southeast-1 https://uptime-monitor.io)', 'YToyOntzOjY6Il90b2tlbiI7czo0MDoic2N4TnFlNHJidXA5ckpUZHNEODBkalZtWFFWOGlkMmplNWpwTzkyUCI7czo2OiJfZmxhc2giO2E6Mjp7czozOiJvbGQiO2E6MDp7fXM6MzoibmV3IjthOjA6e319fQ==', 1760358765),
('9Zca2KAz0DSjvFIQ3jsouKOXVFF543Ro27IF0CbD', NULL, '172.70.216.63', 'Mozilla/5.0 AppleWebKit/537.36 (KHTML, like Gecko); compatible; ChatGPT-User/1.0; +https://openai.com/bot', 'YTo0OntzOjY6Il90b2tlbiI7czo0MDoiYUxpSjhFSkRiVk53UDI5NEFYSzd5cjJGQWJmWG13allJR0VkS3h0byI7czoxODoiZmxhc2hlcjo6ZW52ZWxvcGVzIjthOjA6e31zOjk6Il9wcmV2aW91cyI7YToxOntzOjM6InVybCI7czo0MToiaHR0cHM6Ly93d3cuc3dpc3NjYXZpYXJsaWVyaS5jb20vaW1tdW5pdHkiO31zOjY6Il9mbGFzaCI7YToyOntzOjM6Im9sZCI7YTowOnt9czozOiJuZXciO2E6MDp7fX19', 1760356823),
('ADmqIw8hFMHC9dDVVQ8Mo3Z1hKhIJ1WIaonFTTiH', NULL, '162.158.190.25', 'UptimeMonitor/1.0 (ap-southeast-1 https://uptime-monitor.io)', 'YToyOntzOjY6Il90b2tlbiI7czo0MDoiRmVzbmJ3UTR5b1p1WHBuQlR6eXNyVDVWVDhBbGp3emI1TW1OSTJtciI7czo2OiJfZmxhc2giO2E6Mjp7czozOiJvbGQiO2E6MDp7fXM6MzoibmV3IjthOjA6e319fQ==', 1760353815),
('aEoUUeUOLiEdeGqecR9dao356He3lLYQWGjk17fW', NULL, '172.71.223.77', 'UptimeMonitor/1.0 (us-east-1 https://uptime-monitor.io)', 'YToyOntzOjY6Il90b2tlbiI7czo0MDoicHpLWHZqaUFvS3FkNXlLTHUwU3pleVlQTGNSdW16N3BvUzd0RGJzbCI7czo2OiJfZmxhc2giO2E6Mjp7czozOiJvbGQiO2E6MDp7fXM6MzoibmV3IjthOjA6e319fQ==', 1760353334),
('agehjJAaLOxqOjwsFgssBFKmLgj1ZL4ME2LONMbE', NULL, '172.69.176.37', 'UptimeMonitor/1.0 (ap-southeast-1 https://uptime-monitor.io)', 'YToyOntzOjY6Il90b2tlbiI7czo0MDoiZm5yU1BLWG9pd2JjWkdCSHRhVmN0YXFSMkM4aE5SRWtvUWtseVB3ciI7czo2OiJfZmxhc2giO2E6Mjp7czozOiJvbGQiO2E6MDp7fXM6MzoibmV3IjthOjA6e319fQ==', 1760359485),
('aITBblQml5YEigM4Xz8MrIANaCKPDj6AQCDETD8H', NULL, '162.158.152.181', 'UptimeMonitor/1.0 (us-east-1 https://uptime-monitor.io)', 'YToyOntzOjY6Il90b2tlbiI7czo0MDoidGx4UHRFNEtwRGZwUkgxcDdSaWhoRDRXS215Y2phR1puRzJUYkh4aCI7czo2OiJfZmxhc2giO2E6Mjp7czozOiJvbGQiO2E6MDp7fXM6MzoibmV3IjthOjA6e319fQ==', 1760359454),
('atQ1sq86wJ6uwloQQlBmPSbnzJhNfuv6jArKPHb9', NULL, '162.158.190.25', 'UptimeMonitor/1.0 (ap-southeast-1 https://uptime-monitor.io)', 'YToyOntzOjY6Il90b2tlbiI7czo0MDoiNTVSNENuQzBmTnBQU0xNbHY0aFRwRzhua21BWUtOUFFBSmJJbldyeSI7czo2OiJfZmxhc2giO2E6Mjp7czozOiJvbGQiO2E6MDp7fXM6MzoibmV3IjthOjA6e319fQ==', 1760354265),
('AUpyozWpIoI6sfa3iQSri5YYNMthanwgotwJ2ZWo', NULL, '172.70.43.99', 'UptimeMonitor/1.0 (us-east-1 https://uptime-monitor.io)', 'YToyOntzOjY6Il90b2tlbiI7czo0MDoiRDBnWFp3YVk1M0x1QVRLZHZmMENxc0U0bkJpSkxaRVhUTUloZGp5ZCI7czo2OiJfZmxhc2giO2E6Mjp7czozOiJvbGQiO2E6MDp7fXM6MzoibmV3IjthOjA6e319fQ==', 1760358734),
('aZCqtkqOSrulavVwukpNwSuk5ua2QQoUgCKK9KdX', NULL, '172.71.191.55', 'UptimeMonitor/1.0 (us-east-1 https://uptime-monitor.io)', 'YToyOntzOjY6Il90b2tlbiI7czo0MDoiNHFWc2htbFBjY2l0aUZLTXIwbkRIT1VUWU1NS2JlektDdVhnd2NSZiI7czo2OiJfZmxhc2giO2E6Mjp7czozOiJvbGQiO2E6MDp7fXM6MzoibmV3IjthOjA6e319fQ==', 1760360084),
('AZWuMkUp3balE30PdycAZ6CUWke2nkk2igVJEqlX', NULL, '172.68.245.104', 'UptimeMonitor/1.0 (us-east-1 https://uptime-monitor.io)', 'YToyOntzOjY6Il90b2tlbiI7czo0MDoiMmJxNUpSUkFsemQxM0pnWlB0dE9PSkdIZG9hR1M5TUJiM0VTOWc4eCI7czo2OiJfZmxhc2giO2E6Mjp7czozOiJvbGQiO2E6MDp7fXM6MzoibmV3IjthOjA6e319fQ==', 1760353514),
('b79mBVpFb9fTNCWQiCBgz0WPp0yndqTVJ1fncMAC', NULL, '162.158.190.26', 'UptimeMonitor/1.0 (ap-southeast-1 https://uptime-monitor.io)', 'YToyOntzOjY6Il90b2tlbiI7czo0MDoiT3NOVXJaM2lBZThxNGdMYVFORVB4VjZySmFhb1B2MlNVMDJ6ZWFKeiI7czo2OiJfZmxhc2giO2E6Mjp7czozOiJvbGQiO2E6MDp7fXM6MzoibmV3IjthOjA6e319fQ==', 1760355615),
('B7I91NjF6jW1sIrAxFTVueR6KawEOIRmHSJLwYzW', NULL, '172.71.194.119', 'UptimeMonitor/1.0 (us-east-1 https://uptime-monitor.io)', 'YToyOntzOjY6Il90b2tlbiI7czo0MDoiQXUyektMNVN0c0NmSmQ3OWRwV2FpY1BLZ2hCWFR6ZHMzdU9Kb29vRiI7czo2OiJfZmxhc2giO2E6Mjp7czozOiJvbGQiO2E6MDp7fXM6MzoibmV3IjthOjA6e319fQ==', 1760355134),
('BBhDHOpMQtMKhKX7mkC4eNGVrbgssUyhSs3ERz2S', NULL, '172.68.151.143', 'Mozilla/5.0 (compatible; IbouBot/1.0; +bot@ibou.io; +https://ibou.io/iboubot.html)', 'YTo0OntzOjY6Il90b2tlbiI7czo0MDoiU2t3bGd0c0pKMmlNNkVuckJrMXo0bm1zSnlraE0wNWtzaTUwc3RubSI7czoxODoiZmxhc2hlcjo6ZW52ZWxvcGVzIjthOjA6e31zOjk6Il9wcmV2aW91cyI7YToxOntzOjM6InVybCI7czo2MDoiaHR0cHM6Ly93d3cuc3dpc3NjYXZpYXJsaWVyaS5jb20vY29udHJvbC1oaWdoLWJsb29kLXByZXNzdXJlIjt9czo2OiJfZmxhc2giO2E6Mjp7czozOiJvbGQiO2E6MDp7fXM6MzoibmV3IjthOjA6e319fQ==', 1760358352),
('bGNAQrSqC7doU9FLUDA7jHwTkPH89GPih4PLWpxu', NULL, '162.158.190.25', 'UptimeMonitor/1.0 (ap-southeast-1 https://uptime-monitor.io)', 'YToyOntzOjY6Il90b2tlbiI7czo0MDoiNExwNXBlMzQ0WGRvRnROQjZqMWRIUWdBNmhtWFIxTW1hUlBDM1lhaiI7czo2OiJfZmxhc2giO2E6Mjp7czozOiJvbGQiO2E6MDp7fXM6MzoibmV3IjthOjA6e319fQ==', 1760358225),
('bjwlbmeiiAx75k2tPkBBdGOGYGuiS96GsyL885ah', NULL, '104.23.175.159', 'UptimeMonitor/1.0 (ap-southeast-1 https://uptime-monitor.io)', 'YToyOntzOjY6Il90b2tlbiI7czo0MDoiOHJLejZWZWIwMmFsT1RONGRWMm1ZMUhaMkRBeVVMaVkxbkFReWdVWCI7czo2OiJfZmxhc2giO2E6Mjp7czozOiJvbGQiO2E6MDp7fXM6MzoibmV3IjthOjA6e319fQ==', 1760360565),
('bnmkAXn3DteEH8hd5gh2tP4oUwTrluv0lnRqC6GD', NULL, '108.162.226.161', 'UptimeMonitor/1.0 (ap-southeast-1 https://uptime-monitor.io)', 'YToyOntzOjY6Il90b2tlbiI7czo0MDoiQ3QzdnZBc2drUHpHWkJLZHo2TVV5OThKSk8xTll4NnViVGR1UG5ESiI7czo2OiJfZmxhc2giO2E6Mjp7czozOiJvbGQiO2E6MDp7fXM6MzoibmV3IjthOjA6e319fQ==', 1760355795),
('BrMHNEIll3I6a7kJAZGcwVtP7yBrKUaukIMa3pTC', NULL, '172.70.208.129', 'UptimeMonitor/1.0 (ap-southeast-1 https://uptime-monitor.io)', 'YToyOntzOjY6Il90b2tlbiI7czo0MDoienlpY1A5TDN0RklyV2o5Z3AwYXV6VlIxbFE2czdMUUt6MDNnZDZadiI7czo2OiJfZmxhc2giO2E6Mjp7czozOiJvbGQiO2E6MDp7fXM6MzoibmV3IjthOjA6e319fQ==', 1760354895),
('bRvAondRO8YcrsdQ4zH1aYqQPHGeloJSZDcY84Z7', NULL, '172.70.38.70', 'UptimeMonitor/1.0 (us-east-1 https://uptime-monitor.io)', 'YToyOntzOjY6Il90b2tlbiI7czo0MDoiQ2I5eDZiRGxoWERiOU1CY2dlNEtDSzhodURhcUhyY0tlOUFvUkZEZiI7czo2OiJfZmxhc2giO2E6Mjp7czozOiJvbGQiO2E6MDp7fXM6MzoibmV3IjthOjA6e319fQ==', 1760359004),
('bt25LCkr7dWdmDxJ7eqEQcjn77DOANkBSFQJiQ8l', NULL, '172.70.38.71', 'UptimeMonitor/1.0 (us-east-1 https://uptime-monitor.io)', 'YToyOntzOjY6Il90b2tlbiI7czo0MDoiRWFkN1NOVXNEcTJ1Y3BvcFk3dkxJUjBuZGhud3N1VHFKSmVkSFF0VSI7czo2OiJfZmxhc2giO2E6Mjp7czozOiJvbGQiO2E6MDp7fXM6MzoibmV3IjthOjA6e319fQ==', 1760355584),
('bWnQ8dNk3TKdrsIemgbe9dL57A8uQFWEUEel2V4S', NULL, '172.70.35.121', 'jetmon/1.0 (Jetpack Site Uptime Monitor by WordPress.com)', 'YToyOntzOjY6Il90b2tlbiI7czo0MDoiSWdSVkRmOThJV0lsdnBvVHRwY0V1WUM3cnFCRnNxMGZoc0NlVlIwMSI7czo2OiJfZmxhc2giO2E6Mjp7czozOiJvbGQiO2E6MDp7fXM6MzoibmV3IjthOjA6e319fQ==', 1760356095),
('C3JxliwCXBNogMSgOp0uyr1dxMgJgKSx6aepGDkX', NULL, '172.71.223.78', 'UptimeMonitor/1.0 (us-east-1 https://uptime-monitor.io)', 'YToyOntzOjY6Il90b2tlbiI7czo0MDoielFsMVBIWHY0UGxtRWJrSTF0R3JSd0UybGNUZ0VUMlJQUHF4VUhXUyI7czo2OiJfZmxhc2giO2E6Mjp7czozOiJvbGQiO2E6MDp7fXM6MzoibmV3IjthOjA6e319fQ==', 1760360984),
('ca5mXNIpQ8fustBcMS82Nz4JP2sluiDIOwbu1Z8O', NULL, '172.70.175.2', 'UptimeMonitor/1.0 (us-east-1 https://uptime-monitor.io)', 'YToyOntzOjY6Il90b2tlbiI7czo0MDoiRndCS0psY0JlTzF6QVFGbmJteTg1TVRycGR5dG9xYWxQU3hmQVUwSiI7czo2OiJfZmxhc2giO2E6Mjp7czozOiJvbGQiO2E6MDp7fXM6MzoibmV3IjthOjA6e319fQ==', 1760357744),
('CBuBFND7Yj6l5g867JWCTjvdoYFOmWW84skiXFMM', NULL, '172.71.194.119', 'UptimeMonitor/1.0 (us-east-1 https://uptime-monitor.io)', 'YToyOntzOjY6Il90b2tlbiI7czo0MDoiak9VeHMyTzBndzVBVzVsV3NkRDNRVGg5eVpzYVJLRTE1MWxVN1pxTSI7czo2OiJfZmxhc2giO2E6Mjp7czozOiJvbGQiO2E6MDp7fXM6MzoibmV3IjthOjA6e319fQ==', 1760357924),
('CfKYWgiUcgU6PvC5nOZ3qR3ZsUDGpnGd0iHCCIfI', NULL, '172.70.208.129', 'UptimeMonitor/1.0 (ap-southeast-1 https://uptime-monitor.io)', 'YToyOntzOjY6Il90b2tlbiI7czo0MDoiSzFlVVFidmtLaTdvNEVFRllsZTk1MFFCMGVVMjR2Qk91QVBQMmdWdyI7czo2OiJfZmxhc2giO2E6Mjp7czozOiJvbGQiO2E6MDp7fXM6MzoibmV3IjthOjA6e319fQ==', 1760359395),
('ckUh6BVjvExUEAlQTu4Gdztgx23jnB5Tgw9CxnPm', NULL, '172.70.142.108', 'UptimeMonitor/1.0 (ap-southeast-1 https://uptime-monitor.io)', 'YToyOntzOjY6Il90b2tlbiI7czo0MDoiWmsxVlpoaVJRY25Mb3RsWGF5bUxtenF5ZmVycExkRlhRdG9sN0JnMiI7czo2OiJfZmxhc2giO2E6Mjp7czozOiJvbGQiO2E6MDp7fXM6MzoibmV3IjthOjA6e319fQ==', 1760360295),
('cKYF8K9BstigwqmRuvuiom2RN9f3Q0lmVAuo819u', NULL, '162.158.78.44', 'UptimeMonitor/1.0 (us-east-1 https://uptime-monitor.io)', 'YToyOntzOjY6Il90b2tlbiI7czo0MDoiOXNaRG93bFU0bDVtVVNxa1dCbGpMM1hCdGhjM1BEaDZPVThrQzRxMyI7czo2OiJfZmxhc2giO2E6Mjp7czozOiJvbGQiO2E6MDp7fXM6MzoibmV3IjthOjA6e319fQ==', 1760357204),
('CmWXnEY6NFWK1uFEg8n15JXCKf3rDm9nqlcId8QS', NULL, '172.70.135.67', 'UptimeMonitor/1.0 (us-east-1 https://uptime-monitor.io)', 'YToyOntzOjY6Il90b2tlbiI7czo0MDoiaXJxZUdPMTV3dFFPRVhhOWNHT0ZESmpwc1RKSG0yUlFYSDY0UzBONSI7czo2OiJfZmxhc2giO2E6Mjp7czozOiJvbGQiO2E6MDp7fXM6MzoibmV3IjthOjA6e319fQ==', 1760359634),
('CNyUk4dYOnQddLRa7XMDSoaSGz4bmgLmuAMpE5fF', NULL, '172.71.223.78', 'UptimeMonitor/1.0 (us-east-1 https://uptime-monitor.io)', 'YToyOntzOjY6Il90b2tlbiI7czo0MDoiSnd4dGgzZlp6S2FvQlJpM284elluM1g5Q1FySjdJNHExYTJQVWpSOCI7czo2OiJfZmxhc2giO2E6Mjp7czozOiJvbGQiO2E6MDp7fXM6MzoibmV3IjthOjA6e319fQ==', 1760355944),
('csNXeQUiFOulQjp8cNB7reAoxBA5KwVzmjZe3kJJ', NULL, '172.69.176.36', 'UptimeMonitor/1.0 (ap-southeast-1 https://uptime-monitor.io)', 'YToyOntzOjY6Il90b2tlbiI7czo0MDoidDRpbVFJb3R0dnZaQVJCMlFjc0hRQ29zYnBjTVRXZGNCM0JFV1NhUCI7czo2OiJfZmxhc2giO2E6Mjp7czozOiJvbGQiO2E6MDp7fXM6MzoibmV3IjthOjA6e319fQ==', 1760357685),
('CZ14aVNdwLh2iQ8Exm3titvB8yfOKCUn7Tm8Ahms', NULL, '162.158.190.25', 'UptimeMonitor/1.0 (ap-southeast-1 https://uptime-monitor.io)', 'YToyOntzOjY6Il90b2tlbiI7czo0MDoiUjlCdkZ3SVY4OERXdGNLUjk5SWlHdHpua2lBTTVySFY3czcwcEdVUSI7czo2OiJfZmxhc2giO2E6Mjp7czozOiJvbGQiO2E6MDp7fXM6MzoibmV3IjthOjA6e319fQ==', 1760355975),
('D4RWLSrPp4i5iCqrr8pFiYVBdqsDLto5CW65pDrk', NULL, '172.71.223.77', 'UptimeMonitor/1.0 (us-east-1 https://uptime-monitor.io)', 'YToyOntzOjY6Il90b2tlbiI7czo0MDoiVlhaa2tSeUZQY1NqNnh5M0dMUm9TRXpRZWExbmVISFJLRk1aN3pGeSI7czo2OiJfZmxhc2giO2E6Mjp7czozOiJvbGQiO2E6MDp7fXM6MzoibmV3IjthOjA6e319fQ==', 1760353964),
('dbdBJci3HNSTzQGxK4iZz4KUk6LuFhbTN3ygBRyL', NULL, '104.23.209.131', 'UptimeMonitor/1.0 (us-east-1 https://uptime-monitor.io)', 'YToyOntzOjY6Il90b2tlbiI7czo0MDoidnZ2OFU1UjMzVkFMclhHN0FmWk1zaGpsVWtSdm93RTFkRVBPYUwwdCI7czo2OiJfZmxhc2giO2E6Mjp7czozOiJvbGQiO2E6MDp7fXM6MzoibmV3IjthOjA6e319fQ==', 1760361074),
('dBKy9ZJbDbyKjcmOlfCyI4vjeAR1Fu05lbZBRSax', NULL, '172.71.190.17', 'jetmon/1.0 (Jetpack Site Uptime Monitor by WordPress.com)', 'YToyOntzOjY6Il90b2tlbiI7czo0MDoiejl6bGNGRXhBVm9qOHFwbFdCOUVUT3ROYWNQMUlUbHVGN3RRWXdXeSI7czo2OiJfZmxhc2giO2E6Mjp7czozOiJvbGQiO2E6MDp7fXM6MzoibmV3IjthOjA6e319fQ==', 1760355797),
('DBNTEydXEiCAptjx59v4vQIrJVMiiQbzpEMlyAQi', NULL, '162.158.106.121', 'UptimeMonitor/1.0 (ap-southeast-1 https://uptime-monitor.io)', 'YToyOntzOjY6Il90b2tlbiI7czo0MDoicWxlb25NTXpMcG9lTWV6TThHcEhKWnVmb0JLSW9GWjVlNkhPSWxHTyI7czo2OiJfZmxhc2giO2E6Mjp7czozOiJvbGQiO2E6MDp7fXM6MzoibmV3IjthOjA6e319fQ==', 1760359035),
('deA8QVCnW4D5sod3qgC7Tole761WxhgPQ5BgNRVl', NULL, '172.71.194.118', 'UptimeMonitor/1.0 (us-east-1 https://uptime-monitor.io)', 'YToyOntzOjY6Il90b2tlbiI7czo0MDoiZzg4UE5nOFVUeU9SS0tlNFBob25qeTRsRHZqaTBHQ3hIWk9mRTJrbSI7czo2OiJfZmxhc2giO2E6Mjp7czozOiJvbGQiO2E6MDp7fXM6MzoibmV3IjthOjA6e319fQ==', 1760358374),
('dKhcbTsmoVK66MoVP9Ggh13CXNCWK5WecMp4m3wE', NULL, '141.101.68.249', 'Mozilla/5.0 (compatible; AhrefsBot/7.0; +http://ahrefs.com/robot/)', 'YTo0OntzOjY6Il90b2tlbiI7czo0MDoiS0t2RHhKejNYUlF3eXZsSzhRNlpkak9WU05vQWVsZXNIR0Z4b1VkTSI7czoxODoiZmxhc2hlcjo6ZW52ZWxvcGVzIjthOjA6e31zOjk6Il9wcmV2aW91cyI7YToxOntzOjM6InVybCI7czo0NjoiaHR0cHM6Ly93d3cuc3dpc3NjYXZpYXJsaWVyaS5jb20vYmxvZy1jb250ZW50MiI7fXM6NjoiX2ZsYXNoIjthOjI6e3M6Mzoib2xkIjthOjA6e31zOjM6Im5ldyI7YTowOnt9fX0=', 1760353685),
('DkNcvyZrTOuUcFeTeFrO6kYhgEgmYBNVoaIzzWWV', NULL, '172.70.142.108', 'UptimeMonitor/1.0 (ap-southeast-1 https://uptime-monitor.io)', 'YToyOntzOjY6Il90b2tlbiI7czo0MDoiMXlidk9NTHNZSDU3V1E5WmwybXNsOEptNVUydTl0dk1JT2thSldIcCI7czo2OiJfZmxhc2giO2E6Mjp7czozOiJvbGQiO2E6MDp7fXM6MzoibmV3IjthOjA6e319fQ==', 1760359305),
('dseDWsq7PEfW8b3MWJVJxgsvOusGUv55qQWp1GX6', NULL, '104.23.160.212', 'Mozilla/5.0 (compatible; Googlebot/2.1; +http://www.google.com/bot.html)', 'YTo0OntzOjY6Il90b2tlbiI7czo0MDoiNnR2MHV3NDVRa0RROUROYW5jbEtMdFdtNzdub3hvMzF1OElVR3NpNCI7czoxODoiZmxhc2hlcjo6ZW52ZWxvcGVzIjthOjA6e31zOjk6Il9wcmV2aW91cyI7YToxOntzOjM6InVybCI7czozMjoiaHR0cHM6Ly93d3cuc3dpc3NjYXZpYXJsaWVyaS5jb20iO31zOjY6Il9mbGFzaCI7YToyOntzOjM6Im9sZCI7YTowOnt9czozOiJuZXciO2E6MDp7fX19', 1760357886),
('DxbKsjtps3NKra413i90t9ijIht6mT2IShSe6fdw', NULL, '172.68.245.104', 'UptimeMonitor/1.0 (us-east-1 https://uptime-monitor.io)', 'YToyOntzOjY6Il90b2tlbiI7czo0MDoiV2M5Rk8wTWxpUGtObDdVekplQVJOUVd3cEpWTzhtZEs3ajU5cWdlViI7czo2OiJfZmxhc2giO2E6Mjp7czozOiJvbGQiO2E6MDp7fXM6MzoibmV3IjthOjA6e319fQ==', 1760355314),
('e3gvTQcv9HznB2ZFcw9zK6uURRVcTQAO5ECfK6yc', NULL, '172.68.164.47', 'UptimeMonitor/1.0 (ap-southeast-1 https://uptime-monitor.io)', 'YToyOntzOjY6Il90b2tlbiI7czo0MDoiYjQ4SFZYY3FJQUQ3ZGdLcllkanNUOHRrS3ZTbHl0M3VBMFdWSDkxZCI7czo2OiJfZmxhc2giO2E6Mjp7czozOiJvbGQiO2E6MDp7fXM6MzoibmV3IjthOjA6e319fQ==', 1760356425),
('EgkufXdSG3UFzdNS3fggXC5o7H85alfoeykYdpil', NULL, '172.68.245.104', 'UptimeMonitor/1.0 (us-east-1 https://uptime-monitor.io)', 'YToyOntzOjY6Il90b2tlbiI7czo0MDoiRkdJeENCZEV1enpBSU1pVmVaR3AxdzlKV0ZqZjI1TTlTYnY1Z2VyRiI7czo2OiJfZmxhc2giO2E6Mjp7czozOiJvbGQiO2E6MDp7fXM6MzoibmV3IjthOjA6e319fQ==', 1760361344),
('eMIHL2MqdIcdO4iEaHWbq1qky2LkJTb1vyNJqot3', NULL, '172.68.245.104', 'UptimeMonitor/1.0 (us-east-1 https://uptime-monitor.io)', 'YToyOntzOjY6Il90b2tlbiI7czo0MDoieEtsTEF0THh1Nncxa0hEelhyNkJ4ZjFOWEY2ekdOZDdTemxIN2dRaSI7czo2OiJfZmxhc2giO2E6Mjp7czozOiJvbGQiO2E6MDp7fXM6MzoibmV3IjthOjA6e319fQ==', 1760357384),
('ePMyBtdhlF2or3iRSwRR1q1Iz1is3Q4BExyxXIR4', NULL, '172.70.34.52', 'jetmon/1.0 (Jetpack Site Uptime Monitor by WordPress.com)', 'YToyOntzOjY6Il90b2tlbiI7czo0MDoidm55dklMQnNPZmMyZkRKY2RRT2RLWG15eHFlRmRMa1Y5VnRBOEZUbyI7czo2OiJfZmxhc2giO2E6Mjp7czozOiJvbGQiO2E6MDp7fXM6MzoibmV3IjthOjA6e319fQ==', 1760354296),
('eQhXeuBdX997mzu7Bdas5l3MKHYODRow6S7T8ZKH', NULL, '108.162.226.160', 'UptimeMonitor/1.0 (ap-southeast-1 https://uptime-monitor.io)', 'YToyOntzOjY6Il90b2tlbiI7czo0MDoiaHJEWDlpbE1lSDJ4NG9TOEpTUmRUZTVoOWR0ZlRDRFQ1TTJ4dFRPaiI7czo2OiJfZmxhc2giO2E6Mjp7czozOiJvbGQiO2E6MDp7fXM6MzoibmV3IjthOjA6e319fQ==', 1760357595),
('eYa0jrtpRCUJr91be5DsCGZYYz46jRtUt7TofRRe', NULL, '162.158.216.76', 'Mozilla/5.0 (iPhone; CPU iPhone OS 18_6_2 like Mac OS X) AppleWebKit/605.1.15 (KHTML, like Gecko) GSA/389.2.814818472 Mobile/15E148 Safari/604.1', 'YTo0OntzOjY6Il90b2tlbiI7czo0MDoieDV3TElvMm9iSmNVYW5vUXlFWTh2QjNwTW9lYmNWOVlIVkJMWEtUdiI7czoxODoiZmxhc2hlcjo6ZW52ZWxvcGVzIjthOjA6e31zOjk6Il9wcmV2aW91cyI7YToxOntzOjM6InVybCI7czozNzoiaHR0cHM6Ly93d3cuc3dpc3NjYXZpYXJsaWVyaS5jb20vY2FydCI7fXM6NjoiX2ZsYXNoIjthOjI6e3M6Mzoib2xkIjthOjA6e31zOjM6Im5ldyI7YTowOnt9fX0=', 1760357734),
('EzrfQ2AjkOjxagHsj9uvIZwreVbF5nJWYVDwA6UF', NULL, '172.70.208.128', 'UptimeMonitor/1.0 (ap-southeast-1 https://uptime-monitor.io)', 'YToyOntzOjY6Il90b2tlbiI7czo0MDoiVjJlOXdsVVQ0d1hrQUhzWHNDVk5FZDJGWmdKZG5CYlY4ZlRFYkh4YSI7czo2OiJfZmxhc2giO2E6Mjp7czozOiJvbGQiO2E6MDp7fXM6MzoibmV3IjthOjA6e319fQ==', 1760354175),
('F2DCT0k2vdMfk9HA7ib1slj9dT7OBa1fDGAXp8FC', NULL, '172.71.190.17', 'UptimeMonitor/1.0 (us-east-1 https://uptime-monitor.io)', 'YToyOntzOjY6Il90b2tlbiI7czo0MDoiMERDVFB2T2tVZmw4S0dONk1UNURTcGlEU2hBOFFPNGI4ZjY3ZU81ZiI7czo2OiJfZmxhc2giO2E6Mjp7czozOiJvbGQiO2E6MDp7fXM6MzoibmV3IjthOjA6e319fQ==', 1760358104),
('F8avaa9gEdk7JjiJim9McpXK6zziCWwlYqBfyT2l', NULL, '172.70.38.113', 'UptimeMonitor/1.0 (us-east-1 https://uptime-monitor.io)', 'YToyOntzOjY6Il90b2tlbiI7czo0MDoiS0oyRDJLOENSc2g5WVNZV05WSFNzMU5LenJOV1g5SnZJQ2luTXp2YiI7czo2OiJfZmxhc2giO2E6Mjp7czozOiJvbGQiO2E6MDp7fXM6MzoibmV3IjthOjA6e319fQ==', 1760354504),
('f9e4JcsiNDhBWYsa4jLkdNwn3RSIPpkyQuC8U6Ke', NULL, '162.158.190.26', 'UptimeMonitor/1.0 (ap-southeast-1 https://uptime-monitor.io)', 'YToyOntzOjY6Il90b2tlbiI7czo0MDoiYlVKRlM3MGRXS2JjTXV0RmswbzNzMjhsSGl5UEoxZWtkQ0Y0NDBpNSI7czo2OiJfZmxhc2giO2E6Mjp7czozOiJvbGQiO2E6MDp7fXM6MzoibmV3IjthOjA6e319fQ==', 1760356065),
('FfxadKj0skHSX4LsLBW93jfOa07i5X8gSLKmhXGp', NULL, '172.71.194.119', 'UptimeMonitor/1.0 (us-east-1 https://uptime-monitor.io)', 'YToyOntzOjY6Il90b2tlbiI7czo0MDoiZm9CR1BhVEVqeUE0TE9iYVBIeXhwR3k1RnpPbzFMOTVlR09mTjdXciI7czo2OiJfZmxhc2giO2E6Mjp7czozOiJvbGQiO2E6MDp7fXM6MzoibmV3IjthOjA6e319fQ==', 1760360714),
('fNNZexPhZHRIWHE4hK450cUmTd6PVsMs0VtA4Pzf', NULL, '172.70.35.121', 'UptimeMonitor/1.0 (us-east-1 https://uptime-monitor.io)', 'YToyOntzOjY6Il90b2tlbiI7czo0MDoiNHZoemxOU25jdVZPRjZRcmk5a1pxSjlSc2M4VkZpS3BlcGdLdURRWCI7czo2OiJfZmxhc2giO2E6Mjp7czozOiJvbGQiO2E6MDp7fXM6MzoibmV3IjthOjA6e319fQ==', 1760359364),
('FsjbMvlU1F8uKnTFcGOGOP02mzvh1eXJMJ13d0jY', NULL, '172.68.164.47', 'UptimeMonitor/1.0 (ap-southeast-1 https://uptime-monitor.io)', 'YToyOntzOjY6Il90b2tlbiI7czo0MDoiUmF0MFlSaXB6TkRTUnZKNndvMjRtZHBTb2Z6UExrV0U1dnlIQ3h1YiI7czo2OiJfZmxhc2giO2E6Mjp7czozOiJvbGQiO2E6MDp7fXM6MzoibmV3IjthOjA6e319fQ==', 1760358945),
('FWre2pE7wmi3jNhxFecyaCrRRS7FHuIDX5Kw4Faz', NULL, '172.71.124.171', 'UptimeMonitor/1.0 (ap-southeast-1 https://uptime-monitor.io)', 'YToyOntzOjY6Il90b2tlbiI7czo0MDoiNlNPZ242dzJKVHBRSGZjOVh1dTJYbDBxRlViQzBtUFdrRXR0dkFtZSI7czo2OiJfZmxhc2giO2E6Mjp7czozOiJvbGQiO2E6MDp7fXM6MzoibmV3IjthOjA6e319fQ==', 1760353905),
('G3Q5uMgeeowXLR0SdkWpANINp2KuQIhy7C5TuoUg', NULL, '172.70.142.108', 'UptimeMonitor/1.0 (ap-southeast-1 https://uptime-monitor.io)', 'YToyOntzOjY6Il90b2tlbiI7czo0MDoiTkVqSTR0STNxVU9la3BkckNIcVBSd1FjbnpwQ0d6S25KTFlYcE5kRiI7czo2OiJfZmxhc2giO2E6Mjp7czozOiJvbGQiO2E6MDp7fXM6MzoibmV3IjthOjA6e319fQ==', 1760358405),
('G4GHjs8ZIv1reUKlInkJoVGqMI1wIKgh2iIFgnOI', NULL, '172.70.142.109', 'UptimeMonitor/1.0 (ap-southeast-1 https://uptime-monitor.io)', 'YToyOntzOjY6Il90b2tlbiI7czo0MDoia0NkVUVZT3BHR0lkMjNFV3FHWnpOcnFWUUxDU3hNWnFsdm1SSmNkdyI7czo2OiJfZmxhc2giO2E6Mjp7czozOiJvbGQiO2E6MDp7fXM6MzoibmV3IjthOjA6e319fQ==', 1760353725),
('g5L7Vt7y9sExYWgKFhLZbWqZCz50aBa4asczPGkd', NULL, '172.70.43.99', 'UptimeMonitor/1.0 (us-east-1 https://uptime-monitor.io)', 'YToyOntzOjY6Il90b2tlbiI7czo0MDoienEwV09CRTNvYTJ0MzhJVFlKY1BoOVkwS3kzYUdiMXJyWWxCV092MSI7czo2OiJfZmxhc2giO2E6Mjp7czozOiJvbGQiO2E6MDp7fXM6MzoibmV3IjthOjA6e319fQ==', 1760358554),
('gAbW39HEuJfmM9GKkjt2jQ1vLjtNk4TxJxIkjtBD', NULL, '172.71.194.119', 'UptimeMonitor/1.0 (us-east-1 https://uptime-monitor.io)', 'YToyOntzOjY6Il90b2tlbiI7czo0MDoiWlM5S0kwNXNjMTlqN1diQ2Q5WWs1cHpzSjY3aWZ6YUFBRVhJV1lySyI7czo2OiJfZmxhc2giO2E6Mjp7czozOiJvbGQiO2E6MDp7fXM6MzoibmV3IjthOjA6e319fQ==', 1760357294),
('ghwEQVfzc8zdm33en52olDK89BS6mWvCrstjjgDQ', NULL, '172.68.245.105', 'UptimeMonitor/1.0 (us-east-1 https://uptime-monitor.io)', 'YToyOntzOjY6Il90b2tlbiI7czo0MDoiOWZBSDhUcHNlSjJSVnE1NmpKelBMNFVGNGRhbFNLanJKQm1aZmIzMiI7czo2OiJfZmxhc2giO2E6Mjp7czozOiJvbGQiO2E6MDp7fXM6MzoibmV3IjthOjA6e319fQ==', 1760353694),
('gLzV3mQmIFrq6IhiwoFudvnTyPcnC4nf17mMBIyN', NULL, '172.71.190.17', 'UptimeMonitor/1.0 (us-east-1 https://uptime-monitor.io)', 'YToyOntzOjY6Il90b2tlbiI7czo0MDoiaUFUZ3Y2UkZFWnVnSGtZTjNKRjdYUExmYlRjSE5Bd0tGMHBTclhySiI7czo2OiJfZmxhc2giO2E6Mjp7czozOiJvbGQiO2E6MDp7fXM6MzoibmV3IjthOjA6e319fQ==', 1760361614),
('gt6gbGXqIH0vzdV8g1fYb4lakvR9j7XdfK2WBIIF', NULL, '172.71.190.17', 'UptimeMonitor/1.0 (us-east-1 https://uptime-monitor.io)', 'YToyOntzOjY6Il90b2tlbiI7czo0MDoibkpHbmJBSDA5Q0p6SmZnUzFKTHFLOXI1Q04yV1MzUVZkYVJMTkRIaCI7czo2OiJfZmxhc2giO2E6Mjp7czozOiJvbGQiO2E6MDp7fXM6MzoibmV3IjthOjA6e319fQ==', 1760361524),
('h047vOBlAgWPLOmz8s3ow4jKybXWpf6g6MCnBVGI', NULL, '172.70.208.128', 'UptimeMonitor/1.0 (ap-southeast-1 https://uptime-monitor.io)', 'YToyOntzOjY6Il90b2tlbiI7czo0MDoiUEVKNWlyeHpmbDNZWVUzWWtiTEFjV0Fpa3lGWFdSaGlUUVdIa3pxQSI7czo2OiJfZmxhc2giO2E6Mjp7czozOiJvbGQiO2E6MDp7fXM6MzoibmV3IjthOjA6e319fQ==', 1760355165),
('h0VDPqw17QaK8iR6vXMzbEEgoSmzpNcpFTNqPnR1', NULL, '172.71.223.77', 'UptimeMonitor/1.0 (us-east-1 https://uptime-monitor.io)', 'YToyOntzOjY6Il90b2tlbiI7czo0MDoiUWRGUW00OVNxQ1UxTWNrRE9PRXlWWUNPM1ZHblRyMFhCR2ZubzJGdCI7czo2OiJfZmxhc2giO2E6Mjp7czozOiJvbGQiO2E6MDp7fXM6MzoibmV3IjthOjA6e319fQ==', 1760355854),
('h1aFpAWrkBWipowxIutzCnFJcNQPJX0Z9XVy7NM7', NULL, '162.158.163.216', 'UptimeMonitor/1.0 (ap-southeast-1 https://uptime-monitor.io)', 'YToyOntzOjY6Il90b2tlbiI7czo0MDoiYUZDSXE2Y1ZIUElhd2lBZVJMa1ZEN2RiV2U1Vlg5eFZKNW5zek1LZiI7czo2OiJfZmxhc2giO2E6Mjp7czozOiJvbGQiO2E6MDp7fXM6MzoibmV3IjthOjA6e319fQ==', 1760355525),
('h1JqrFnz3FQUuLDyb9GQtMR0SMaAzpRmFdNLHetu', NULL, '172.71.223.78', 'UptimeMonitor/1.0 (us-east-1 https://uptime-monitor.io)', 'YToyOntzOjY6Il90b2tlbiI7czo0MDoidEpxemFOaXoxVGdkM3dnUzQ5cGZUcEhmMURmVTg5TUxmZjRRd3ZHcCI7czo2OiJfZmxhc2giO2E6Mjp7czozOiJvbGQiO2E6MDp7fXM6MzoibmV3IjthOjA6e319fQ==', 1760360444),
('h4QjQVthSxSQ29Z5dUVv1tg2F6buYZvV1yP7hgcT', NULL, '172.70.38.71', 'UptimeMonitor/1.0 (us-east-1 https://uptime-monitor.io)', 'YToyOntzOjY6Il90b2tlbiI7czo0MDoiM0p0am80OVRxRW1sdHl3YTlHZmU4eThTb2g1emcwUTA1c2w4UjZkYiI7czo2OiJfZmxhc2giO2E6Mjp7czozOiJvbGQiO2E6MDp7fXM6MzoibmV3IjthOjA6e319fQ==', 1760358464),
('h5RG5jY778IZhpdaIxjizdg3QmIvdHNha77vTEjI', NULL, '172.71.190.16', 'UptimeMonitor/1.0 (us-east-1 https://uptime-monitor.io)', 'YToyOntzOjY6Il90b2tlbiI7czo0MDoiWlNHeUhZQzNBU1ZxM3hUQ3hKdGp4OWl0WnVHMnJOeGh4dDg4d3ZhZyI7czo2OiJfZmxhc2giO2E6Mjp7czozOiJvbGQiO2E6MDp7fXM6MzoibmV3IjthOjA6e319fQ==', 1760361164),
('h9bAnKRmtma5hBmvhLFeJLuB74Il6zp6fSA3dauJ', NULL, '172.68.151.143', 'Mozilla/5.0 (compatible; IbouBot/1.0; +bot@ibou.io; +https://ibou.io/iboubot.html)', 'YTo0OntzOjY6Il90b2tlbiI7czo0MDoiRXV5OHl3aTkwUWQ1dmlsVTU5MHE4cFhrVFE4ZVR2Z2hueGt3eGZybyI7czoxODoiZmxhc2hlcjo6ZW52ZWxvcGVzIjthOjA6e31zOjk6Il9wcmV2aW91cyI7YToxOntzOjM6InVybCI7czo0OToiaHR0cHM6Ly93d3cuc3dpc3NjYXZpYXJsaWVyaS5jb20vbHV4dXJ5LW9mLWNhdmlhciI7fXM6NjoiX2ZsYXNoIjthOjI6e3M6Mzoib2xkIjthOjA6e31zOjM6Im5ldyI7YTowOnt9fX0=', 1760358322),
('HfRU7gTUJBMhBLYZcrtgHLfFAMVdLLGxvRrkOuky', NULL, '172.68.244.178', 'jetmon/1.0 (Jetpack Site Uptime Monitor by WordPress.com)', 'YToyOntzOjY6Il90b2tlbiI7czo0MDoidWU2Q01ZNERqY3dDbkpVVVNzVWdRcFR3NG1nQzJVWTVaS1o3SnFPcSI7czo2OiJfZmxhc2giO2E6Mjp7czozOiJvbGQiO2E6MDp7fXM6MzoibmV3IjthOjA6e319fQ==', 1760359097),
('hJKEoGoAnUJN2irYDXiH7U8qIBiq0G8L3RngjqHQ', NULL, '162.158.108.170', 'UptimeMonitor/1.0 (ap-southeast-1 https://uptime-monitor.io)', 'YToyOntzOjY6Il90b2tlbiI7czo0MDoiMlZQeGJKRjZDdWJuMzZZdHMzVzNwYU1SNjVpdGlGWkhNMVc5aGVxdCI7czo2OiJfZmxhc2giO2E6Mjp7czozOiJvbGQiO2E6MDp7fXM6MzoibmV3IjthOjA6e319fQ==', 1760357865),
('Huj4RIzjC2KLNzS2UA0tO6kL11KeMuvQxodqBNoT', NULL, '162.158.152.180', 'UptimeMonitor/1.0 (us-east-1 https://uptime-monitor.io)', 'YToyOntzOjY6Il90b2tlbiI7czo0MDoiWnk3bVE0OFB1emFsd1RxdWttZ0xtd3RnU3FWRnVZZ1hlSTNIdVl3bSI7czo2OiJfZmxhc2giO2E6Mjp7czozOiJvbGQiO2E6MDp7fXM6MzoibmV3IjthOjA6e319fQ==', 1760360534),
('HV8WH3HGaNhuVDmxrzuEVuTOZDw030ZpaijTMKT7', NULL, '172.71.158.45', 'Mozilla/5.0 (Macintosh; Intel Mac OS X 10_15_7) AppleWebKit/605.1.15 (KHTML, like Gecko) Version/18.6 Safari/605.1.15', 'YTo0OntzOjY6Il90b2tlbiI7czo0MDoiOHpSc1NzS3BSdWxZMlVRZGN1SFlJaXA1dVZ5WnNZQjhuaXFJcFZxZCI7czoxODoiZmxhc2hlcjo6ZW52ZWxvcGVzIjthOjA6e31zOjk6Il9wcmV2aW91cyI7YToxOntzOjM6InVybCI7czozNzoiaHR0cHM6Ly93d3cuc3dpc3NjYXZpYXJsaWVyaS5jb20vY2FydCI7fXM6NjoiX2ZsYXNoIjthOjI6e3M6Mzoib2xkIjthOjA6e31zOjM6Im5ldyI7YTowOnt9fX0=', 1760355120),
('hyGCRdIDejKnYRXyiMIO9ksaZiwN1Jx21ge3S0Ar', NULL, '172.70.208.129', 'UptimeMonitor/1.0 (ap-southeast-1 https://uptime-monitor.io)', 'YToyOntzOjY6Il90b2tlbiI7czo0MDoidk1aQ1BxSmpTYTNOaDF0eWthUlM4SjA5ZzNBdUpLbE54NEZZS2lRWSI7czo2OiJfZmxhc2giO2E6Mjp7czozOiJvbGQiO2E6MDp7fXM6MzoibmV3IjthOjA6e319fQ==', 1760353635),
('I9fFRsqvXgwHNgakA1EjlZl1NYFdHfB65B5pArXe', NULL, '172.70.38.71', 'UptimeMonitor/1.0 (us-east-1 https://uptime-monitor.io)', 'YToyOntzOjY6Il90b2tlbiI7czo0MDoibUtwOGJvQlY1RjZJZGQ1TjNrWGlONUsyYU5Hd0dxNTFRdzNjNmttZCI7czo2OiJfZmxhc2giO2E6Mjp7czozOiJvbGQiO2E6MDp7fXM6MzoibmV3IjthOjA6e319fQ==', 1760358644),
('I9Vj5iPQLuR3Zoy2pIEmvHG4QfTS14Y0qO9UgNmz', NULL, '172.70.174.254', 'UptimeMonitor/1.0 (us-east-1 https://uptime-monitor.io)', 'YToyOntzOjY6Il90b2tlbiI7czo0MDoiQ3MzS1Y0bXRpdVBKemNZOTJIeElmRXFPOTFHVzcxVDdmUUhiWU5uTiI7czo2OiJfZmxhc2giO2E6Mjp7czozOiJvbGQiO2E6MDp7fXM6MzoibmV3IjthOjA6e319fQ==', 1760355764),
('iAEEjHF75fxYUhsm4KtQhwRnt9mi6YGsKxcEdHgQ', NULL, '172.70.174.254', 'UptimeMonitor/1.0 (us-east-1 https://uptime-monitor.io)', 'YToyOntzOjY6Il90b2tlbiI7czo0MDoiZmNsWG5EZEpIRlJIdDFhM3RkNVkyWUFOM1RsWjN5cUs0bUJTMGxraiI7czo2OiJfZmxhc2giO2E6Mjp7czozOiJvbGQiO2E6MDp7fXM6MzoibmV3IjthOjA6e319fQ==', 1760356934),
('Id3TNrK3bu29a8Exx1mjJpSQIjP50f4rqOY0IhFj', NULL, '172.70.188.62', 'UptimeMonitor/1.0 (ap-southeast-1 https://uptime-monitor.io)', 'YToyOntzOjY6Il90b2tlbiI7czo0MDoiRzdiTXZ1UUUyOFZaSlpRcmlFaFJIUnFsbmQ0dndvWDh6NjlhS0JkWiI7czo2OiJfZmxhc2giO2E6Mjp7czozOiJvbGQiO2E6MDp7fXM6MzoibmV3IjthOjA6e319fQ==', 1760360115),
('IgU7GJxNitaG6fzH56DEMUkalWmfom6A5X045Rfs', NULL, '162.158.78.45', 'UptimeMonitor/1.0 (us-east-1 https://uptime-monitor.io)', 'YToyOntzOjY6Il90b2tlbiI7czo0MDoia3lJMnBjN1c4a3czdkJiZm5LSHpkR0xUMmNiVXJYZmVrQmxjUHdiSyI7czo2OiJfZmxhc2giO2E6Mjp7czozOiJvbGQiO2E6MDp7fXM6MzoibmV3IjthOjA6e319fQ==', 1760353244),
('IP10jAv3stvqEoe6EE75cAwSvpR3XqGztEIgbnlN', NULL, '172.70.174.254', 'jetmon/1.0 (Jetpack Site Uptime Monitor by WordPress.com)', 'YToyOntzOjY6Il90b2tlbiI7czo0MDoiNVdSQXA2WlVZYkNzSlpyQUNUSjdxRW5ObVdqS0ZQSjYzcVJZZjJjaiI7czo2OiJfZmxhc2giO2E6Mjp7czozOiJvbGQiO2E6MDp7fXM6MzoibmV3IjthOjA6e319fQ==', 1760356696),
('iVcU8KDRGwBbdCF2gClpTa3He9wZqPx2g5vbPZgX', NULL, '172.70.208.128', 'UptimeMonitor/1.0 (ap-southeast-1 https://uptime-monitor.io)', 'YToyOntzOjY6Il90b2tlbiI7czo0MDoiUEtJRVdYSVNXTTlsUFdzYUs2WVNEM01qNHFJSHhSUlUySU96VmYyRSI7czo2OiJfZmxhc2giO2E6Mjp7czozOiJvbGQiO2E6MDp7fXM6MzoibmV3IjthOjA6e319fQ==', 1760360475),
('iW73gaEAeKsWEN03SvohfoGkoVOlQ5SRumm9fmx4', NULL, '104.23.175.158', 'UptimeMonitor/1.0 (ap-southeast-1 https://uptime-monitor.io)', 'YToyOntzOjY6Il90b2tlbiI7czo0MDoieEpOZXVISmZzazB5RTVRYlA5YVJQbkhJN2tlZGlDSzUxZjVGM0dYRyI7czo2OiJfZmxhc2giO2E6Mjp7czozOiJvbGQiO2E6MDp7fXM6MzoibmV3IjthOjA6e319fQ==', 1760354085),
('IyMyfHfpyukcgR6F0WQNdGkIcNUsqajaZCLAErzx', NULL, '172.70.135.67', 'UptimeMonitor/1.0 (us-east-1 https://uptime-monitor.io)', 'YToyOntzOjY6Il90b2tlbiI7czo0MDoiSWhHdlp3TExweFlUenhwbFlyVTU0WGUxcVlmd3lQUmJzTXJmTU9pUiI7czo2OiJfZmxhc2giO2E6Mjp7czozOiJvbGQiO2E6MDp7fXM6MzoibmV3IjthOjA6e319fQ==', 1760359184),
('Iz5mKKGbvbUUknjQ8w8Ot7DrMnSvqvyfkk9e7OTz', NULL, '162.158.190.26', 'UptimeMonitor/1.0 (ap-southeast-1 https://uptime-monitor.io)', 'YToyOntzOjY6Il90b2tlbiI7czo0MDoiWlNFVjk4NmNKRGVGVGpsNDVadklnZHZBQjBpd3prWWYxRnhhaXoxSCI7czo2OiJfZmxhc2giO2E6Mjp7czozOiJvbGQiO2E6MDp7fXM6MzoibmV3IjthOjA6e319fQ==', 1760361105),
('JGJAvYrS9IvtWsfzevjZTtzKHIVV36WdnttcF6zX', NULL, '172.71.126.69', 'Mozilla/5.0 (compatible; IbouBot/1.0; +bot@ibou.io; +https://ibou.io/iboubot.html)', 'YTo0OntzOjY6Il90b2tlbiI7czo0MDoiRng1a3FwRGNqMzhZMXl3bmhIVGpDT0ZON2ZWZ0pZTmlKRkMyeWpkdCI7czoxODoiZmxhc2hlcjo6ZW52ZWxvcGVzIjthOjA6e31zOjk6Il9wcmV2aW91cyI7YToxOntzOjM6InVybCI7czo1NzoiaHR0cHM6Ly93d3cuc3dpc3NjYXZpYXJsaWVyaS5jb20vaW5jcmVhc2UtY2VsbHVsYXItZW5lcmd5Ijt9czo2OiJfZmxhc2giO2E6Mjp7czozOiJvbGQiO2E6MDp7fXM6MzoibmV3IjthOjA6e319fQ==', 1760358337),
('JiH2iWbs3E8lAB7vEnPw9uSJZXBXO0XhWDwnp8fS', NULL, '108.162.226.160', 'UptimeMonitor/1.0 (ap-southeast-1 https://uptime-monitor.io)', 'YToyOntzOjY6Il90b2tlbiI7czo0MDoiS2ZHakNNMlVBTmhaNkVaa2NBS1RRMzhiYUh6aU5hQTZLTEtmZ1RHUSI7czo2OiJfZmxhc2giO2E6Mjp7czozOiJvbGQiO2E6MDp7fXM6MzoibmV3IjthOjA6e319fQ==', 1760353455),
('JM8z8u9lTJ7SjoqORlxBZW4esrodrooRb8Yt9FZQ', NULL, '172.68.164.47', 'UptimeMonitor/1.0 (ap-southeast-1 https://uptime-monitor.io)', 'YToyOntzOjY6Il90b2tlbiI7czo0MDoicGhoSnVaZXJIeWtsWlRzY001MVBMV01ZeWREV3hWdGE5R2ZJejNpTCI7czo2OiJfZmxhc2giO2E6Mjp7czozOiJvbGQiO2E6MDp7fXM6MzoibmV3IjthOjA6e319fQ==', 1760361285),
('JppJyhK4GcccmYIe1fMWWDw3cFiZbHiJu8w5xtVJ', NULL, '172.70.35.121', 'UptimeMonitor/1.0 (us-east-1 https://uptime-monitor.io)', 'YToyOntzOjY6Il90b2tlbiI7czo0MDoiSk5EaHpVbEkzSUJENGpzMnVFUlRrTW5WUzY3MmwzYktNWlRMUkF4byI7czo2OiJfZmxhc2giO2E6Mjp7czozOiJvbGQiO2E6MDp7fXM6MzoibmV3IjthOjA6e319fQ==', 1760353604),
('ju4osAH3rmjuhGcoqEFfsJ4yP00HcWGafG3l229Q', NULL, '172.70.35.121', 'Mozilla/5.0 AppleWebKit/605.1.15 (KHTML, like Gecko) Chrome/139.0.0.0 Safari/605.1.15', 'YToyOntzOjY6Il90b2tlbiI7czo0MDoiOGNLSzRnVUFoUEM4T2JjenRmOGhISUduaDYzUk1iVWZQRU9UOFo3cSI7czo2OiJfZmxhc2giO2E6Mjp7czozOiJvbGQiO2E6MDp7fXM6MzoibmV3IjthOjA6e319fQ==', 1760359379),
('JzqSjOMBkV8dYgu0B59NjUdH0tfTOwNeXhsQ7h73', NULL, '104.23.160.213', 'Mozilla/5.0 (Macintosh; Intel Mac OS X 10_13_6) AppleWebKit/605.1.15 (KHTML, like Gecko) Version/11.1.2 Safari/605.1.15', 'YTo0OntzOjY6Il90b2tlbiI7czo0MDoiVmlSbXd6cWFUOVlsQVFtS1ZVVW1TcmFtYzNrV3htNnpZd2xPRG5MNCI7czoxODoiZmxhc2hlcjo6ZW52ZWxvcGVzIjthOjA6e31zOjk6Il9wcmV2aW91cyI7YToxOntzOjM6InVybCI7czo0ODoiaHR0cHM6Ly93d3cuc3dpc3NjYXZpYXJsaWVyaS5jb20va2V5LWluZ3JlZGllbnRzIjt9czo2OiJfZmxhc2giO2E6Mjp7czozOiJvbGQiO2E6MDp7fXM6MzoibmV3IjthOjA6e319fQ==', 1760357888),
('K8HCwNrXM8UKnzArSg3Mj1otXdyU5bAxdzp8CwSH', NULL, '104.23.160.213', 'Mozilla/5.0 (Windows NT 10.0; Win64; x64; rv:61.0) Gecko/20100101 Firefox/61.0', 'YTo0OntzOjY6Il90b2tlbiI7czo0MDoiVHZFVVZwTHp0QWhJMWpCa0l5Vm9BbWtUVXV2ZFlnTzVpdUo4WmlvbyI7czoxODoiZmxhc2hlcjo6ZW52ZWxvcGVzIjthOjA6e31zOjk6Il9wcmV2aW91cyI7YToxOntzOjM6InVybCI7czozMjoiaHR0cHM6Ly93d3cuc3dpc3NjYXZpYXJsaWVyaS5jb20iO31zOjY6Il9mbGFzaCI7YToyOntzOjM6Im9sZCI7YTowOnt9czozOiJuZXciO2E6MDp7fX19', 1760357886),
('K8nlBErZ1ESe5PF5aG3XE8clZUzo0uFIZ4YgFVzg', NULL, '172.71.122.234', 'Mozilla/5.0 (compatible; IbouBot/1.0; +bot@ibou.io; +https://ibou.io/iboubot.html)', 'YTo0OntzOjY6Il90b2tlbiI7czo0MDoiVVhIMWhLdnBGYm14OE92NlNpeml3YzJWMU9ZNDBLTW5CSEpiYTNHTiI7czoxODoiZmxhc2hlcjo6ZW52ZWxvcGVzIjthOjA6e31zOjk6Il9wcmV2aW91cyI7YToxOntzOjM6InVybCI7czo1MToiaHR0cHM6Ly93d3cuc3dpc3NjYXZpYXJsaWVyaS5jb20vbWV0YWJvbGljLXN5bmRyb21lIjt9czo2OiJfZmxhc2giO2E6Mjp7czozOiJvbGQiO2E6MDp7fXM6MzoibmV3IjthOjA6e319fQ==', 1760358292),
('kAFCK4Qjhh1yMTFLZt0E6myhylJvWx8wwO7DlKkb', NULL, '172.71.190.17', 'UptimeMonitor/1.0 (us-east-1 https://uptime-monitor.io)', 'YToyOntzOjY6Il90b2tlbiI7czo0MDoiZDN4WUxMemFHSGdOVGJyTVg1QmNHdGpQbUhpMEhjZklraWIxaXhaNCI7czo2OiJfZmxhc2giO2E6Mjp7czozOiJvbGQiO2E6MDp7fXM6MzoibmV3IjthOjA6e319fQ==', 1760358914),
('kut0c0RJsMCiRb2TYEZior4kt8dvOoGqJqUJ4T7S', NULL, '104.23.209.131', 'jetmon/1.0 (Jetpack Site Uptime Monitor by WordPress.com)', 'YToyOntzOjY6Il90b2tlbiI7czo0MDoiMlBORjFNeTlydUN4YjRRZXdjcmROQ1NqekJmVnp3TVNmUVNvZ3VsOCI7czo2OiJfZmxhc2giO2E6Mjp7czozOiJvbGQiO2E6MDp7fXM6MzoibmV3IjthOjA6e319fQ==', 1760356396),
('KyJvRAVYJKMQg99H4T1RbnY2kEDDkNmbLt4bUb4q', NULL, '172.71.223.77', 'UptimeMonitor/1.0 (us-east-1 https://uptime-monitor.io)', 'YToyOntzOjY6Il90b2tlbiI7czo0MDoibnF6RENuWGZEUTlqa3R3MllqNzlBUm9NeEpXS3h5SWhkbmxwdkZLMCI7czo2OiJfZmxhc2giO2E6Mjp7czozOiJvbGQiO2E6MDp7fXM6MzoibmV3IjthOjA6e319fQ==', 1760356754),
('lFOi920Ce7VOxpT6yPJ9aeIpvrgmzUYp7Vsd9TCl', NULL, '108.162.226.161', 'UptimeMonitor/1.0 (ap-southeast-1 https://uptime-monitor.io)', 'YToyOntzOjY6Il90b2tlbiI7czo0MDoiOExYbTZaTFlNMTJVczl3c0NzUm5IMVVadnZyYWdFRXFCc2tGV3F1diI7czo2OiJfZmxhc2giO2E6Mjp7czozOiJvbGQiO2E6MDp7fXM6MzoibmV3IjthOjA6e319fQ==', 1760360745),
('ljbhJq19PxEzaKiTNGB9sx7XXoZviKWNoXCRoDgm', NULL, '108.162.226.160', 'UptimeMonitor/1.0 (ap-southeast-1 https://uptime-monitor.io)', 'YToyOntzOjY6Il90b2tlbiI7czo0MDoiaTV0T3kyQUZMelhnMXRLSFpBUkxyTENlUDlNcGp6Y3RVUW1zQUgzNiI7czo2OiJfZmxhc2giO2E6Mjp7czozOiJvbGQiO2E6MDp7fXM6MzoibmV3IjthOjA6e319fQ==', 1760358315),
('lJQMf9nbUv112FBNqVPBglXIgyygWYgYJDQe0EyQ', NULL, '172.70.174.188', 'jetmon/1.0 (Jetpack Site Uptime Monitor by WordPress.com)', 'YToyOntzOjY6Il90b2tlbiI7czo0MDoieDR5NnhWampGMm1xVER2cEEybmNNM0VVUmY1aVRrMTZFbjV2eTM3YiI7czo2OiJfZmxhc2giO2E6Mjp7czozOiJvbGQiO2E6MDp7fXM6MzoibmV3IjthOjA6e319fQ==', 1760360296),
('lQdc5Y3I1Zd7uy21Y0yKdEFWs9qAB6L8KCAXkFki', NULL, '108.162.226.160', 'UptimeMonitor/1.0 (ap-southeast-1 https://uptime-monitor.io)', 'YToyOntzOjY6Il90b2tlbiI7czo0MDoiaE1qR0Q5YjBzZGlFSEtJcVR3MnV3Z1UwcEs4bUJsZndwc2cxOHJUaSI7czo2OiJfZmxhc2giO2E6Mjp7czozOiJvbGQiO2E6MDp7fXM6MzoibmV3IjthOjA6e319fQ==', 1760357505),
('LqdoS54QdxpIR9zvg40EJkbSxDOuhw2tvR6dplRM', NULL, '172.68.245.104', 'jetmon/1.0 (Jetpack Site Uptime Monitor by WordPress.com)', 'YToyOntzOjY6Il90b2tlbiI7czo0MDoiYkI2WXRGTHFsbkNmWWVSMmdBUmpPeWpOSHh6Y3FwcjZ5T2dScUtUNCI7czo2OiJfZmxhc2giO2E6Mjp7czozOiJvbGQiO2E6MDp7fXM6MzoibmV3IjthOjA6e319fQ==', 1760353996),
('lt5FrMQFJuDWXzXizvCxtGqB05k7dvV7TSUDq9rV', NULL, '172.68.245.105', 'jetmon/1.0 (Jetpack Site Uptime Monitor by WordPress.com)', 'YToyOntzOjY6Il90b2tlbiI7czo0MDoiTGxLUURNNzlvSWJabTNueVZ5M0diRmUwcmxlSDJUeWRtOXNWcXl2SiI7czo2OiJfZmxhc2giO2E6Mjp7czozOiJvbGQiO2E6MDp7fXM6MzoibmV3IjthOjA6e319fQ==', 1760359996),
('LtyM8jJgO7ai6BOEphaWp4DCcMQZNoSLDJBYqIWb', NULL, '172.70.142.108', 'UptimeMonitor/1.0 (ap-southeast-1 https://uptime-monitor.io)', 'YToyOntzOjY6Il90b2tlbiI7czo0MDoibVgxUmo1T2tqb2VOUVBBZWxOS2hzUVhCNGUwYWZreTh3MDMzUjUzayI7czo2OiJfZmxhc2giO2E6Mjp7czozOiJvbGQiO2E6MDp7fXM6MzoibmV3IjthOjA6e319fQ==', 1760360205),
('lXFUnDAtPVRSxCIarnmgjPGgUPzEEF2bgdEXj1Q1', NULL, '172.70.35.121', 'UptimeMonitor/1.0 (us-east-1 https://uptime-monitor.io)', 'YToyOntzOjY6Il90b2tlbiI7czo0MDoiNE80RFZtd1g4TG9pemEzbGJBN2d4dHJiaXBRaHh0YmpYTWwweXVJSyI7czo2OiJfZmxhc2giO2E6Mjp7czozOiJvbGQiO2E6MDp7fXM6MzoibmV3IjthOjA6e319fQ==', 1760356484),
('lZcAXeFJ7A0iYhn7yRf0QnR9Qwe2GM0kHxKvKCKR', NULL, '172.71.194.119', 'UptimeMonitor/1.0 (us-east-1 https://uptime-monitor.io)', 'YToyOntzOjY6Il90b2tlbiI7czo0MDoiRlBqRXprU25JeXFGemRXMkdSSDFnN3Q1QUpmVTZQZEJwWlBrckhNUyI7czo2OiJfZmxhc2giO2E6Mjp7czozOiJvbGQiO2E6MDp7fXM6MzoibmV3IjthOjA6e319fQ==', 1760360264),
('Magb7VrEONvCTDH71tMYWiTYVLLHXyswN9TFf57J', NULL, '172.70.38.71', 'UptimeMonitor/1.0 (us-east-1 https://uptime-monitor.io)', 'YToyOntzOjY6Il90b2tlbiI7czo0MDoiNFEyc2p0QmdPNGJmMDVsdFh0bkNYd295QTc3OGx6T2lpT3N6N2I2USI7czo2OiJfZmxhc2giO2E6Mjp7czozOiJvbGQiO2E6MDp7fXM6MzoibmV3IjthOjA6e319fQ==', 1760360804),
('McO98ts9gd8DDwqVkHQENRTjHWXiljhCA7Qw1CQj', NULL, '172.70.43.100', 'UptimeMonitor/1.0 (us-east-1 https://uptime-monitor.io)', 'YToyOntzOjY6Il90b2tlbiI7czo0MDoiN240SXc1cjZmV2tVZ2xqWmNzMVJucjhrNVR1YkVSZGRoV0ZyeWVIVyI7czo2OiJfZmxhc2giO2E6Mjp7czozOiJvbGQiO2E6MDp7fXM6MzoibmV3IjthOjA6e319fQ==', 1760358194),
('mqYWxiRzxKYOlJsPUS7FKeXDtL1c0WBDxYvC5XGg', NULL, '162.158.106.120', 'UptimeMonitor/1.0 (ap-southeast-1 https://uptime-monitor.io)', 'YToyOntzOjY6Il90b2tlbiI7czo0MDoiTFVxOXNBNTE4Y2Y4TXpEeXY3MExrU3ZhMkV0RzAxYW53ck5zT201aSI7czo2OiJfZmxhc2giO2E6Mjp7czozOiJvbGQiO2E6MDp7fXM6MzoibmV3IjthOjA6e319fQ==', 1760357325),
('MS2pkOLRL0z7pM7l6GjUz6crGkTYb3TcAYXKi3OG', NULL, '162.158.106.120', 'UptimeMonitor/1.0 (ap-southeast-1 https://uptime-monitor.io)', 'YToyOntzOjY6Il90b2tlbiI7czo0MDoiRXJVMDkxdzJQbzNrbElOb0wyMlhNZ25HT0tBcThubFFYaWxTN0xHOCI7czo2OiJfZmxhc2giO2E6Mjp7czozOiJvbGQiO2E6MDp7fXM6MzoibmV3IjthOjA6e319fQ==', 1760354445),
('MysSjtSzLiCjHMEydUsPdiOd0xs3L46DlSsTzkfM', NULL, '172.70.34.26', 'jetmon/1.0 (Jetpack Site Uptime Monitor by WordPress.com)', 'YToyOntzOjY6Il90b2tlbiI7czo0MDoiVmVPSDNQY0lzWjlhVXVreE5neWZBbU1hd0xldVdrdmVQRmNjZUJOUSI7czo2OiJfZmxhc2giO2E6Mjp7czozOiJvbGQiO2E6MDp7fXM6MzoibmV3IjthOjA6e319fQ==', 1760361496),
('n0iMaKHEj91MOIdNpmvlqF1n8QNuoUEDg1tDwmoy', NULL, '172.71.194.118', 'UptimeMonitor/1.0 (us-east-1 https://uptime-monitor.io)', 'YToyOntzOjY6Il90b2tlbiI7czo0MDoiR0RhWXZjSGJGdUIxdzliQTBNN0dwWmpNaWl3UmhibGxUMWxJRWNwQyI7czo2OiJfZmxhc2giO2E6Mjp7czozOiJvbGQiO2E6MDp7fXM6MzoibmV3IjthOjA6e319fQ==', 1760360624),
('N2mOkIZcNivD26WWKU7gu54louCqLqUySNZXp0aE', NULL, '172.70.142.108', 'UptimeMonitor/1.0 (ap-southeast-1 https://uptime-monitor.io)', 'YToyOntzOjY6Il90b2tlbiI7czo0MDoidjhtUGxrazVpWTV3ajhqVXpTdG1GcWVtUU1GSTUxbzZqYmVyOFoxeiI7czo2OiJfZmxhc2giO2E6Mjp7czozOiJvbGQiO2E6MDp7fXM6MzoibmV3IjthOjA6e319fQ==', 1760353275),
('N34PPaXyGhwj5aajAgU2M8w3NaW5VLBuTFa30eJr', NULL, '162.158.88.126', 'UptimeMonitor/1.0 (ap-southeast-1 https://uptime-monitor.io)', 'YToyOntzOjY6Il90b2tlbiI7czo0MDoicFAwR3E2Ym5Ga05JMGkxcDVkc1hqUU1TSEgyVW0yUGE1N09hSEJhNSI7czo2OiJfZmxhc2giO2E6Mjp7czozOiJvbGQiO2E6MDp7fXM6MzoibmV3IjthOjA6e319fQ==', 1760361195),
('n8Ww3oaB9HO6BDBlVfeTWdgAhOMilQmbbHRXHCzA', NULL, '104.23.209.130', 'UptimeMonitor/1.0 (us-east-1 https://uptime-monitor.io)', 'YToyOntzOjY6Il90b2tlbiI7czo0MDoiUkVHcnNQVExBWUY3a2pZY2Rlak1lc0FGd3hhak83NzBrTDdvSjgzSCI7czo2OiJfZmxhc2giO2E6Mjp7czozOiJvbGQiO2E6MDp7fXM6MzoibmV3IjthOjA6e319fQ==', 1760357475),
('NbALqh1Cb3fs1HcrRxw8Cbq3V6ykX5t9fA4lNduv', NULL, '172.71.223.77', 'jetmon/1.0 (Jetpack Site Uptime Monitor by WordPress.com)', 'YToyOntzOjY6Il90b2tlbiI7czo0MDoiWE1EOGpRcnZHbXdQTlVkWVVnVVhlQmdGUUNDRzA0SnY1OExTS0QxSSI7czo2OiJfZmxhc2giO2E6Mjp7czozOiJvbGQiO2E6MDp7fXM6MzoibmV3IjthOjA6e319fQ==', 1760356996);
INSERT INTO `sessions` (`id`, `user_id`, `ip_address`, `user_agent`, `payload`, `last_activity`) VALUES
('ndWUub5AEWeEnRIDyJdr6P2f3TnvugNFx6JiXQ34', NULL, '104.23.175.158', 'UptimeMonitor/1.0 (ap-southeast-1 https://uptime-monitor.io)', 'YToyOntzOjY6Il90b2tlbiI7czo0MDoiOU9aaFlPVHlhb3Z6U1NRSXdjd0hnUkhOMUpsT2VHMDJXRTJjQmhMVCI7czo2OiJfZmxhc2giO2E6Mjp7czozOiJvbGQiO2E6MDp7fXM6MzoibmV3IjthOjA6e319fQ==', 1760360925),
('nfF1CAlNYe7nknUG03AfvMpJ7lp6o9jNkUoVAOju', NULL, '104.23.160.213', 'Mozilla/5.0 (iPad; CPU OS 11_4_1 like Mac OS X) AppleWebKit/605.1.15 (KHTML, like Gecko) Version/11.0 Mobile/15E148 Safari/604.1', 'YTo0OntzOjY6Il90b2tlbiI7czo0MDoibTB1aEx0Z0pwZERvUlZSV2hxa3hyNDhLaVNoaThYTExBcjI3WHZTRyI7czoxODoiZmxhc2hlcjo6ZW52ZWxvcGVzIjthOjA6e31zOjk6Il9wcmV2aW91cyI7YToxOntzOjM6InVybCI7czozMjoiaHR0cHM6Ly93d3cuc3dpc3NjYXZpYXJsaWVyaS5jb20iO31zOjY6Il9mbGFzaCI7YToyOntzOjM6Im9sZCI7YTowOnt9czozOiJuZXciO2E6MDp7fX19', 1760357887),
('Nh4qWUC7EUyz0oGTaFssnpSnUoar2vFM3oFSK1sZ', NULL, '172.70.135.67', 'UptimeMonitor/1.0 (us-east-1 https://uptime-monitor.io)', 'YToyOntzOjY6Il90b2tlbiI7czo0MDoiMDFKd3ROcmtqUFB2RlBWdldzRmIyUWNWWWJtbGY5bFo4SVUzZ1M5dyI7czo2OiJfZmxhc2giO2E6Mjp7czozOiJvbGQiO2E6MDp7fXM6MzoibmV3IjthOjA6e319fQ==', 1760359724),
('Nn1gZoqiVHqbGcWjDq4fmS8UtSsjzNzAvWa2si2r', NULL, '104.23.209.130', 'jetmon/1.0 (Jetpack Site Uptime Monitor by WordPress.com)', 'YToyOntzOjY6Il90b2tlbiI7czo0MDoiR09Hc3pvTmZ5Y2JycTFhTTM3S2J2UVk5ZVZqNm96Tkwxa1Zya3NrNiI7czo2OiJfZmxhc2giO2E6Mjp7czozOiJvbGQiO2E6MDp7fXM6MzoibmV3IjthOjA6e319fQ==', 1760354595),
('NUYOQTg3N0mXq0wApOuzqo8SRNvD7Y8JQfcsbaVj', NULL, '172.70.38.71', 'UptimeMonitor/1.0 (us-east-1 https://uptime-monitor.io)', 'YToyOntzOjY6Il90b2tlbiI7czo0MDoiRXZ6SEJMTGRuZ25HZUdBSDZoR0lNa04wbThieE9aOEpDdWlwRTNZNSI7czo2OiJfZmxhc2giO2E6Mjp7czozOiJvbGQiO2E6MDp7fXM6MzoibmV3IjthOjA6e319fQ==', 1760357564),
('nvbSIP3LQwy7SMAFd3yRY65ipUkfQLSBZKsf48zi', NULL, '172.70.93.66', 'UptimeMonitor/1.0 (ap-southeast-1 https://uptime-monitor.io)', 'YToyOntzOjY6Il90b2tlbiI7czo0MDoiaDNJaGFJMUJLTEtXbkxqYTZlQ2VkelZsZXJZZWhBa3drTXlWM2NnViI7czo2OiJfZmxhc2giO2E6Mjp7czozOiJvbGQiO2E6MDp7fXM6MzoibmV3IjthOjA6e319fQ==', 1760359845),
('o7yfa4gJKzFEbXfE2CZXnHGvb22lPXMYxKS5n7X5', NULL, '172.70.43.100', 'UptimeMonitor/1.0 (us-east-1 https://uptime-monitor.io)', 'YToyOntzOjY6Il90b2tlbiI7czo0MDoiUHZqQkV3ZTNtVWtjSHo1R3VyTVBnYlRwRm9Ec2lEWmlHWWVuTXVNUCI7czo2OiJfZmxhc2giO2E6Mjp7czozOiJvbGQiO2E6MDp7fXM6MzoibmV3IjthOjA6e319fQ==', 1760356304),
('O8SY4unOfyEZYdcUiGbYOlOWfsLEewLGu0EqDFDz', NULL, '172.71.190.16', 'UptimeMonitor/1.0 (us-east-1 https://uptime-monitor.io)', 'YToyOntzOjY6Il90b2tlbiI7czo0MDoiaHpWbjV3RFNKWjE3YTZkQ1E4STNkRnFIcjlGdnpsSmNGaFFnS2hwbiI7czo2OiJfZmxhc2giO2E6Mjp7czozOiJvbGQiO2E6MDp7fXM6MzoibmV3IjthOjA6e319fQ==', 1760354414),
('odureNzqHs95Wv4QCRQIyd6bB9e3zgHTzOgVkjQA', NULL, '172.71.190.17', 'UptimeMonitor/1.0 (us-east-1 https://uptime-monitor.io)', 'YToyOntzOjY6Il90b2tlbiI7czo0MDoib0dWeVVWVFUyZmNJWGNzN1lEYjNSbHdsTXZ1UjlRbzNGUnJJUFVUcCI7czo2OiJfZmxhc2giO2E6Mjp7czozOiJvbGQiO2E6MDp7fXM6MzoibmV3IjthOjA6e319fQ==', 1760356394),
('oLKekk3VDU0jIyj2ee8azhHt29Tbmi8udpxja0pi', NULL, '172.71.223.78', 'UptimeMonitor/1.0 (us-east-1 https://uptime-monitor.io)', 'YToyOntzOjY6Il90b2tlbiI7czo0MDoiVkpjSUdEaDE2Y29KTUg5R2c5eFFrVmNWNTBDN2dpdUN6QUNIcEREViI7czo2OiJfZmxhc2giO2E6Mjp7czozOiJvbGQiO2E6MDp7fXM6MzoibmV3IjthOjA6e319fQ==', 1760359814),
('ONUNrdbkwo1bUvFBUUF7LjcagaJjaMOraW205nm4', NULL, '104.23.229.7', 'Mozilla/5.0 (compatible; IbouBot/1.0; +bot@ibou.io; +https://ibou.io/iboubot.html)', 'YTo0OntzOjY6Il90b2tlbiI7czo0MDoiS2dPTzlNV0lrREZDbUhic2tVc2I1WjJEUjFVMXhqd2t4WHdPcTVhQiI7czoxODoiZmxhc2hlcjo6ZW52ZWxvcGVzIjthOjA6e31zOjk6Il9wcmV2aW91cyI7YToxOntzOjM6InVybCI7czo1NDoiaHR0cHM6Ly93d3cuc3dpc3NjYXZpYXJsaWVyaS5jb20vaW1wcm92ZS1zcGVybS1xdWFsaXR5Ijt9czo2OiJfZmxhc2giO2E6Mjp7czozOiJvbGQiO2E6MDp7fXM6MzoibmV3IjthOjA6e319fQ==', 1760358307),
('oRA3wYz3XfiYP6w4DlMbvRTPH9biOOAfNbzoK0nF', NULL, '172.71.126.68', 'Mozilla/5.0 (compatible; IbouBot/1.0; +bot@ibou.io; +https://ibou.io/iboubot.html)', 'YTo0OntzOjY6Il90b2tlbiI7czo0MDoib3NseTVPV1FTekI5ZnVCN0ZaSk9FV2kxUU43SmRaVGMzc2dSQkZCVyI7czoxODoiZmxhc2hlcjo6ZW52ZWxvcGVzIjthOjA6e31zOjk6Il9wcmV2aW91cyI7YToxOntzOjM6InVybCI7czo0NzoiaHR0cHM6Ly93d3cuc3dpc3NjYXZpYXJsaWVyaS5jb20vcHJpdmFjeS1wb2xpY3kiO31zOjY6Il9mbGFzaCI7YToyOntzOjM6Im9sZCI7YTowOnt9czozOiJuZXciO2E6MDp7fX19', 1760358139),
('ORxjNqX7o8CxmYTSIX8h3G9NNprSMuPQ9Stt3Ymf', NULL, '172.71.124.170', 'UptimeMonitor/1.0 (ap-southeast-1 https://uptime-monitor.io)', 'YToyOntzOjY6Il90b2tlbiI7czo0MDoiWUhNMlFoMHZrcTdMMHVMZlNFN0UxbUltR1RlVVZ4eFNsVWFqMkxndiI7czo2OiJfZmxhc2giO2E6Mjp7czozOiJvbGQiO2E6MDp7fXM6MzoibmV3IjthOjA6e319fQ==', 1760358855),
('OvNhgWwC1rBgA9JfcR5C4wX2YanS9trmO3TibkC1', NULL, '172.70.35.121', 'UptimeMonitor/1.0 (us-east-1 https://uptime-monitor.io)', 'YToyOntzOjY6Il90b2tlbiI7czo0MDoiNnRQbkU5dGRFRFVEV1o0TWFZTVRBVUdCZU5JVEt4OTgzejBLODU0bCI7czo2OiJfZmxhc2giO2E6Mjp7czozOiJvbGQiO2E6MDp7fXM6MzoibmV3IjthOjA6e319fQ==', 1760356034),
('OzLEmRf35I2rDn8tbFCna8zc9b3TCzDwPonnh2ck', NULL, '104.23.225.45', 'Mozilla/5.0 (compatible; AhrefsBot/7.0; +http://ahrefs.com/robot/)', 'YTo0OntzOjY6Il90b2tlbiI7czo0MDoiOEl5anBVSGt2c1lFZU0xYzNkWGNXWXBjWkJTVHkzMHlraDJIS2trVCI7czoxODoiZmxhc2hlcjo6ZW52ZWxvcGVzIjthOjA6e31zOjk6Il9wcmV2aW91cyI7YToxOntzOjM6InVybCI7czo0NjoiaHR0cHM6Ly93d3cuc3dpc3NjYXZpYXJsaWVyaS5jb20vYmxvZy1jb250ZW50NCI7fXM6NjoiX2ZsYXNoIjthOjI6e3M6Mzoib2xkIjthOjA6e31zOjM6Im5ldyI7YTowOnt9fX0=', 1760356762),
('P0bZPQrIfWE7nSnQ6HqfQDd6f8UK6hw69amnPfuJ', NULL, '172.71.190.16', 'UptimeMonitor/1.0 (us-east-1 https://uptime-monitor.io)', 'YToyOntzOjY6Il90b2tlbiI7czo0MDoiNXRXVzFXMmY5bDRxMFVNRVV3Q21wN2thTHlzWnFVdHl2endUaDJVMyI7czo2OiJfZmxhc2giO2E6Mjp7czozOiJvbGQiO2E6MDp7fXM6MzoibmV3IjthOjA6e319fQ==', 1760354144),
('P9y0ryZiO5DBir7MRvsKNNXWWXhH5pvkKXUKZYQC', NULL, '172.70.39.59', 'jetmon/1.0 (Jetpack Site Uptime Monitor by WordPress.com)', 'YToyOntzOjY6Il90b2tlbiI7czo0MDoiR1hhT01wWEtyZ2FEbjNodUNCT014Wm9KZmxaeGRzeXhVN2QweXJaRCI7czo2OiJfZmxhc2giO2E6Mjp7czozOiJvbGQiO2E6MDp7fXM6MzoibmV3IjthOjA6e319fQ==', 1760355196),
('PD4RoAJ4ID2h63yCIKSszfWYwJWhHKdvsAGJOtzg', NULL, '172.68.244.179', 'UptimeMonitor/1.0 (us-east-1 https://uptime-monitor.io)', 'YToyOntzOjY6Il90b2tlbiI7czo0MDoiazd6OGhPeEV5MDJMWkhyR2psZHJWbTNZaXBPUXdPUE9uNURrV1lXUiI7czo2OiJfZmxhc2giO2E6Mjp7czozOiJvbGQiO2E6MDp7fXM6MzoibmV3IjthOjA6e319fQ==', 1760359274),
('Pe7iu0P6Jz5UX26LLLynCcPGBZ5361ZKYX1hQQOp', NULL, '172.68.164.46', 'UptimeMonitor/1.0 (ap-southeast-1 https://uptime-monitor.io)', 'YToyOntzOjY6Il90b2tlbiI7czo0MDoiY2ZzTjhwYUlIVkxzR2VLZHN1aHBnODhaaG1GVDhxa0Z0bndmS1dwUCI7czo2OiJfZmxhc2giO2E6Mjp7czozOiJvbGQiO2E6MDp7fXM6MzoibmV3IjthOjA6e319fQ==', 1760358495),
('pExHCWqGMdrYiBzJgMzYePurmS0lm8AnkYBrKOyS', NULL, '172.71.134.66', 'Mozilla/5.0 (compatible; IbouBot/1.0; +bot@ibou.io; +https://ibou.io/iboubot.html)', 'YTo0OntzOjY6Il90b2tlbiI7czo0MDoibU96c3liTmhpdDFtcFRsMFNObVp1ZERlV0lvbDNOS09nZlB6SUVyYiI7czoxODoiZmxhc2hlcjo6ZW52ZWxvcGVzIjthOjA6e31zOjk6Il9wcmV2aW91cyI7YToxOntzOjM6InVybCI7czo1MToiaHR0cHM6Ly93d3cuc3dpc3NjYXZpYXJsaWVyaS5jb20vYmVhdXR5LWVuaGFuY2VtZW50Ijt9czo2OiJfZmxhc2giO2E6Mjp7czozOiJvbGQiO2E6MDp7fXM6MzoibmV3IjthOjA6e319fQ==', 1760358231),
('pfuql6UCAMTXopJVWwMAs2D4hToBg8i6AZJYbGKr', NULL, '172.70.188.63', 'UptimeMonitor/1.0 (ap-southeast-1 https://uptime-monitor.io)', 'YToyOntzOjY6Il90b2tlbiI7czo0MDoiMFJEVWZMMUpFMmxxazRyb3VSckduUTFMZ0tncmNvaVQzYVJQT0RmRCI7czo2OiJfZmxhc2giO2E6Mjp7czozOiJvbGQiO2E6MDp7fXM6MzoibmV3IjthOjA6e319fQ==', 1760361015),
('PpeAWuuTqLe8RWTkEQ7MHaNgai7gkCY63GyTzroG', NULL, '172.71.194.119', 'jetmon/1.0 (Jetpack Site Uptime Monitor by WordPress.com)', 'YToyOntzOjY6Il90b2tlbiI7czo0MDoiVVFhWTg3bkxpRjdMZWFNckVaQnk1bkZ2Y2puQko2Vm1qR3E2UU9DRyI7czo2OiJfZmxhc2giO2E6Mjp7czozOiJvbGQiO2E6MDp7fXM6MzoibmV3IjthOjA6e319fQ==', 1760358795),
('PqfVepimiQ84ZsRwappoTJTlY0juH0CprP1lDu2n', NULL, '172.71.124.170', 'UptimeMonitor/1.0 (ap-southeast-1 https://uptime-monitor.io)', 'YToyOntzOjY6Il90b2tlbiI7czo0MDoieXJhYUhwYXZ3MXFzc2gzb2pOYWRwZ0xGbWxzTUVjOUhWVmxJSVA3WiI7czo2OiJfZmxhc2giO2E6Mjp7czozOiJvbGQiO2E6MDp7fXM6MzoibmV3IjthOjA6e319fQ==', 1760360835),
('PskXJkTAa6uBC5u1mprLnHZKoNLjKRiMEh8u5dao', NULL, '104.23.209.130', 'UptimeMonitor/1.0 (us-east-1 https://uptime-monitor.io)', 'YToyOntzOjY6Il90b2tlbiI7czo0MDoiVEttMkpIR04zVmd2MUVNMmxSdE1Ibm5OWkRsbHpXNURLQk96bGxPRSI7czo2OiJfZmxhc2giO2E6Mjp7czozOiJvbGQiO2E6MDp7fXM6MzoibmV3IjthOjA6e319fQ==', 1760358284),
('PvBGpC7GWyl58TTRXuSr86vNEDYKmCZuJ7Io1UR7', NULL, '172.68.138.203', 'UptimeMonitor/1.0 (us-east-1 https://uptime-monitor.io)', 'YToyOntzOjY6Il90b2tlbiI7czo0MDoiaUpaanpsdjZPcHJzZ3BzWDZFaFBXZnlxelQ1NGNDeThVWWpKNHp3ViI7czo2OiJfZmxhc2giO2E6Mjp7czozOiJvbGQiO2E6MDp7fXM6MzoibmV3IjthOjA6e319fQ==', 1760354054),
('pXpp63rQ1pkV6pN1ZkQCysfoUO0CNgepBiB5W1uv', NULL, '172.71.131.157', 'Mozilla/5.0 (compatible; IbouBot/1.0; +bot@ibou.io; +https://ibou.io/iboubot.html)', 'YTo0OntzOjY6Il90b2tlbiI7czo0MDoibWtUYjlLalJROWN2bEp3M2c2VFR2am90SVZsOU1VY1dkdG1FOFJ6WiI7czoxODoiZmxhc2hlcjo6ZW52ZWxvcGVzIjthOjA6e31zOjk6Il9wcmV2aW91cyI7YToxOntzOjM6InVybCI7czo0NjoiaHR0cHM6Ly93d3cuc3dpc3NjYXZpYXJsaWVyaS5jb20vYmxvZy1jb250ZW50MyI7fXM6NjoiX2ZsYXNoIjthOjI6e3M6Mzoib2xkIjthOjA6e31zOjM6Im5ldyI7YTowOnt9fX0=', 1760358200),
('q446ORRKGKjF132AHATme6JBCmwyPjH1be1XLHjR', NULL, '172.70.39.17', 'UptimeMonitor/1.0 (us-east-1 https://uptime-monitor.io)', 'YToyOntzOjY6Il90b2tlbiI7czo0MDoidUpmNVNEQkUzcUJmYTY5NDEycFp4bUV6Z3ZhNHNDbHNvZWpzUzZqTiI7czo2OiJfZmxhc2giO2E6Mjp7czozOiJvbGQiO2E6MDp7fXM6MzoibmV3IjthOjA6e319fQ==', 1760355404),
('Q5Dk446dD6A39QUvdXEGEAG1csm3FT5yNlXnyGq0', NULL, '172.71.124.171', 'UptimeMonitor/1.0 (ap-southeast-1 https://uptime-monitor.io)', 'YToyOntzOjY6Il90b2tlbiI7czo0MDoiZDBtU3BGTG9XTkthdjVzakNac2ZjSnNwY3cyUk94OUxXeXRiakhmTyI7czo2OiJfZmxhc2giO2E6Mjp7czozOiJvbGQiO2E6MDp7fXM6MzoibmV3IjthOjA6e319fQ==', 1760353545),
('q9muxCKUfpM0TiUl3f9jK6MBXJdcB6TAA9FnvLKg', NULL, '172.70.142.109', 'UptimeMonitor/1.0 (ap-southeast-1 https://uptime-monitor.io)', 'YToyOntzOjY6Il90b2tlbiI7czo0MDoic2lPNFlIVWZCbk13Tk5FNlNxamZiOXkwY25jZFRoWVQ3R1JabjNHYyI7czo2OiJfZmxhc2giO2E6Mjp7czozOiJvbGQiO2E6MDp7fXM6MzoibmV3IjthOjA6e319fQ==', 1760356515),
('qBgedviwzeie4PTGkrBUfZmF95lx1nr1JtvLA1Xw', NULL, '162.158.106.121', 'UptimeMonitor/1.0 (ap-southeast-1 https://uptime-monitor.io)', 'YToyOntzOjY6Il90b2tlbiI7czo0MDoiTkc3ZjM2UGJ1VmY5VHNmeXl4RzBXd0JBbDYxM0hRMktQQjBFWTVlZSI7czo2OiJfZmxhc2giO2E6Mjp7czozOiJvbGQiO2E6MDp7fXM6MzoibmV3IjthOjA6e319fQ==', 1760354715),
('qJ6OicD1RICksFZrTEhZQLNdrzOuoX08A9FcONSx', NULL, '104.23.209.187', 'jetmon/1.0 (Jetpack Site Uptime Monitor by WordPress.com)', 'YToyOntzOjY6Il90b2tlbiI7czo0MDoid1RVRVBmVHo0V0JLRlZPRGJUOXNWUEYxSkQzVkVVa1JzTGhMRjI0SyI7czo2OiJfZmxhc2giO2E6Mjp7czozOiJvbGQiO2E6MDp7fXM6MzoibmV3IjthOjA6e319fQ==', 1760353696),
('qmFjQc8RDmOw4UNTSAAVEB8DlSbj7WHMb2rnm93x', NULL, '104.23.175.158', 'UptimeMonitor/1.0 (ap-southeast-1 https://uptime-monitor.io)', 'YToyOntzOjY6Il90b2tlbiI7czo0MDoiRnF1M21ZcXA0S2J2UHlBbUZTRE80YXcyTUQxbHFBbGlBMG9XVU5OcSI7czo2OiJfZmxhc2giO2E6Mjp7czozOiJvbGQiO2E6MDp7fXM6MzoibmV3IjthOjA6e319fQ==', 1760355345),
('QpshIV9OgO4B5g3cUUUI0VPEcrRwEWvv11inAbu4', NULL, '172.70.135.67', 'UptimeMonitor/1.0 (us-east-1 https://uptime-monitor.io)', 'YToyOntzOjY6Il90b2tlbiI7czo0MDoiUlZiYm1pMlZSNUNiWTRianBsUmRhOUpTVllQT2h2MUZkUnB4UjFHdiI7czo2OiJfZmxhc2giO2E6Mjp7czozOiJvbGQiO2E6MDp7fXM6MzoibmV3IjthOjA6e319fQ==', 1760355224),
('QpyWzB7kKNBDoLmmuzxJ0w2GDFQkQv6ofhXeJuKV', NULL, '172.70.35.121', 'UptimeMonitor/1.0 (us-east-1 https://uptime-monitor.io)', 'YToyOntzOjY6Il90b2tlbiI7czo0MDoiMnlOQ28yVU9SYWNONk1pTVJMMjR6UzZJMzVEbnZGNnlyeWFRRUpTViI7czo2OiJfZmxhc2giO2E6Mjp7czozOiJvbGQiO2E6MDp7fXM6MzoibmV3IjthOjA6e319fQ==', 1760356576),
('qWsmJXQ8lPXsINuLnCucUSfmaL2UFWi6uJKLjFMc', NULL, '172.71.124.171', 'UptimeMonitor/1.0 (ap-southeast-1 https://uptime-monitor.io)', 'YToyOntzOjY6Il90b2tlbiI7czo0MDoiN1hFZWtJZDd2TWtTaEhFU1R6TjVHRmZ6M1pDTDVUQTdiNXA0UnBMNCI7czo2OiJfZmxhc2giO2E6Mjp7czozOiJvbGQiO2E6MDp7fXM6MzoibmV3IjthOjA6e319fQ==', 1760354355),
('R3AkHCw2SUZJL7cucGLJdr6cM579BRlUHGjTipHE', NULL, '172.70.38.71', 'UptimeMonitor/1.0 (us-east-1 https://uptime-monitor.io)', 'YToyOntzOjY6Il90b2tlbiI7czo0MDoiQlI0SGZ0ZlNnZUplM2RYOEMwdXZRWHhqb2w4N3hhYW53bElCVFU0VSI7czo2OiJfZmxhc2giO2E6Mjp7czozOiJvbGQiO2E6MDp7fXM6MzoibmV3IjthOjA6e319fQ==', 1760361254),
('rhXuZc95buRMBEvJjR6IXnVIiyhjHBc9rfI1grcF', NULL, '172.70.188.63', 'UptimeMonitor/1.0 (ap-southeast-1 https://uptime-monitor.io)', 'YToyOntzOjY6Il90b2tlbiI7czo0MDoiNWZ0ZGlrUFJlRHk4dmpXbk5JNURtMTVyYXBRSkVLYUdGemNlMGhsQiI7czo2OiJfZmxhc2giO2E6Mjp7czozOiJvbGQiO2E6MDp7fXM6MzoibmV3IjthOjA6e319fQ==', 1760355075),
('RnfSVi7lBNdBprR9J22njnVaXi1U2SFqri62YT6z', NULL, '162.158.78.44', 'jetmon/1.0 (Jetpack Site Uptime Monitor by WordPress.com)', 'YToyOntzOjY6Il90b2tlbiI7czo0MDoiQnJ2RVlDVXFaNndGYTF3UHpDMDVOUHdyYzN2NGU4eUlOYnF2RGRNSyI7czo2OiJfZmxhc2giO2E6Mjp7czozOiJvbGQiO2E6MDp7fXM6MzoibmV3IjthOjA6e319fQ==', 1760355495),
('RonkKhHDQ19N8A6MaH1EnSrEcueUh5FhXEcELfbn', NULL, '172.71.223.77', 'UptimeMonitor/1.0 (us-east-1 https://uptime-monitor.io)', 'YToyOntzOjY6Il90b2tlbiI7czo0MDoicURITk4xS0R4MlNvMEE4QVlFUko3YmxkVnhvbmpSNkswTDlsU2RsZyI7czo2OiJfZmxhc2giO2E6Mjp7czozOiJvbGQiO2E6MDp7fXM6MzoibmV3IjthOjA6e319fQ==', 1760360354),
('RtzGLliJGAlzfZSCSPXnNsAWuf4z8NDRWc4xK5W2', NULL, '104.23.160.213', 'Mozilla/5.0 (Windows NT 10.0; Win64; x64; rv:61.0) Gecko/20100101 Firefox/61.0', 'YTo0OntzOjY6Il90b2tlbiI7czo0MDoiOFl6RndObWZXYWhnalo1M0taUnlvbnBsTmRBRXpIUzJ4c0hNNjJZbSI7czoxODoiZmxhc2hlcjo6ZW52ZWxvcGVzIjthOjA6e31zOjk6Il9wcmV2aW91cyI7YToxOntzOjM6InVybCI7czo0OToiaHR0cHM6Ly93d3cuc3dpc3NjYXZpYXJsaWVyaS5jb20vY2xpbmljYWwtc2NpZW5jZSI7fXM6NjoiX2ZsYXNoIjthOjI6e3M6Mzoib2xkIjthOjA6e31zOjM6Im5ldyI7YTowOnt9fX0=', 1760357888),
('RXw8yNgVqoLbxDn0TlY7uPMNt2NiCaEHqy3WfPxH', NULL, '172.71.223.78', 'UptimeMonitor/1.0 (us-east-1 https://uptime-monitor.io)', 'YToyOntzOjY6Il90b2tlbiI7czo0MDoidU43TXlQV1h5UEp3QVRsWEl0QTF1TkhtcG5aOWdhVUlWNGl1VkthaSI7czo2OiJfZmxhc2giO2E6Mjp7czozOiJvbGQiO2E6MDp7fXM6MzoibmV3IjthOjA6e319fQ==', 1760359904),
('s0HKOzDY83G25nmk5xQYfA4ZNjY1H5QGSSxX90v2', NULL, '172.68.164.47', 'UptimeMonitor/1.0 (ap-southeast-1 https://uptime-monitor.io)', 'YToyOntzOjY6Il90b2tlbiI7czo0MDoiUHU0UGljMWpjSUs2bmlYMlNwOVo5clFRNEFsY2M2dVVxVkt3azduNyI7czo2OiJfZmxhc2giO2E6Mjp7czozOiJvbGQiO2E6MDp7fXM6MzoibmV3IjthOjA6e319fQ==', 1760358585),
('SciD1UdfndNAhjevgzcnvNXcr75R23NBp8TjITqV', NULL, '108.162.226.161', 'UptimeMonitor/1.0 (ap-southeast-1 https://uptime-monitor.io)', 'YToyOntzOjY6Il90b2tlbiI7czo0MDoiYnJOT1dNNXJRbW5ZcWc2aUxhN0d3b21tZzVEbDVQekI4aFp5dm9ZTCI7czo2OiJfZmxhc2giO2E6Mjp7czozOiJvbGQiO2E6MDp7fXM6MzoibmV3IjthOjA6e319fQ==', 1760357775),
('sz35fXTfueVZiZAY47I87VABTqabirZuu9XD6rXw', NULL, '162.158.163.215', 'UptimeMonitor/1.0 (ap-southeast-1 https://uptime-monitor.io)', 'YToyOntzOjY6Il90b2tlbiI7czo0MDoiVnNjOE1jVVdYY1V0TG1MaHBxV0JJeDU0TnluZEU2amVzZFlEb0dIWCI7czo2OiJfZmxhc2giO2E6Mjp7czozOiJvbGQiO2E6MDp7fXM6MzoibmV3IjthOjA6e319fQ==', 1760355435),
('t4glbN8pMkdTX0TZRmKKddrhiYZOqZWuzvV8wpOn', NULL, '104.23.168.57', 'Mozilla/5.0 (iPhone; CPU iPhone OS 13_2_3 like Mac OS X) AppleWebKit/605.1.15 (KHTML, like Gecko) Version/13.0.3 Mobile/15E148 Safari/604.1', 'YTo0OntzOjY6Il90b2tlbiI7czo0MDoiQ2pSSWhxclEzVXA4Y2UzSno4VEJaamZ4UTBDbUlpZEkzZGhtSk9aNiI7czoxODoiZmxhc2hlcjo6ZW52ZWxvcGVzIjthOjA6e31zOjk6Il9wcmV2aW91cyI7YToxOntzOjM6InVybCI7czozMjoiaHR0cHM6Ly93d3cuc3dpc3NjYXZpYXJsaWVyaS5jb20iO31zOjY6Il9mbGFzaCI7YToyOntzOjM6Im9sZCI7YTowOnt9czozOiJuZXciO2E6MDp7fX19', 1760359951),
('TAWH4pSXafOnTa4OZIwt0vkkycTrZV6ldEFLwVMX', NULL, '172.69.135.150', 'Mozilla/5.0 (iPhone; CPU iPhone OS 13_2_3 like Mac OS X) AppleWebKit/605.1.15 (KHTML, like Gecko) Version/13.0.3 Mobile/15E148 Safari/604.1', 'YTo0OntzOjY6Il90b2tlbiI7czo0MDoiVG1BemZEbVFRemw3NlF6VzZ2THgwSUVuY2ZrWGI2cFh3ZmZTSDcwaSI7czoxODoiZmxhc2hlcjo6ZW52ZWxvcGVzIjthOjA6e31zOjk6Il9wcmV2aW91cyI7YToxOntzOjM6InVybCI7czozMjoiaHR0cHM6Ly93d3cuc3dpc3NjYXZpYXJsaWVyaS5jb20iO31zOjY6Il9mbGFzaCI7YToyOntzOjM6Im9sZCI7YTowOnt9czozOiJuZXciO2E6MDp7fX19', 1760358023),
('Th1zDABfOuqE04A4GYfzkAd7KvGUd2N9xYLPOL2I', NULL, '172.70.135.67', 'meta-webindexer/1.1 (+https://developers.facebook.com/docs/sharing/webmasters/crawler)', 'YTo0OntzOjY6Il90b2tlbiI7czo0MDoidGdRa3FDcnFHYzROVEdsV0lobjNvYkwxeEdrMzAwcHJwMmlzRmluZyI7czoxODoiZmxhc2hlcjo6ZW52ZWxvcGVzIjthOjA6e31zOjk6Il9wcmV2aW91cyI7YToxOntzOjM6InVybCI7czo0MjoiaHR0cHM6Ly93d3cuc3dpc3NjYXZpYXJsaWVyaS5jb20vaW5kZXgucGhwIjt9czo2OiJfZmxhc2giO2E6Mjp7czozOiJvbGQiO2E6MDp7fXM6MzoibmV3IjthOjA6e319fQ==', 1760361081),
('tP12KTjZyS1vV4PfobMyVtttZxgmT2kzbbTIx5hm', NULL, '172.71.95.49', 'Mozilla/5.0 (iPhone; CPU iPhone OS 13_2_3 like Mac OS X) AppleWebKit/605.1.15 (KHTML, like Gecko) Version/13.0.3 Mobile/15E148 Safari/604.1', 'YTo0OntzOjY6Il90b2tlbiI7czo0MDoic3NkUEE5Z0xPTExzY0NSOEdTWWQ2WjFpR1U0ZklteTZUNkVYZHhQRyI7czoxODoiZmxhc2hlcjo6ZW52ZWxvcGVzIjthOjA6e31zOjk6Il9wcmV2aW91cyI7YToxOntzOjM6InVybCI7czozMjoiaHR0cHM6Ly93d3cuc3dpc3NjYXZpYXJsaWVyaS5jb20iO31zOjY6Il9mbGFzaCI7YToyOntzOjM6Im9sZCI7YTowOnt9czozOiJuZXciO2E6MDp7fX19', 1760354900),
('tSHALiZziKJ2F3yCUaiBy0vHJMpYD63bEbHkUWqJ', NULL, '162.158.78.44', 'UptimeMonitor/1.0 (us-east-1 https://uptime-monitor.io)', 'YToyOntzOjY6Il90b2tlbiI7czo0MDoiYjFxcnpXMkQwYmRxVzJkM0hrWW5IV01JYUNXbE8yczY2YUNKT3R2WSI7czo2OiJfZmxhc2giO2E6Mjp7czozOiJvbGQiO2E6MDp7fXM6MzoibmV3IjthOjA6e319fQ==', 1760360894),
('U2wRqKr1Cp8lY866yTEuiUgMFYTmMXfh2dJFRW0d', NULL, '108.162.226.161', 'UptimeMonitor/1.0 (ap-southeast-1 https://uptime-monitor.io)', 'YToyOntzOjY6Il90b2tlbiI7czo0MDoiTWRRZnUwV1NoZ2tLV04zRGpFZTEwcTBoZk5PMjdMQzJQU3FKQ2V6VSI7czo2OiJfZmxhc2giO2E6Mjp7czozOiJvbGQiO2E6MDp7fXM6MzoibmV3IjthOjA6e319fQ==', 1760356605),
('U7dJWBcALDWQuFayVLNkxvuMHmSus00QOpQEK8TJ', NULL, '104.23.209.130', 'UptimeMonitor/1.0 (us-east-1 https://uptime-monitor.io)', 'YToyOntzOjY6Il90b2tlbiI7czo0MDoiNVRZVXp2aWEzWEhsTE5YNmcwdms4Z3RocE8wUndOR2lpdW5VRHd1WSI7czo2OiJfZmxhc2giO2E6Mjp7czozOiJvbGQiO2E6MDp7fXM6MzoibmV3IjthOjA6e319fQ==', 1760355674),
('UakVDQPawPevtam7MfZI9qjRz0IqUgcRZnLRxdh9', NULL, '172.71.194.118', 'UptimeMonitor/1.0 (us-east-1 https://uptime-monitor.io)', 'YToyOntzOjY6Il90b2tlbiI7czo0MDoiMWVraWpMdDg1UmtxY09mMmdaeWZYYXFFNEljYWVsaDZGS1ZKaWJaRSI7czo2OiJfZmxhc2giO2E6Mjp7czozOiJvbGQiO2E6MDp7fXM6MzoibmV3IjthOjA6e319fQ==', 1760354864),
('UCRvVePdY8q4nEWa3SDqdNl90YVI0k8tPRrCTgtY', NULL, '172.70.35.121', 'Mozilla/5.0 AppleWebKit/537.36 (KHTML, like Gecko; compatible; bingbot/2.0; +http://www.bing.com/bingbot.htm) Chrome/116.0.1938.76 Safari/537.36', 'YTo0OntzOjY6Il90b2tlbiI7czo0MDoiQlpyRzJ6U2NJR2ZVTHN1cWNQMkdaY3VmV3h6ZU4yclVkUUpLN0hUeCI7czoxODoiZmxhc2hlcjo6ZW52ZWxvcGVzIjthOjA6e31zOjk6Il9wcmV2aW91cyI7YToxOntzOjM6InVybCI7czozNzoiaHR0cHM6Ly93d3cuc3dpc3NjYXZpYXJsaWVyaS5jb20vY2FydCI7fXM6NjoiX2ZsYXNoIjthOjI6e3M6Mzoib2xkIjthOjA6e31zOjM6Im5ldyI7YTowOnt9fX0=', 1760356328),
('UhXYYc2MVEitb5DC184tI49V15KiGQa2LLK4HNRp', NULL, '172.71.190.17', 'jetmon/1.0 (Jetpack Site Uptime Monitor by WordPress.com)', 'YToyOntzOjY6Il90b2tlbiI7czo0MDoibmVXazB2Y0QwN29EdmMzS1U2ZlYxV2UwdDJIVG01eVF1WHJMSjBaNSI7czo2OiJfZmxhc2giO2E6Mjp7czozOiJvbGQiO2E6MDp7fXM6MzoibmV3IjthOjA6e319fQ==', 1760361196),
('uLs2N4zcGbpxPYtASQ663x2JQ2aSDCzNuIJOFi0J', NULL, '162.158.78.45', 'jetmon/1.0 (Jetpack Site Uptime Monitor by WordPress.com)', 'YToyOntzOjY6Il90b2tlbiI7czo0MDoiR3F3Ukx0Qmd6QzZjS3NTT3hLN21CZ2NSbDl4SzBtVzVHMlF5QVlYUSI7czo2OiJfZmxhc2giO2E6Mjp7czozOiJvbGQiO2E6MDp7fXM6MzoibmV3IjthOjA6e319fQ==', 1760357596),
('V5P4WDbahkUxcMMeZOG7fyhiFnMmAigUCmAbIATg', NULL, '172.71.134.67', 'Mozilla/5.0 (compatible; IbouBot/1.0; +bot@ibou.io; +https://ibou.io/iboubot.html)', 'YTo0OntzOjY6Il90b2tlbiI7czo0MDoiQWhyU0pBRVJXYnd2NDluNDgzRTRZZjZ4NkszQ3l1ZXh3WEp0TWEzNSI7czoxODoiZmxhc2hlcjo6ZW52ZWxvcGVzIjthOjA6e31zOjk6Il9wcmV2aW91cyI7YToxOntzOjM6InVybCI7czo0MToiaHR0cHM6Ly93d3cuc3dpc3NjYXZpYXJsaWVyaS5jb20vcmVnaXN0ZXIiO31zOjY6Il9mbGFzaCI7YToyOntzOjM6Im9sZCI7YTowOnt9czozOiJuZXciO2E6MDp7fX19', 1760358154),
('VDPo4BsMQSqil3REwRx2BaqCN4fgltnvoTKkAEyc', NULL, '162.158.190.26', 'UptimeMonitor/1.0 (ap-southeast-1 https://uptime-monitor.io)', 'YToyOntzOjY6Il90b2tlbiI7czo0MDoiV2JTSEg1VnQwdm1MQWpyMjNPbXMzMVNQUTZQSXhTb3U3MGdEbUdtcyI7czo2OiJfZmxhc2giO2E6Mjp7czozOiJvbGQiO2E6MDp7fXM6MzoibmV3IjthOjA6e319fQ==', 1760356965),
('Vkxcn5InlpaLN9ZGBc0Hs1mzzYb1m5kaXFaVHH4q', NULL, '172.70.142.109', 'UptimeMonitor/1.0 (ap-southeast-1 https://uptime-monitor.io)', 'YToyOntzOjY6Il90b2tlbiI7czo0MDoieXc0anhqOFZGSGJBOTdMUGhKczlSUDNNWjg0MTBXMXFWODRtUERhRiI7czo2OiJfZmxhc2giO2E6Mjp7czozOiJvbGQiO2E6MDp7fXM6MzoibmV3IjthOjA6e319fQ==', 1760358675),
('vnil4J6Y7kqdfP2xVX1doioCcGHVwpSgZMlFRy2V', NULL, '172.71.194.118', 'jetmon/1.0 (Jetpack Site Uptime Monitor by WordPress.com)', 'YToyOntzOjY6Il90b2tlbiI7czo0MDoib3gyNmtTcHFqU1BucWFUa3RjMjRXVldqTUlZaUZ4Q2hLcUN1QnUyTyI7czo2OiJfZmxhc2giO2E6Mjp7czozOiJvbGQiO2E6MDp7fXM6MzoibmV3IjthOjA6e319fQ==', 1760353395),
('vnP7Tviv8zLOv3vhJVJhhMtUThrTmqY5ehfj7hWX', NULL, '162.158.78.44', 'UptimeMonitor/1.0 (us-east-1 https://uptime-monitor.io)', 'YToyOntzOjY6Il90b2tlbiI7czo0MDoiaVdHaUp3MHdwbFhBQkthaGRVWkNZcFEzdVJVYVJWdERxaWZITFJwNyI7czo2OiJfZmxhc2giO2E6Mjp7czozOiJvbGQiO2E6MDp7fXM6MzoibmV3IjthOjA6e319fQ==', 1760354234),
('VoVWkbq8yXWBigXllDSNnxBLfXJYCQp8M4yAxnew', NULL, '162.158.106.120', 'UptimeMonitor/1.0 (ap-southeast-1 https://uptime-monitor.io)', 'YToyOntzOjY6Il90b2tlbiI7czo0MDoiNk55c3RyRGRUSk84cDFSVVBBbHlOZGxONnZsTXoyZHpYWE1ISXNrUyI7czo2OiJfZmxhc2giO2E6Mjp7czozOiJvbGQiO2E6MDp7fXM6MzoibmV3IjthOjA6e319fQ==', 1760359935),
('VP07rvbbQ2j8CHywoiV8O31DPxu5RiajLHprnMz2', NULL, '172.70.38.70', 'UptimeMonitor/1.0 (us-east-1 https://uptime-monitor.io)', 'YToyOntzOjY6Il90b2tlbiI7czo0MDoia2JZVXNGNVl4bDY0ZlJhV0JOZUtiY3BjSVJ3d2NnSWJHRlhuUndFNCI7czo2OiJfZmxhc2giO2E6Mjp7czozOiJvbGQiO2E6MDp7fXM6MzoibmV3IjthOjA6e319fQ==', 1760356664),
('vQ8o4M2wn1t3ahvagsBpypsBy1YpQosBm4nQOhm9', NULL, '172.70.135.121', 'UptimeMonitor/1.0 (us-east-1 https://uptime-monitor.io)', 'YToyOntzOjY6Il90b2tlbiI7czo0MDoid2ZubGFzTXpYbm5BVTNHZW5OZ1Y5RlVoemV4U0k5eGNsQzZ0elJ5diI7czo2OiJfZmxhc2giO2E6Mjp7czozOiJvbGQiO2E6MDp7fXM6MzoibmV3IjthOjA6e319fQ==', 1760354594),
('VrtZmDjIQDwguEALg6PikpPfYvp0rN31ZK7Ye8GK', NULL, '172.68.22.237', 'Mozilla/5.0 (Linux; Android 6.0.1; Nexus 5X Build/MMB29P) AppleWebKit/537.36 (KHTML, like Gecko) Chrome/140.0.7339.207 Mobile Safari/537.36 (compatible; Googlebot/2.1; +http://www.google.com/bot.html)', 'YTo0OntzOjY6Il90b2tlbiI7czo0MDoidWxWY2preVZ3MFk0cE9BaE9mdTdrV3B6aGRvM3RSd05vQ2tjeTlYUCI7czoxODoiZmxhc2hlcjo6ZW52ZWxvcGVzIjthOjA6e31zOjk6Il9wcmV2aW91cyI7YToxOntzOjM6InVybCI7czo3MDoiaHR0cHM6Ly93d3cuc3dpc3NjYXZpYXJsaWVyaS5jb20vaW5kZXgucGhwL2NvbnRyb2wtaGlnaC1ibG9vZC1wcmVzc3VyZSI7fXM6NjoiX2ZsYXNoIjthOjI6e3M6Mzoib2xkIjthOjA6e31zOjM6Im5ldyI7YTowOnt9fX0=', 1760354067),
('vSRz8R49Hj1teimQ9tFwsonP93HKYNcJ0KLw0NZO', NULL, '172.71.124.170', 'UptimeMonitor/1.0 (ap-southeast-1 https://uptime-monitor.io)', 'YToyOntzOjY6Il90b2tlbiI7czo0MDoiaXRWMHpUakhMT3JtUHNtbFVCcTA3Qm4xTlQ0emRWZzJKclZnWnMwSSI7czo2OiJfZmxhc2giO2E6Mjp7czozOiJvbGQiO2E6MDp7fXM6MzoibmV3IjthOjA6e319fQ==', 1760359215),
('vtFNJWeIwpwlBobQpeLUh4wALDzz9zt1u1ScDMiS', NULL, '104.23.209.130', 'UptimeMonitor/1.0 (us-east-1 https://uptime-monitor.io)', 'YToyOntzOjY6Il90b2tlbiI7czo0MDoiMVhSRzVVbjZ4cERnNkQyRXBUVkJDSnlaRnJpTnF1anNLbVphVGRzMCI7czo2OiJfZmxhc2giO2E6Mjp7czozOiJvbGQiO2E6MDp7fXM6MzoibmV3IjthOjA6e319fQ==', 1760359544),
('vTKJxUcfpggCPdLUlBH0cjMPBfouBSsWbLIzxKsS', NULL, '172.71.82.97', 'UptimeMonitor/1.0 (ap-southeast-1 https://uptime-monitor.io)', 'YToyOntzOjY6Il90b2tlbiI7czo0MDoiZ0VNQmhLWVZvT1lVZHlLcHFwaERndnFVWXZrN2JrVWFiVDlsUkJDaCI7czo2OiJfZmxhc2giO2E6Mjp7czozOiJvbGQiO2E6MDp7fXM6MzoibmV3IjthOjA6e319fQ==', 1760357235),
('VVPjpAm8TnET95jbzdrjJefd5AY49JSzCbfc46xs', NULL, '162.158.163.216', 'UptimeMonitor/1.0 (ap-southeast-1 https://uptime-monitor.io)', 'YToyOntzOjY6Il90b2tlbiI7czo0MDoiWW9ZOUdiUlRmb1ZRRVlNRk1wOU01ZnJ3OVVXNUVwaUJzZHdlcGVmSCI7czo2OiJfZmxhc2giO2E6Mjp7czozOiJvbGQiO2E6MDp7fXM6MzoibmV3IjthOjA6e319fQ==', 1760361555),
('VxJy2DTM0oI3eUPuIizBbFqLwfmkHkunVe57BzjW', NULL, '172.70.38.70', 'jetmon/1.0 (Jetpack Site Uptime Monitor by WordPress.com)', 'YToyOntzOjY6Il90b2tlbiI7czo0MDoiN0xpQTBDbk9laGVLNEZYQUsxcDJ0WjliUmlpRkZWTWNlalBjWnlHOCI7czo2OiJfZmxhc2giO2E6Mjp7czozOiJvbGQiO2E6MDp7fXM6MzoibmV3IjthOjA6e319fQ==', 1760359396),
('vXnKVKVinJQZCgQp2WpYFmWRF1jVyxKvpKqX3Fm7', NULL, '162.158.235.108', 'Mozilla/5.0 (Windows NT 10.0; Win64; x64) AppleWebKit/537.36 (KHTML, like Gecko) Chrome/90.0.4430.85 Safari/537.36', 'YTozOntzOjY6Il90b2tlbiI7czo0MDoidjFlalF5ZjJxN0VHQUg1blBXYnRSalFVSHZkYzA1dFcxNmJ2Nm81eSI7czo5OiJfcHJldmlvdXMiO2E6MTp7czozOiJ1cmwiO3M6Njk6Imh0dHBzOi8vd3d3LnN3aXNzY2F2aWFybGllcmkuY29tL2FkbWluL2NvbnRyb2xsZXIvZXh0ZW5zaW9uL2V4dGVuc2lvbiI7fXM6NjoiX2ZsYXNoIjthOjI6e3M6Mzoib2xkIjthOjA6e31zOjM6Im5ldyI7YTowOnt9fX0=', 1760358418),
('vy3r9PK2vW1rB9i9YeVN3KcDWUEu3tohcRDjK9dv', NULL, '104.23.175.159', 'UptimeMonitor/1.0 (ap-southeast-1 https://uptime-monitor.io)', 'YToyOntzOjY6Il90b2tlbiI7czo0MDoia3pDUllZMk5FOTFCR0NOM1BkU3hXWGJKMzF0ZVRIN3NkYlg3YXBKdyI7czo2OiJfZmxhc2giO2E6Mjp7czozOiJvbGQiO2E6MDp7fXM6MzoibmV3IjthOjA6e319fQ==', 1760357415),
('Vybrvpb1KgiMarxcwPLkz3luPaBohl9A26YKZuoH', NULL, '172.71.118.141', 'Mozilla/5.0 (compatible; IbouBot/1.0; +bot@ibou.io; +https://ibou.io/iboubot.html)', 'YTo0OntzOjY6Il90b2tlbiI7czo0MDoia0pTbEE4QW5PU2ZpTXAzcTJxckRRUzNIU2k4Vk1ldzBuam1nNUNPWiI7czoxODoiZmxhc2hlcjo6ZW52ZWxvcGVzIjthOjA6e31zOjk6Il9wcmV2aW91cyI7YToxOntzOjM6InVybCI7czo0OToiaHR0cHM6Ly93d3cuc3dpc3NjYXZpYXJsaWVyaS5jb20vY2xpbmljYWwtc2NpZW5jZSI7fXM6NjoiX2ZsYXNoIjthOjI6e3M6Mzoib2xkIjthOjA6e31zOjM6Im5ldyI7YTowOnt9fX0=', 1760358276),
('wGdE27Y6pdir09VkzYBtJFdtgY0ZPblJbzz9BPBm', NULL, '172.71.122.235', 'Mozilla/5.0 (compatible; IbouBot/1.0; +bot@ibou.io; +https://ibou.io/iboubot.html)', 'YTo0OntzOjY6Il90b2tlbiI7czo0MDoiR3ZXZ21XY1dHcktiNkpVNTNnUll5Vk00cmIwMGJCUWR1d3Rhb2ttUiI7czoxODoiZmxhc2hlcjo6ZW52ZWxvcGVzIjthOjA6e31zOjk6Il9wcmV2aW91cyI7YToxOntzOjM6InVybCI7czo0MzoiaHR0cHM6Ly93d3cuc3dpc3NjYXZpYXJsaWVyaS5jb20vam9pbnQtcGFpbiI7fXM6NjoiX2ZsYXNoIjthOjI6e3M6Mzoib2xkIjthOjA6e31zOjM6Im5ldyI7YTowOnt9fX0=', 1760358185),
('WK2SA4hreiHpb0kl2qQfGWLdfzKp5jOmzgWSQg2V', NULL, '172.70.93.66', 'UptimeMonitor/1.0 (ap-southeast-1 https://uptime-monitor.io)', 'YToyOntzOjY6Il90b2tlbiI7czo0MDoiU3VtbEt4SnZmZTdBbWlabWNkMUw3amZCTnYwcHUxWGFTMkN1N0dpQiI7czo2OiJfZmxhc2giO2E6Mjp7czozOiJvbGQiO2E6MDp7fXM6MzoibmV3IjthOjA6e319fQ==', 1760359125),
('WL3I0qyUKLKsRF3I2ni0V3VqBNLeWN2KI7oeWVc9', NULL, '172.71.126.68', 'Mozilla/5.0 (compatible; IbouBot/1.0; +bot@ibou.io; +https://ibou.io/iboubot.html)', 'YTo0OntzOjY6Il90b2tlbiI7czo0MDoiUE9iZWVnNG9yU2d1WGZjN1FRS2lBanVQTURJejNNTTRjbW9TN0VnWSI7czoxODoiZmxhc2hlcjo6ZW52ZWxvcGVzIjthOjA6e31zOjk6Il9wcmV2aW91cyI7YToxOntzOjM6InVybCI7czo0MDoiaHR0cHM6Ly93d3cuc3dpc3NjYXZpYXJsaWVyaS5jb20vY29udGFjdCI7fXM6NjoiX2ZsYXNoIjthOjI6e3M6Mzoib2xkIjthOjA6e31zOjM6Im5ldyI7YTowOnt9fX0=', 1760358109),
('wnEOB5nKCsyqL3JwGE9EbrcPEB1jXlYSI2yNcjjm', NULL, '172.71.194.119', 'jetmon/1.0 (Jetpack Site Uptime Monitor by WordPress.com)', 'YToyOntzOjY6Il90b2tlbiI7czo0MDoib3RMYWhLSmVWNXhKVlBTN01RUEN4dzhONW1BZWVwYnBpVXVacmZhWiI7czo2OiJfZmxhc2giO2E6Mjp7czozOiJvbGQiO2E6MDp7fXM6MzoibmV3IjthOjA6e319fQ==', 1760359696),
('wtmSrW3EgpEKjoWc3qB5FazyaMNZKMsFfAIAixKG', NULL, '104.23.160.23', 'Mozilla/5.0 (Windows NT 6.3; WOW64; Trident/7.0; rv:11.0) like Gecko', 'YTo0OntzOjY6Il90b2tlbiI7czo0MDoiSkdIZ3dmcmRldjd5blBpV3JCNzlDczFUYmhpbHphNWNQc3FHNjBtcSI7czoxODoiZmxhc2hlcjo6ZW52ZWxvcGVzIjthOjA6e31zOjk6Il9wcmV2aW91cyI7YToxOntzOjM6InVybCI7czozMjoiaHR0cHM6Ly93d3cuc3dpc3NjYXZpYXJsaWVyaS5jb20iO31zOjY6Il9mbGFzaCI7YToyOntzOjM6Im9sZCI7YTowOnt9czozOiJuZXciO2E6MDp7fX19', 1760357885),
('wX7Src6DqSGwEjYEnH5wKPr8i5F42enMHWUtuUVE', NULL, '172.70.175.67', 'jetmon/1.0 (Jetpack Site Uptime Monitor by WordPress.com)', 'YToyOntzOjY6Il90b2tlbiI7czo0MDoibHpTZGVPYmFmb0JmMmtzWjFTS3ZmQjFZU0dkR05pamt4SUpBb2pjeCI7czo2OiJfZmxhc2giO2E6Mjp7czozOiJvbGQiO2E6MDp7fXM6MzoibmV3IjthOjA6e319fQ==', 1760354896),
('WY21bk4Y2QCwJG6UTyPKahlURaYzaWduxaMipruD', NULL, '172.70.208.128', 'UptimeMonitor/1.0 (ap-southeast-1 https://uptime-monitor.io)', 'YToyOntzOjY6Il90b2tlbiI7czo0MDoicUcyWVV3eHVqQzlBY0hVQmgzREtNSktFWmxBVkN6VVNEaHRoRXBZViI7czo2OiJfZmxhc2giO2E6Mjp7czozOiJvbGQiO2E6MDp7fXM6MzoibmV3IjthOjA6e319fQ==', 1760354535),
('Wyp5fejN8LdNYlrVwQVSijTQg8zygQhR141ul1Xn', NULL, '172.71.95.50', 'Mozilla/5.0 (compatible; AhrefsBot/7.0; +http://ahrefs.com/robot/)', 'YTo0OntzOjY6Il90b2tlbiI7czo0MDoidHl6SXM2WUYzMGJFdXFlaWljbkxwcHAxNnF3ZWJKQVZqNGdGaWVPMyI7czoxODoiZmxhc2hlcjo6ZW52ZWxvcGVzIjthOjA6e31zOjk6Il9wcmV2aW91cyI7YToxOntzOjM6InVybCI7czo1NzoiaHR0cHM6Ly93d3cuc3dpc3NjYXZpYXJsaWVyaS5jb20vaW5jcmVhc2UtY2VsbHVsYXItZW5lcmd5Ijt9czo2OiJfZmxhc2giO2E6Mjp7czozOiJvbGQiO2E6MDp7fXM6MzoibmV3IjthOjA6e319fQ==', 1760359657),
('WYQNGDqo8NL9XTkFrpMrnCVZO28dHZaDd2xHmZvw', NULL, '172.70.93.66', 'UptimeMonitor/1.0 (ap-southeast-1 https://uptime-monitor.io)', 'YToyOntzOjY6Il90b2tlbiI7czo0MDoib1dVS2poUjRSRnR3UEFieXRiSVc3SU5nMzlybnNrNVQxdGV2QTN4ZyI7czo2OiJfZmxhc2giO2E6Mjp7czozOiJvbGQiO2E6MDp7fXM6MzoibmV3IjthOjA6e319fQ==', 1760357055),
('x27tIkuXsX2LF73arSgLnHb8JdIvxvbPMiBnRsyU', NULL, '172.68.245.192', 'UptimeMonitor/1.0 (us-east-1 https://uptime-monitor.io)', 'YToyOntzOjY6Il90b2tlbiI7czo0MDoiNnNnS0poN3RlVm9GNHNzRzUxbGNzeGdPTkFnbFNib203RVZDM0toayI7czo2OiJfZmxhc2giO2E6Mjp7czozOiJvbGQiO2E6MDp7fXM6MzoibmV3IjthOjA6e319fQ==', 1760354684),
('x6akvwo7iT2CDO7vDvjoI537l8bQ0TMCWKwomjKx', NULL, '172.71.194.119', 'jetmon/1.0 (Jetpack Site Uptime Monitor by WordPress.com)', 'YToyOntzOjY6Il90b2tlbiI7czo0MDoiOFlpUjhtMG8ybW1JdmFZUU1ndTRUNXhLcTd2bm5hSGVEY1lQc2I5NCI7czo2OiJfZmxhc2giO2E6Mjp7czozOiJvbGQiO2E6MDp7fXM6MzoibmV3IjthOjA6e319fQ==', 1760358196),
('xaW07J6m5zkMyXh3VqY3vtfWzeKMPvMvyr5Qo7mx', NULL, '172.70.43.100', 'jetmon/1.0 (Jetpack Site Uptime Monitor by WordPress.com)', 'YToyOntzOjY6Il90b2tlbiI7czo0MDoiano2ajkyMUlJeG1ZbW9VMEx4V3lpMWNhUnczTW1OTEZvZWY5Rmg2OSI7czo2OiJfZmxhc2giO2E6Mjp7czozOiJvbGQiO2E6MDp7fXM6MzoibmV3IjthOjA6e319fQ==', 1760357295),
('xbtOmMJHXXi8yjUQ0KoIjRw61Pl5M2PBICqFPImS', NULL, '172.70.38.71', 'UptimeMonitor/1.0 (us-east-1 https://uptime-monitor.io)', 'YToyOntzOjY6Il90b2tlbiI7czo0MDoidzF2eGkxejhLWWZ6UU05U1N5Y2RMTUJuTTQzTnJSUm80Y0ZNdGJ0aCI7czo2OiJfZmxhc2giO2E6Mjp7czozOiJvbGQiO2E6MDp7fXM6MzoibmV3IjthOjA6e319fQ==', 1760359094),
('XCMB9eoZ0Vzsf5tqkfTiELNSPk0vHwr8dfM0Lprc', NULL, '172.70.135.68', 'UptimeMonitor/1.0 (us-east-1 https://uptime-monitor.io)', 'YToyOntzOjY6Il90b2tlbiI7czo0MDoibFZvUjgwSkRZaFFaV2VVeE91bnVCZmdBWWZGSXdrdHNoSHZublV3TiI7czo2OiJfZmxhc2giO2E6Mjp7czozOiJvbGQiO2E6MDp7fXM6MzoibmV3IjthOjA6e319fQ==', 1760358014),
('XCQ31nOmyTtewRTaLsijGzKgBG0HsA6foLdDmxRa', NULL, '162.158.163.215', 'UptimeMonitor/1.0 (ap-southeast-1 https://uptime-monitor.io)', 'YToyOntzOjY6Il90b2tlbiI7czo0MDoiYUdRRjRvaXVWSTJjV01PNlhDOWk5SUlKZXVKQ09VdTlhVGlZY2VNTyI7czo2OiJfZmxhc2giO2E6Mjp7czozOiJvbGQiO2E6MDp7fXM6MzoibmV3IjthOjA6e319fQ==', 1760361375),
('xH3SKpxCE0sNROTjZqF5bK0hseUdzYAR1XsRmoBX', NULL, '108.162.226.160', 'UptimeMonitor/1.0 (ap-southeast-1 https://uptime-monitor.io)', 'YToyOntzOjY6Il90b2tlbiI7czo0MDoiczdVNFRVOWwyMUhVbzVIWkxpbWVBWWVyTUl5a0xaWWJMYXpLOWN4byI7czo2OiJfZmxhc2giO2E6Mjp7czozOiJvbGQiO2E6MDp7fXM6MzoibmV3IjthOjA6e319fQ==', 1760356335),
('XJubqsQKgLJFzPzUH1GK5Ql1j0wMUCfuWUWFsdUs', NULL, '172.70.35.121', 'UptimeMonitor/1.0 (us-east-1 https://uptime-monitor.io)', 'YToyOntzOjY6Il90b2tlbiI7czo0MDoiNGtYaDVvUDZQS2dNdHY1RDIzWjdjR0JESmNaNW5ZWGFEbFFQeTVkTCI7czo2OiJfZmxhc2giO2E6Mjp7czozOiJvbGQiO2E6MDp7fXM6MzoibmV3IjthOjA6e319fQ==', 1760354774),
('XLZc2HAraqFyjlWt2qsuSgRPRLrVnO0vMtEtQiOM', NULL, '104.23.175.159', 'UptimeMonitor/1.0 (ap-southeast-1 https://uptime-monitor.io)', 'YToyOntzOjY6Il90b2tlbiI7czo0MDoicWo5Y3lqWDg0SjAzdlh4MDM2MVEzRXN2dmtZRTk0MDVGOVdHYVBGWSI7czo2OiJfZmxhc2giO2E6Mjp7czozOiJvbGQiO2E6MDp7fXM6MzoibmV3IjthOjA6e319fQ==', 1760354805),
('XOPGzXTS5tbFKLkbuU0qvXCpF41yHHfkNA8MpHWh', NULL, '172.70.135.67', 'UptimeMonitor/1.0 (us-east-1 https://uptime-monitor.io)', 'YToyOntzOjY6Il90b2tlbiI7czo0MDoia21xOEdjenBsUzdZZHdiQ1NuWWNZcmk3WDJucnBERGVlUE9FZlRxaCI7czo2OiJfZmxhc2giO2E6Mjp7czozOiJvbGQiO2E6MDp7fXM6MzoibmV3IjthOjA6e319fQ==', 1760353424),
('XUgqJ91Mc12sNCzX1WYooSxXjbEUtvsr9efTKzmW', NULL, '172.70.142.108', 'UptimeMonitor/1.0 (ap-southeast-1 https://uptime-monitor.io)', 'YToyOntzOjY6Il90b2tlbiI7czo0MDoiN2ZPamRqY1dZN0c4Y09PamNOVTlScXAxb2hTaUVNZlZodVFwMXFaciI7czo2OiJfZmxhc2giO2E6Mjp7czozOiJvbGQiO2E6MDp7fXM6MzoibmV3IjthOjA6e319fQ==', 1760354985),
('xWr0wihox5URlIu3cOhTWOnA6v8yoY3FmI33u84f', NULL, '162.158.170.80', '', 'YTo0OntzOjY6Il90b2tlbiI7czo0MDoiRjV1dFZWWEJ0MGtDUEZyS2JEc0oxazNwSlJPRmY2Z3VKUENPcVVpTyI7czoxODoiZmxhc2hlcjo6ZW52ZWxvcGVzIjthOjA6e31zOjk6Il9wcmV2aW91cyI7YToxOntzOjM6InVybCI7czozMjoiaHR0cHM6Ly93d3cuc3dpc3NjYXZpYXJsaWVyaS5jb20iO31zOjY6Il9mbGFzaCI7YToyOntzOjM6Im9sZCI7YTowOnt9czozOiJuZXciO2E6MDp7fX19', 1760360936),
('Y1Q1IaPokZ4522ApMTtrLHoeqJCpwgulbVQk9ZPQ', NULL, '172.71.194.118', 'jetmon/1.0 (Jetpack Site Uptime Monitor by WordPress.com)', 'YToyOntzOjY6Il90b2tlbiI7czo0MDoiRlpJQnJNNGtDWXN4TW1nSTFmMjVYV3VZQ3c1ZHhYY2w1am5XN3VRVCI7czo2OiJfZmxhc2giO2E6Mjp7czozOiJvbGQiO2E6MDp7fXM6MzoibmV3IjthOjA6e319fQ==', 1760360895),
('yBStD9di8LFi4ueI2UcyflZwsLyY1IwLl3YZ0L10', NULL, '172.71.122.235', 'Mozilla/5.0 (compatible; IbouBot/1.0; +bot@ibou.io; +https://ibou.io/iboubot.html)', 'YTo0OntzOjY6Il90b2tlbiI7czo0MDoiM1N3VEEzdU1MSEhhdTNGenJJamdnWmNIaU9FemJYUXZzSUNmMk1BUyI7czoxODoiZmxhc2hlcjo6ZW52ZWxvcGVzIjthOjA6e31zOjk6Il9wcmV2aW91cyI7YToxOntzOjM6InVybCI7czo0NjoiaHR0cHM6Ly93d3cuc3dpc3NjYXZpYXJsaWVyaS5jb20vbWVudGFsLWhlYWx0aCI7fXM6NjoiX2ZsYXNoIjthOjI6e3M6Mzoib2xkIjthOjA6e31zOjM6Im5ldyI7YTowOnt9fX0=', 1760358170),
('ycUOTKvOlXThVsELfrx8oSNSSyXM1TDsX2elWzSE', NULL, '172.68.245.105', 'UptimeMonitor/1.0 (us-east-1 https://uptime-monitor.io)', 'YToyOntzOjY6Il90b2tlbiI7czo0MDoiakV1SE1EODJtN1pjVmFIMFZpMFpWRkFQWHhCdGdQWndmUk8yNTRydyI7czo2OiJfZmxhc2giO2E6Mjp7czozOiJvbGQiO2E6MDp7fXM6MzoibmV3IjthOjA6e319fQ==', 1760357654),
('YDKeqWMjxm2ZNES1ACm2z6W15NlcDtm5ukHdW49v', NULL, '172.71.190.17', 'jetmon/1.0 (Jetpack Site Uptime Monitor by WordPress.com)', 'YToyOntzOjY6Il90b2tlbiI7czo0MDoiVUJ4WUttUktFc0lEMlB2WHlLVmVPNjdrSmNTTXJZZFpmNkhBd1A4TSI7czo2OiJfZmxhc2giO2E6Mjp7czozOiJvbGQiO2E6MDp7fXM6MzoibmV3IjthOjA6e319fQ==', 1760360596),
('YH5bGvN0P4fQb1sTiRX0b1tat4gyrn96cUlBRuE8', NULL, '172.70.216.61', 'Mozilla/5.0 AppleWebKit/537.36 (KHTML, like Gecko); compatible; ChatGPT-User/1.0; +https://openai.com/bot', 'YTo0OntzOjY6Il90b2tlbiI7czo0MDoicEo3WXB5SVBHU3ExRzB4Vk5VdXAxN04xQ0hyNVpZQ1h1YjdnSVI2cCI7czoxODoiZmxhc2hlcjo6ZW52ZWxvcGVzIjthOjA6e31zOjk6Il9wcmV2aW91cyI7YToxOntzOjM6InVybCI7czozMjoiaHR0cHM6Ly93d3cuc3dpc3NjYXZpYXJsaWVyaS5jb20iO31zOjY6Il9mbGFzaCI7YToyOntzOjM6Im9sZCI7YTowOnt9czozOiJuZXciO2E6MDp7fX19', 1760356823),
('YhdPZFAXS312kIKP5B4QbwQh8M7dzzco3bFqA21m', NULL, '172.71.82.97', 'UptimeMonitor/1.0 (ap-southeast-1 https://uptime-monitor.io)', 'YToyOntzOjY6Il90b2tlbiI7czo0MDoiOExrbGc0VTR3WWZRY2RrWktPOEkzcFBaekFSbWtIcTNoeW9lMVRvZyI7czo2OiJfZmxhc2giO2E6Mjp7czozOiJvbGQiO2E6MDp7fXM6MzoibmV3IjthOjA6e319fQ==', 1760353995),
('yhe8qF4i5NVGPIcKPz9bB7hDqgjSrt2xoF6gWvnv', NULL, '104.23.175.158', 'UptimeMonitor/1.0 (ap-southeast-1 https://uptime-monitor.io)', 'YToyOntzOjY6Il90b2tlbiI7czo0MDoiaHdqMTIyMnVWN1IxbUY2ejZFeGtRTTFTYTRRQnZ4U2V3UWp1QzJ3SiI7czo2OiJfZmxhc2giO2E6Mjp7czozOiJvbGQiO2E6MDp7fXM6MzoibmV3IjthOjA6e319fQ==', 1760360025),
('yjLDUqq5YBSHFdolx4f5t5aHd2OUiFcCQ72ARE3e', NULL, '162.158.78.44', 'UptimeMonitor/1.0 (us-east-1 https://uptime-monitor.io)', 'YToyOntzOjY6Il90b2tlbiI7czo0MDoiaGxPbGdlRmtOdHNLaWZOTHVENVBXbkJUZUZseUtrcXlEbzFYdTVBeCI7czo2OiJfZmxhc2giO2E6Mjp7czozOiJvbGQiO2E6MDp7fXM6MzoibmV3IjthOjA6e319fQ==', 1760355494),
('YK72uNXix5j0PrCAJHsEd0JvuBYBQhK2cGwtk2Cv', NULL, '172.70.142.109', 'UptimeMonitor/1.0 (ap-southeast-1 https://uptime-monitor.io)', 'YToyOntzOjY6Il90b2tlbiI7czo0MDoiWDdOVFJQVnowWkpBMUV4UXNGSFk3RWI5WEV2MjNTYUNtbFdxR3hiYyI7czo2OiJfZmxhc2giO2E6Mjp7czozOiJvbGQiO2E6MDp7fXM6MzoibmV3IjthOjA6e319fQ==', 1760358045),
('YNVmSs2RWqpjPAhtg2B3vIZooXzTsAf719b4NPur', NULL, '172.70.208.128', 'UptimeMonitor/1.0 (ap-southeast-1 https://uptime-monitor.io)', 'YToyOntzOjY6Il90b2tlbiI7czo0MDoiaHV0QzVnQ3FwVEJFdXJWMTBpa3JnTlVBcHFsdlJOblBEd0Z6Z2xJSSI7czo2OiJfZmxhc2giO2E6Mjp7czozOiJvbGQiO2E6MDp7fXM6MzoibmV3IjthOjA6e319fQ==', 1760360655),
('yOgJ4UNBuLE9hTKlOEWCvXaMC9mxsPpGMt9OGC8f', NULL, '172.70.174.254', 'UptimeMonitor/1.0 (us-east-1 https://uptime-monitor.io)', 'YToyOntzOjY6Il90b2tlbiI7czo0MDoiTFdTZktaUFJFUUhDSFZVb0RVQlVObmxlbFYxVHdvSFhmMjY0SnNCTiI7czo2OiJfZmxhc2giO2E6Mjp7czozOiJvbGQiO2E6MDp7fXM6MzoibmV3IjthOjA6e319fQ==', 1760357834),
('yTnIt7uvMoW1dCknRQL9vxkTpQlXzCjPcuWU7CxD', NULL, '172.69.176.36', 'UptimeMonitor/1.0 (ap-southeast-1 https://uptime-monitor.io)', 'YToyOntzOjY6Il90b2tlbiI7czo0MDoiSVZUVndsakVXejBGNHlsTVEzUzVVbGE1VXQ2M1JMQjFLc1pVbXA0cCI7czo2OiJfZmxhc2giO2E6Mjp7czozOiJvbGQiO2E6MDp7fXM6MzoibmV3IjthOjA6e319fQ==', 1760358135),
('yUGuLUyn6U2X319aYsXcf8aEPtssp4Kq6xlHSpEz', NULL, '172.70.135.67', 'UptimeMonitor/1.0 (us-east-1 https://uptime-monitor.io)', 'YToyOntzOjY6Il90b2tlbiI7czo0MDoiVTJBQk9rVEFqd0QydjJ2aHhTdTlqZ1JvYWQ5TVdLQmFtR09VOGZBdCI7czo2OiJfZmxhc2giO2E6Mjp7czozOiJvbGQiO2E6MDp7fXM6MzoibmV3IjthOjA6e319fQ==', 1760354324),
('ZK6v3Rv5vTMClw3CFCmifMpTiPN4lFlg5HsxoxEY', NULL, '162.158.152.181', 'UptimeMonitor/1.0 (us-east-1 https://uptime-monitor.io)', 'YToyOntzOjY6Il90b2tlbiI7czo0MDoiS2JiQzhuRFVZMVVvTHFBQTVva29VME0yNFlvelRTaWJmRHF0aUNhbyI7czo2OiJfZmxhc2giO2E6Mjp7czozOiJvbGQiO2E6MDp7fXM6MzoibmV3IjthOjA6e319fQ==', 1760361435),
('ZlSpdPhCPTPKtk5Vu4Ft4nObPHnAuNmVJzHfwbrH', NULL, '172.70.142.108', 'UptimeMonitor/1.0 (ap-southeast-1 https://uptime-monitor.io)', 'YToyOntzOjY6Il90b2tlbiI7czo0MDoiS3hWTGJSVE5aZUswZ1UzS05NUEU0MEhYWHA5bGFTOGZEdFg0QkJneCI7czo2OiJfZmxhc2giO2E6Mjp7czozOiJvbGQiO2E6MDp7fXM6MzoibmV3IjthOjA6e319fQ==', 1760354625),
('zMX9ujFuoLyYvZYbCds9ZzC4scp9Nv53E87IwnDI', NULL, '172.68.175.53', 'Go-http-client/1.1', 'YToyOntzOjY6Il90b2tlbiI7czo0MDoiWFgyN0lrQXVVTkVkTXg0NzVGblAwWmRwd3lhaGVmRFRmRUYya2lhZiI7czo2OiJfZmxhc2giO2E6Mjp7czozOiJvbGQiO2E6MDp7fXM6MzoibmV3IjthOjA6e319fQ==', 1760357885),
('ZWXDoQC4TgHPxNSw3RxsF4APTFof4Qyq8zN1QeNZ', NULL, '172.70.35.121', 'UptimeMonitor/1.0 (us-east-1 https://uptime-monitor.io)', 'YToyOntzOjY6Il90b2tlbiI7czo0MDoiZXQ2Q2p5SGFsOFZpQkpwUDJoaElsbzBaclhYVlJKQVkzTXhiWmVONiI7czo2OiJfZmxhc2giO2E6Mjp7czozOiJvbGQiO2E6MDp7fXM6MzoibmV3IjthOjA6e319fQ==', 1760356214);

-- --------------------------------------------------------

--
-- Table structure for table `stock`
--

CREATE TABLE `stock` (
  `id` bigint UNSIGNED NOT NULL,
  `inventory_id` bigint UNSIGNED NOT NULL,
  `product_id` bigint UNSIGNED NOT NULL,
  `previous_quantity` int NOT NULL,
  `quantity_change` int NOT NULL,
  `new_quantity` int NOT NULL,
  `reason` varchar(255) CHARACTER SET utf8mb4 COLLATE utf8mb4_unicode_ci DEFAULT NULL,
  `created_by` varchar(255) CHARACTER SET utf8mb4 COLLATE utf8mb4_unicode_ci NOT NULL,
  `created_at` timestamp NULL DEFAULT NULL,
  `updated_at` timestamp NULL DEFAULT NULL
) ENGINE=InnoDB DEFAULT CHARSET=utf8mb4 COLLATE=utf8mb4_unicode_ci;

--
-- Dumping data for table `stock`
--

INSERT INTO `stock` (`id`, `inventory_id`, `product_id`, `previous_quantity`, `quantity_change`, `new_quantity`, `reason`, `created_by`, `created_at`, `updated_at`) VALUES
(1, 8, 2, 0, 570, 570, 'Entry 13Aug2025', '1', '2025-08-13 06:49:27', '2025-08-13 06:49:27'),
(2, 7, 10, 0, 1269, 1269, 'new entry 13/08/2025', '1', '2025-08-13 06:50:29', '2025-08-13 06:50:29'),
(3, 10, 3, 0, 428, 428, 'Entry 13th August 2025', '1', '2025-08-13 06:51:03', '2025-08-13 06:51:03'),
(4, 7, 10, 1269, -1269, 0, 'wrong erntry', '1', '2025-08-13 06:52:12', '2025-08-13 06:52:12'),
(5, 11, 4, 0, 1928, 1928, 'Entry 13th August 2025', '1', '2025-08-13 06:52:34', '2025-08-13 06:52:34'),
(6, 9, 10, 0, 1269, 1269, 'new entry 13/08/2025', '1', '2025-08-13 06:52:53', '2025-08-13 06:52:53'),
(7, 14, 7, 0, 1869, 1869, 'new entry 13/08/2025', '1', '2025-08-13 06:57:48', '2025-08-13 06:57:48'),
(8, 16, 12, 0, 1410, 1410, 'new entry 13/08/2025', '1', '2025-08-13 07:01:26', '2025-08-13 07:01:26'),
(9, 13, 10, 0, 1089, 1089, 'new entry 13/08/2025', '1', '2025-08-13 07:06:18', '2025-08-13 07:06:18'),
(10, 12, 4, 0, 1780, 1780, 'new entry 13/08/2025', '1', '2025-08-13 07:06:46', '2025-08-13 07:06:46'),
(11, 6, 2, 0, 31, 31, 'Entry 13th August 2025', '1', '2025-08-13 07:24:12', '2025-08-13 07:24:12'),
(12, 7, 10, 0, 806, 806, 'Entry 13 August 2025', '1', '2025-08-13 07:24:39', '2025-08-13 07:24:39'),
(13, 14, 7, 1869, -9, 1860, 'shivani/Jermaine 1', '1', '2025-08-25 05:20:34', '2025-08-25 05:20:34'),
(14, 17, 2, 0, 1089, 1089, 'Balance Consignment Stock ', '1', '2025-08-25 07:29:52', '2025-08-25 07:29:52'),
(15, 8, 2, 570, -9, 561, 'deduction of Inventory Durai/se', '1', '2025-09-01 03:35:52', '2025-09-01 03:35:52'),
(16, 10, 3, 428, -1, 427, 'deduction of Inventory Durai/se', '1', '2025-09-01 03:36:29', '2025-09-01 03:36:29'),
(17, 11, 4, 1928, -1, 1927, 'deduction of Inventory Durai/se', '1', '2025-09-01 03:36:47', '2025-09-01 03:36:47'),
(18, 14, 7, 1860, -6, 1854, 'Mr Durai/Dr Satya', '1', '2025-09-03 07:37:54', '2025-09-03 07:37:54'),
(19, 14, 7, 1854, -6, 1848, 'unaccounted for', '1', '2025-09-03 07:49:59', '2025-09-03 07:49:59'),
(20, 9, 10, 1269, -1, 1268, 'OSY', '1', '2025-09-03 08:18:27', '2025-09-03 08:18:27'),
(21, 15, 2, 0, 10, 10, 'test', '1', '2025-09-03 08:18:39', '2025-09-03 08:18:39'),
(22, 8, 2, 561, -1, 560, 'OSY', '1', '2025-09-03 08:19:06', '2025-09-03 08:19:06'),
(23, 8, 2, 560, -170, 390, 'stock adjustment', '1', '2025-09-03 08:40:49', '2025-09-03 08:40:49'),
(24, 8, 2, 390, -2, 388, 'Shiva email 6 Sep Vivek/Durai', '1', '2025-09-08 03:23:19', '2025-09-08 03:23:19'),
(25, 10, 3, 427, -1, 426, 'Shiva email 6 Sep Vivek/Durai', '1', '2025-09-08 03:23:54', '2025-09-08 03:23:54'),
(26, 11, 4, 1927, -1, 1926, 'Shiva email 6 Sep Vivek/Durai', '1', '2025-09-08 03:24:22', '2025-09-08 03:24:22'),
(27, 11, 4, 1926, -3, 1923, 'Durai/sy', '1', '2025-09-08 03:25:09', '2025-09-08 03:25:09'),
(28, 14, 7, 1848, -2, 1846, 'Durai/sy', '1', '2025-09-08 03:25:41', '2025-09-08 03:25:41'),
(29, 8, 2, 388, -10, 378, 'Durai/KLtrip', '1', '2025-09-08 05:36:39', '2025-09-08 05:36:39'),
(30, 8, 2, 378, 1890, 2268, 'Suisse Lab shipment March 2025', '1', '2025-09-08 07:29:23', '2025-09-08 07:29:23'),
(31, 18, 2, 0, 10, 10, 'Matt assisted to ship for us for Rahel\'s client', '1', '2025-09-18 12:29:31', '2025-09-18 12:29:31'),
(32, 8, 2, 2268, -6, 2262, 'Rose helps send to Ki Ki 20 Sep', '1', '2025-09-24 03:54:39', '2025-09-24 03:54:39'),
(33, 6, 2, 31, -2, 29, 'system error', '1', '2025-09-25 03:31:29', '2025-09-25 03:31:29'),
(34, 8, 2, 2262, -15, 2247, 'Mr Durai/Anthony/Dr Reddy Shiva email 21Sep', '1', '2025-09-25 07:10:09', '2025-09-25 07:10:09'),
(35, 8, 2, 2247, -22, 2225, 'Durai/Binu', '1', '2025-09-29 09:03:21', '2025-09-29 09:03:21'),
(36, 8, 2, 2225, -6, 2219, 'Durai/Rina/Lokonathan', '1', '2025-09-29 09:04:03', '2025-09-29 09:04:03'),
(37, 9, 10, 1268, -1, 1267, 'Delivery error Angela (order 25)', '1', '2025-09-29 09:06:16', '2025-09-29 09:06:16'),
(38, 8, 2, 2219, 1, 2220, 'Add back Angela order 24 (Asia) 1 EU version', '1', '2025-09-29 09:11:13', '2025-09-29 09:11:13'),
(39, 8, 2, 2220, 1, 2221, 'stock adjustment', '1', '2025-09-29 09:12:38', '2025-09-29 09:12:38'),
(40, 16, 12, 1410, -94, 1316, 'Packed into boxes 29 Sep 2025', '1', '2025-09-29 09:16:06', '2025-09-29 09:16:06'),
(41, 14, 7, 1846, 94, 1940, 'packed into boxes from pouches 29 Sep 2025', '1', '2025-09-29 09:16:43', '2025-09-29 09:16:43'),
(42, 9, 10, 1267, -5, 1262, 'Durai/KLtrip 29Sep', '1', '2025-09-29 09:19:51', '2025-09-29 09:19:51'),
(43, 10, 3, 426, -5, 421, 'Mr Durai', '1', '2025-09-30 01:48:31', '2025-09-30 01:48:31'),
(44, 10, 3, 421, -5, 416, 'Mr Durai', '1', '2025-09-30 01:48:37', '2025-09-30 01:48:37'),
(45, 10, 3, 416, -1, 415, 'Dev/Venessa', '1', '2025-09-30 01:51:07', '2025-09-30 01:51:07'),
(46, 10, 3, 415, -4, 411, 'Stock adjustment', '1', '2025-09-30 01:52:04', '2025-09-30 01:52:04'),
(47, 11, 4, 1923, -12, 1911, 'Dev', '1', '2025-09-30 01:52:37', '2025-09-30 01:52:37'),
(48, 13, 10, 1089, -10, 1079, 'Support Survetta House St Moritz US', '1', '2025-09-30 11:17:21', '2025-09-30 11:17:21'),
(49, 9, 10, 1262, -5, 1257, 'Durai KL trip', '1', '2025-10-01 12:12:39', '2025-10-01 12:12:39'),
(50, 9, 10, 1257, -5, 1252, 'Dev', '1', '2025-10-01 12:15:35', '2025-10-01 12:15:35'),
(51, 8, 2, 2221, 6, 2227, 'OSY Excchane for Klo-cel for US Market', '1', '2025-10-02 06:43:30', '2025-10-02 06:43:30'),
(52, 14, 7, 1940, -6, 1934, 'OSY take this in exchange 6 CV', '1', '2025-10-02 06:44:50', '2025-10-02 06:44:50'),
(53, 9, 10, 1252, -2, 1250, 'FOC 2 boxes for Dr Cecil Wong, Order #125233 under Celergen ', '1', '2025-10-06 03:23:44', '2025-10-06 03:23:44'),
(54, 9, 10, 1250, -10, 1240, 'Shiva send India - 5 boxes Apollo 6th Oct 2025', '1', '2025-10-07 09:56:01', '2025-10-07 09:56:01');

-- --------------------------------------------------------

--
-- Table structure for table `suppliers`
--

CREATE TABLE `suppliers` (
  `id` bigint UNSIGNED NOT NULL,
  `supplier_name` varchar(255) CHARACTER SET utf8mb4 COLLATE utf8mb4_unicode_ci NOT NULL,
  `country` varchar(255) CHARACTER SET utf8mb4 COLLATE utf8mb4_unicode_ci NOT NULL,
  `remarks` text CHARACTER SET utf8mb4 COLLATE utf8mb4_unicode_ci,
  `created_by` varchar(255) CHARACTER SET utf8mb4 COLLATE utf8mb4_unicode_ci NOT NULL,
  `created_date` datetime NOT NULL DEFAULT '2025-04-14 07:29:42',
  `modified_date` datetime DEFAULT NULL,
  `deleted_at` timestamp NULL DEFAULT NULL,
  `created_at` timestamp NULL DEFAULT NULL,
  `updated_at` timestamp NULL DEFAULT NULL
) ENGINE=InnoDB DEFAULT CHARSET=utf8mb4 COLLATE=utf8mb4_unicode_ci;

-- --------------------------------------------------------

--
-- Table structure for table `warehouses`
--

CREATE TABLE `warehouses` (
  `id` bigint UNSIGNED NOT NULL,
  `warehouse_name` varchar(255) CHARACTER SET utf8mb4 COLLATE utf8mb4_unicode_ci NOT NULL,
  `email` varchar(255) CHARACTER SET utf8mb4 COLLATE utf8mb4_unicode_ci DEFAULT NULL,
  `country` varchar(255) CHARACTER SET utf8mb4 COLLATE utf8mb4_unicode_ci NOT NULL,
  `type` varchar(255) CHARACTER SET utf8mb4 COLLATE utf8mb4_unicode_ci NOT NULL,
  `address` varchar(255) CHARACTER SET utf8mb4 COLLATE utf8mb4_unicode_ci NOT NULL,
  `phone` varchar(255) CHARACTER SET utf8mb4 COLLATE utf8mb4_unicode_ci NOT NULL,
  `remarks` text CHARACTER SET utf8mb4 COLLATE utf8mb4_unicode_ci,
  `deleted_at` timestamp NULL DEFAULT NULL,
  `created_by` bigint UNSIGNED NOT NULL,
  `created_at` timestamp NULL DEFAULT NULL,
  `updated_at` timestamp NULL DEFAULT NULL,
  `modified_by` bigint UNSIGNED DEFAULT NULL
) ENGINE=InnoDB DEFAULT CHARSET=utf8mb4 COLLATE=utf8mb4_unicode_ci;

--
-- Dumping data for table `warehouses`
--

INSERT INTO `warehouses` (`id`, `warehouse_name`, `email`, `country`, `type`, `address`, `phone`, `remarks`, `deleted_at`, `created_by`, `created_at`, `updated_at`, `modified_by`) VALUES
(1, 'Luxrotage warehouse', NULL, 'Luxembourg', 'Third-party', 'Business Park Contern - 11, rue Paul Rischard - L-5324 CONTERN', '+352 28 12 52 1', 'Europe/ Switzerland/ Middle East', NULL, 1, '2025-04-15 15:42:43', '2025-04-15 15:42:43', 1),
(2, 'Swiss warehouse (Iroh 2000)', NULL, 'Switzerland', 'Client', 'Regensbergstrasse 49, Zurich 8050', '+41793327441', NULL, NULL, 1, '2025-04-15 15:43:38', '2025-04-22 01:42:53', 1),
(3, '16D Fort Rd', NULL, 'Singapore', 'Own', '16D Fort Road Singapore 439080', '97363388', NULL, NULL, 1, '2025-04-15 15:46:09', '2025-04-15 15:46:09', 1),
(4, 'Suisse Laboratories cell Therapy, Inc.', NULL, 'Philippines', 'Affiliate', '\"Unit 8A, 3rd Floor, Il Terrazzo Mall\n305 Tomas Morato corner Scout Madrinan Street\nSouth Triangle 1103, Quezon City\"', '(+63)917 8002582', 'Philippine Shipments only', NULL, 1, '2025-04-15 15:47:23', '2025-04-15 15:47:23', 1),
(5, 'Caviarlieri Co.Ltd', NULL, 'Thailand', 'Affiliate', '\"4 Chan16 Yak 12-2 Road\nTungwatdon\nSathorn Bangkok\"', '97361226', NULL, NULL, 1, '2025-04-15 15:48:13', '2025-04-15 15:48:13', 1),
(6, 'PRED Warehouse', NULL, 'India', 'Supplier', 'bangalore', '9845014103', 'test warehouse', NULL, 1, '2025-04-25 11:18:18', '2025-04-25 11:18:18', 1),
(7, 'US Warehouse - CV', NULL, 'United States', 'Client', 'NA', 'NA', 'For stocks owed to Matt', NULL, 1, '2025-09-18 09:49:16', '2025-09-18 09:49:16', 1);

-- --------------------------------------------------------

--
-- Table structure for table `warehouse_emails`
--

CREATE TABLE `warehouse_emails` (
  `id` bigint UNSIGNED NOT NULL,
  `warehouse_id` bigint UNSIGNED NOT NULL,
  `email` varchar(255) CHARACTER SET utf8mb4 COLLATE utf8mb4_unicode_ci NOT NULL,
  `created_at` timestamp NULL DEFAULT NULL,
  `updated_at` timestamp NULL DEFAULT NULL
) ENGINE=InnoDB DEFAULT CHARSET=utf8mb4 COLLATE=utf8mb4_unicode_ci;

--
-- Dumping data for table `warehouse_emails`
--

INSERT INTO `warehouse_emails` (`id`, `warehouse_id`, `email`, `created_at`, `updated_at`) VALUES
(4, 4, 'jermaine.bombasi@empireregencentre.com', '2025-04-15 15:47:23', '2025-04-15 15:47:23'),
(13, 3, 'admin@silapple.com', '2025-07-23 06:12:11', '2025-07-23 06:12:11'),
(14, 3, 'ong.suying@gmail.com', '2025-07-23 06:12:11', '2025-07-23 06:12:11'),
(15, 5, 'dev.durai@swisscaviarlieri.com', '2025-07-23 06:12:26', '2025-07-23 06:12:26'),
(16, 5, 'admin@silapple.com', '2025-07-23 06:12:26', '2025-07-23 06:12:26'),
(17, 5, 'ong.suying@gmail.com', '2025-07-23 06:12:26', '2025-07-23 06:12:26'),
(21, 2, 'ong.suying@gmail.com', '2025-07-23 06:14:10', '2025-07-23 06:14:10'),
(22, 2, 'admin@silapple.com', '2025-07-23 06:14:10', '2025-07-23 06:14:10'),
(28, 6, 'pradeepkumar@predsolutions.com', '2025-07-31 07:23:32', '2025-07-31 07:23:32'),
(29, 1, 'admin@silapple.com', '2025-08-14 03:55:27', '2025-08-14 03:55:27'),
(30, 1, 'ong.suying@gmail.com', '2025-08-14 03:55:27', '2025-08-14 03:55:27'),
(31, 1, 'customerservice@luxroutage.lu', '2025-08-14 03:55:27', '2025-08-14 03:55:27'),
(32, 7, 'ong.suying@gmail.com', '2025-09-18 09:49:16', '2025-09-18 09:49:16'),
(33, 7, 'admin@silapple.com', '2025-09-18 09:49:16', '2025-09-18 09:49:16');

--
-- Indexes for dumped tables
--

--
-- Indexes for table `batchnumbers`
--
ALTER TABLE `batchnumbers`
  ADD PRIMARY KEY (`id`),
  ADD UNIQUE KEY `batchnumbers_batch_number_unique` (`batch_number`);

--
-- Indexes for table `countries`
--
ALTER TABLE `countries`
  ADD PRIMARY KEY (`id`);

--
-- Indexes for table `country`
--
ALTER TABLE `country`
  ADD PRIMARY KEY (`id`);

--
-- Indexes for table `currency`
--
ALTER TABLE `currency`
  ADD PRIMARY KEY (`id`);

--
-- Indexes for table `currency_rates`
--
ALTER TABLE `currency_rates`
  ADD PRIMARY KEY (`id`),
  ADD KEY `currency_rates_country_id_foreign` (`country_id`);

--
-- Indexes for table `customers`
--
ALTER TABLE `customers`
  ADD PRIMARY KEY (`id`),
  ADD KEY `customers_customer_type_id_foreign` (`customer_type_id`),
  ADD KEY `customers_created_by_foreign` (`created_by`),
  ADD KEY `customers_updated_by_foreign` (`updated_by`);

--
-- Indexes for table `customerstype`
--
ALTER TABLE `customerstype`
  ADD PRIMARY KEY (`id`);

--
-- Indexes for table `customer_invoices`
--
ALTER TABLE `customer_invoices`
  ADD PRIMARY KEY (`id`),
  ADD KEY `customer_invoices_customer_id_foreign` (`customer_id`);

--
-- Indexes for table `delivery_orders`
--
ALTER TABLE `delivery_orders`
  ADD PRIMARY KEY (`id`),
  ADD KEY `delivery_orders_order_invoice_id_foreign` (`order_invoice_id`),
  ADD KEY `delivery_orders_warehouse_id_foreign` (`warehouse_id`),
  ADD KEY `delivery_orders_created_by_foreign` (`created_by`),
  ADD KEY `delivery_orders_modified_by_foreign` (`modified_by`),
  ADD KEY `delivery_orders_order_id_foreign` (`order_id`);

--
-- Indexes for table `delivery_order_details`
--
ALTER TABLE `delivery_order_details`
  ADD PRIMARY KEY (`id`),
  ADD KEY `delivery_order_details_delivery_order_id_foreign` (`delivery_order_id`),
  ADD KEY `delivery_order_details_product_id_foreign` (`product_id`),
  ADD KEY `delivery_order_details_order_detail_id_foreign` (`order_detail_id`),
  ADD KEY `delivery_order_details_inventory_id_foreign` (`inventory_id`);

--
-- Indexes for table `failed_jobs`
--
ALTER TABLE `failed_jobs`
  ADD PRIMARY KEY (`id`),
  ADD UNIQUE KEY `failed_jobs_uuid_unique` (`uuid`);

--
-- Indexes for table `inventory`
--
ALTER TABLE `inventory`
  ADD PRIMARY KEY (`id`),
  ADD KEY `inventory_product_code_foreign` (`product_code`),
  ADD KEY `inventory_warehouse_id_foreign` (`warehouse_id`);

--
-- Indexes for table `jobs`
--
ALTER TABLE `jobs`
  ADD PRIMARY KEY (`id`),
  ADD KEY `jobs_queue_index` (`queue`);

--
-- Indexes for table `job_batches`
--
ALTER TABLE `job_batches`
  ADD PRIMARY KEY (`id`);

--
-- Indexes for table `migrations`
--
ALTER TABLE `migrations`
  ADD PRIMARY KEY (`id`);

--
-- Indexes for table `model_has_permissions`
--
ALTER TABLE `model_has_permissions`
  ADD PRIMARY KEY (`permission_id`,`model_id`,`model_type`),
  ADD KEY `model_has_permissions_model_id_model_type_index` (`model_id`,`model_type`);

--
-- Indexes for table `model_has_roles`
--
ALTER TABLE `model_has_roles`
  ADD PRIMARY KEY (`role_id`,`model_id`,`model_type`),
  ADD KEY `model_has_roles_model_id_model_type_index` (`model_id`,`model_type`);

--
-- Indexes for table `order_details`
--
ALTER TABLE `order_details`
  ADD PRIMARY KEY (`id`),
  ADD KEY `order_details_order_id_foreign` (`order_id`),
  ADD KEY `order_details_product_id_foreign` (`product_id`);

--
-- Indexes for table `order_invoice`
--
ALTER TABLE `order_invoice`
  ADD PRIMARY KEY (`id`),
  ADD KEY `order_invoice_order_id_foreign` (`order_id`),
  ADD KEY `order_invoice_customer_id_foreign` (`customer_id`),
  ADD KEY `order_invoice_entity_id_foreign` (`entity_id`),
  ADD KEY `order_invoice_created_by_foreign` (`created_by`),
  ADD KEY `order_invoice_modified_by_foreign` (`modified_by`);

--
-- Indexes for table `order_invoice_details`
--
ALTER TABLE `order_invoice_details`
  ADD PRIMARY KEY (`id`),
  ADD KEY `order_invoice_details_order_invoice_id_foreign` (`order_invoice_id`),
  ADD KEY `order_invoice_details_product_id_foreign` (`product_id`);

--
-- Indexes for table `order_master`
--
ALTER TABLE `order_master`
  ADD PRIMARY KEY (`order_id`),
  ADD KEY `order_master_customer_id_foreign` (`customer_id`),
  ADD KEY `order_master_entity_id_foreign` (`entity_id`),
  ADD KEY `order_master_currency_id_foreign` (`currency_id`),
  ADD KEY `order_master_parent_order_id_foreign` (`parent_order_id`),
  ADD KEY `order_master_created_by_foreign` (`created_by`),
  ADD KEY `order_master_modified_by_foreign` (`modified_by`);

--
-- Indexes for table `payments`
--
ALTER TABLE `payments`
  ADD PRIMARY KEY (`id`);

--
-- Indexes for table `permissions`
--
ALTER TABLE `permissions`
  ADD PRIMARY KEY (`id`),
  ADD UNIQUE KEY `permissions_name_guard_name_unique` (`name`,`guard_name`);

--
-- Indexes for table `products`
--
ALTER TABLE `products`
  ADD PRIMARY KEY (`id`),
  ADD UNIQUE KEY `products_product_code_unique` (`product_code`);

--
-- Indexes for table `product_catagories`
--
ALTER TABLE `product_catagories`
  ADD PRIMARY KEY (`id`),
  ADD UNIQUE KEY `product_catagories_category_name_unique` (`category_name`);

--
-- Indexes for table `roles`
--
ALTER TABLE `roles`
  ADD PRIMARY KEY (`id`),
  ADD UNIQUE KEY `roles_name_guard_name_unique` (`name`,`guard_name`);

--
-- Indexes for table `role_has_permissions`
--
ALTER TABLE `role_has_permissions`
  ADD PRIMARY KEY (`permission_id`,`role_id`),
  ADD KEY `role_has_permissions_role_id_foreign` (`role_id`);

--
-- Indexes for table `sessions`
--
ALTER TABLE `sessions`
  ADD PRIMARY KEY (`id`),
  ADD KEY `sessions_user_id_index` (`user_id`),
  ADD KEY `sessions_last_activity_index` (`last_activity`);

--
-- Indexes for table `stock`
--
ALTER TABLE `stock`
  ADD PRIMARY KEY (`id`),
  ADD KEY `stock_inventory_id_foreign` (`inventory_id`),
  ADD KEY `stock_product_id_foreign` (`product_id`);

--
-- Indexes for table `suppliers`
--
ALTER TABLE `suppliers`
  ADD PRIMARY KEY (`id`);

--
-- Indexes for table `warehouses`
--
ALTER TABLE `warehouses`
  ADD PRIMARY KEY (`id`),
  ADD UNIQUE KEY `warehouses_email_unique` (`email`),
  ADD KEY `warehouses_created_by_foreign` (`created_by`),
  ADD KEY `warehouses_modified_by_foreign` (`modified_by`);

--
-- Indexes for table `warehouse_emails`
--
ALTER TABLE `warehouse_emails`
  ADD PRIMARY KEY (`id`),
  ADD KEY `warehouse_emails_warehouse_id_foreign` (`warehouse_id`);

--
-- AUTO_INCREMENT for dumped tables
--

--
-- AUTO_INCREMENT for table `batchnumbers`
--
ALTER TABLE `batchnumbers`
  MODIFY `id` bigint UNSIGNED NOT NULL AUTO_INCREMENT, AUTO_INCREMENT=7;

--
-- AUTO_INCREMENT for table `countries`
--
ALTER TABLE `countries`
  MODIFY `id` bigint UNSIGNED NOT NULL AUTO_INCREMENT;

--
-- AUTO_INCREMENT for table `country`
--
ALTER TABLE `country`
  MODIFY `id` int NOT NULL AUTO_INCREMENT, AUTO_INCREMENT=222;

--
-- AUTO_INCREMENT for table `currency`
--
ALTER TABLE `currency`
  MODIFY `id` bigint UNSIGNED NOT NULL AUTO_INCREMENT, AUTO_INCREMENT=8;

--
-- AUTO_INCREMENT for table `currency_rates`
--
ALTER TABLE `currency_rates`
  MODIFY `id` bigint UNSIGNED NOT NULL AUTO_INCREMENT;

--
-- AUTO_INCREMENT for table `customers`
--
ALTER TABLE `customers`
  MODIFY `id` bigint UNSIGNED NOT NULL AUTO_INCREMENT, AUTO_INCREMENT=1806;

--
-- AUTO_INCREMENT for table `customerstype`
--
ALTER TABLE `customerstype`
  MODIFY `id` bigint UNSIGNED NOT NULL AUTO_INCREMENT, AUTO_INCREMENT=3;

--
-- AUTO_INCREMENT for table `customer_invoices`
--
ALTER TABLE `customer_invoices`
  MODIFY `id` bigint UNSIGNED NOT NULL AUTO_INCREMENT, AUTO_INCREMENT=76;

--
-- AUTO_INCREMENT for table `delivery_orders`
--
ALTER TABLE `delivery_orders`
  MODIFY `id` bigint UNSIGNED NOT NULL AUTO_INCREMENT, AUTO_INCREMENT=29;

--
-- AUTO_INCREMENT for table `delivery_order_details`
--
ALTER TABLE `delivery_order_details`
  MODIFY `id` bigint UNSIGNED NOT NULL AUTO_INCREMENT, AUTO_INCREMENT=34;

--
-- AUTO_INCREMENT for table `failed_jobs`
--
ALTER TABLE `failed_jobs`
  MODIFY `id` bigint UNSIGNED NOT NULL AUTO_INCREMENT;

--
-- AUTO_INCREMENT for table `inventory`
--
ALTER TABLE `inventory`
  MODIFY `id` bigint UNSIGNED NOT NULL AUTO_INCREMENT, AUTO_INCREMENT=19;

--
-- AUTO_INCREMENT for table `jobs`
--
ALTER TABLE `jobs`
  MODIFY `id` bigint UNSIGNED NOT NULL AUTO_INCREMENT;

--
-- AUTO_INCREMENT for table `migrations`
--
ALTER TABLE `migrations`
  MODIFY `id` int UNSIGNED NOT NULL AUTO_INCREMENT, AUTO_INCREMENT=33;

--
-- AUTO_INCREMENT for table `order_details`
--
ALTER TABLE `order_details`
  MODIFY `id` bigint UNSIGNED NOT NULL AUTO_INCREMENT, AUTO_INCREMENT=88;

--
-- AUTO_INCREMENT for table `order_invoice`
--
ALTER TABLE `order_invoice`
  MODIFY `id` bigint UNSIGNED NOT NULL AUTO_INCREMENT, AUTO_INCREMENT=128;

--
-- AUTO_INCREMENT for table `order_invoice_details`
--
ALTER TABLE `order_invoice_details`
  MODIFY `id` bigint UNSIGNED NOT NULL AUTO_INCREMENT, AUTO_INCREMENT=172;

--
-- AUTO_INCREMENT for table `order_master`
--
ALTER TABLE `order_master`
  MODIFY `order_id` bigint UNSIGNED NOT NULL AUTO_INCREMENT, AUTO_INCREMENT=225176;

--
-- AUTO_INCREMENT for table `payments`
--
ALTER TABLE `payments`
  MODIFY `id` bigint UNSIGNED NOT NULL AUTO_INCREMENT, AUTO_INCREMENT=131;

--
-- AUTO_INCREMENT for table `permissions`
--
ALTER TABLE `permissions`
  MODIFY `id` bigint UNSIGNED NOT NULL AUTO_INCREMENT, AUTO_INCREMENT=18;

--
-- AUTO_INCREMENT for table `products`
--
ALTER TABLE `products`
  MODIFY `id` bigint UNSIGNED NOT NULL AUTO_INCREMENT, AUTO_INCREMENT=13;

--
-- AUTO_INCREMENT for table `product_catagories`
--
ALTER TABLE `product_catagories`
  MODIFY `id` bigint UNSIGNED NOT NULL AUTO_INCREMENT, AUTO_INCREMENT=4;

--
-- AUTO_INCREMENT for table `roles`
--
ALTER TABLE `roles`
  MODIFY `id` bigint UNSIGNED NOT NULL AUTO_INCREMENT, AUTO_INCREMENT=3;

--
-- AUTO_INCREMENT for table `stock`
--
ALTER TABLE `stock`
  MODIFY `id` bigint UNSIGNED NOT NULL AUTO_INCREMENT, AUTO_INCREMENT=55;

--
-- AUTO_INCREMENT for table `suppliers`
--
ALTER TABLE `suppliers`
  MODIFY `id` bigint UNSIGNED NOT NULL AUTO_INCREMENT;

--
-- AUTO_INCREMENT for table `warehouses`
--
ALTER TABLE `warehouses`
  MODIFY `id` bigint UNSIGNED NOT NULL AUTO_INCREMENT, AUTO_INCREMENT=8;

--
-- AUTO_INCREMENT for table `warehouse_emails`
--
ALTER TABLE `warehouse_emails`
  MODIFY `id` bigint UNSIGNED NOT NULL AUTO_INCREMENT, AUTO_INCREMENT=34;

--
-- Constraints for dumped tables
--

--
-- Constraints for table `currency_rates`
--
ALTER TABLE `currency_rates`
  ADD CONSTRAINT `currency_rates_country_id_foreign` FOREIGN KEY (`country_id`) REFERENCES `countries` (`id`) ON DELETE CASCADE;

--
-- Constraints for table `customers`
--
ALTER TABLE `customers`
  ADD CONSTRAINT `customers_created_by_foreign` FOREIGN KEY (`created_by`) REFERENCES `users` (`id`),
  ADD CONSTRAINT `customers_customer_type_id_foreign` FOREIGN KEY (`customer_type_id`) REFERENCES `customerstype` (`id`) ON DELETE CASCADE,
  ADD CONSTRAINT `customers_updated_by_foreign` FOREIGN KEY (`updated_by`) REFERENCES `users` (`id`);

--
-- Constraints for table `customer_invoices`
--
ALTER TABLE `customer_invoices`
  ADD CONSTRAINT `customer_invoices_customer_id_foreign` FOREIGN KEY (`customer_id`) REFERENCES `customers` (`id`) ON DELETE CASCADE;

--
-- Constraints for table `delivery_orders`
--
ALTER TABLE `delivery_orders`
  ADD CONSTRAINT `delivery_orders_created_by_foreign` FOREIGN KEY (`created_by`) REFERENCES `users` (`id`) ON DELETE CASCADE,
  ADD CONSTRAINT `delivery_orders_modified_by_foreign` FOREIGN KEY (`modified_by`) REFERENCES `users` (`id`) ON DELETE SET NULL,
  ADD CONSTRAINT `delivery_orders_order_id_foreign` FOREIGN KEY (`order_id`) REFERENCES `order_master` (`order_id`) ON DELETE CASCADE,
  ADD CONSTRAINT `delivery_orders_order_invoice_id_foreign` FOREIGN KEY (`order_invoice_id`) REFERENCES `order_invoice` (`id`) ON DELETE CASCADE,
  ADD CONSTRAINT `delivery_orders_warehouse_id_foreign` FOREIGN KEY (`warehouse_id`) REFERENCES `warehouses` (`id`) ON DELETE CASCADE;

--
-- Constraints for table `delivery_order_details`
--
ALTER TABLE `delivery_order_details`
  ADD CONSTRAINT `delivery_order_details_delivery_order_id_foreign` FOREIGN KEY (`delivery_order_id`) REFERENCES `delivery_orders` (`id`) ON DELETE CASCADE,
  ADD CONSTRAINT `delivery_order_details_inventory_id_foreign` FOREIGN KEY (`inventory_id`) REFERENCES `inventory` (`id`) ON DELETE CASCADE,
  ADD CONSTRAINT `delivery_order_details_order_detail_id_foreign` FOREIGN KEY (`order_detail_id`) REFERENCES `order_details` (`id`),
  ADD CONSTRAINT `delivery_order_details_product_id_foreign` FOREIGN KEY (`product_id`) REFERENCES `products` (`id`) ON DELETE CASCADE;

--
-- Constraints for table `inventory`
--
ALTER TABLE `inventory`
  ADD CONSTRAINT `inventory_product_code_foreign` FOREIGN KEY (`product_code`) REFERENCES `products` (`id`) ON DELETE CASCADE,
  ADD CONSTRAINT `inventory_warehouse_id_foreign` FOREIGN KEY (`warehouse_id`) REFERENCES `warehouses` (`id`) ON DELETE CASCADE;

--
-- Constraints for table `model_has_permissions`
--
ALTER TABLE `model_has_permissions`
  ADD CONSTRAINT `model_has_permissions_permission_id_foreign` FOREIGN KEY (`permission_id`) REFERENCES `permissions` (`id`) ON DELETE CASCADE;

--
-- Constraints for table `model_has_roles`
--
ALTER TABLE `model_has_roles`
  ADD CONSTRAINT `model_has_roles_role_id_foreign` FOREIGN KEY (`role_id`) REFERENCES `roles` (`id`) ON DELETE CASCADE;

--
-- Constraints for table `order_details`
--
ALTER TABLE `order_details`
  ADD CONSTRAINT `order_details_order_id_foreign` FOREIGN KEY (`order_id`) REFERENCES `order_master` (`order_id`) ON DELETE CASCADE,
  ADD CONSTRAINT `order_details_product_id_foreign` FOREIGN KEY (`product_id`) REFERENCES `products` (`id`) ON DELETE CASCADE;

--
-- Constraints for table `order_invoice`
--
ALTER TABLE `order_invoice`
  ADD CONSTRAINT `order_invoice_created_by_foreign` FOREIGN KEY (`created_by`) REFERENCES `users` (`id`) ON DELETE CASCADE,
  ADD CONSTRAINT `order_invoice_customer_id_foreign` FOREIGN KEY (`customer_id`) REFERENCES `customers` (`id`) ON DELETE CASCADE,
  ADD CONSTRAINT `order_invoice_entity_id_foreign` FOREIGN KEY (`entity_id`) REFERENCES `entities` (`id`) ON DELETE RESTRICT,
  ADD CONSTRAINT `order_invoice_modified_by_foreign` FOREIGN KEY (`modified_by`) REFERENCES `users` (`id`) ON DELETE SET NULL,
  ADD CONSTRAINT `order_invoice_order_id_foreign` FOREIGN KEY (`order_id`) REFERENCES `order_master` (`order_id`) ON DELETE CASCADE;

--
-- Constraints for table `order_invoice_details`
--
ALTER TABLE `order_invoice_details`
  ADD CONSTRAINT `order_invoice_details_order_invoice_id_foreign` FOREIGN KEY (`order_invoice_id`) REFERENCES `order_invoice` (`id`) ON DELETE CASCADE,
  ADD CONSTRAINT `order_invoice_details_product_id_foreign` FOREIGN KEY (`product_id`) REFERENCES `products` (`id`) ON DELETE CASCADE;

--
-- Constraints for table `order_master`
--
ALTER TABLE `order_master`
  ADD CONSTRAINT `order_master_customer_id_foreign` FOREIGN KEY (`customer_id`) REFERENCES `customers` (`id`) ON DELETE CASCADE,
  ADD CONSTRAINT `order_master_entity_id_foreign` FOREIGN KEY (`entity_id`) REFERENCES `entities` (`id`) ON DELETE RESTRICT,
  ADD CONSTRAINT `order_master_modified_by_foreign` FOREIGN KEY (`modified_by`) REFERENCES `users` (`id`) ON DELETE SET NULL,
  ADD CONSTRAINT `order_master_parent_order_id_foreign` FOREIGN KEY (`parent_order_id`) REFERENCES `order_master` (`order_id`) ON DELETE SET NULL;

--
-- Constraints for table `role_has_permissions`
--
ALTER TABLE `role_has_permissions`
  ADD CONSTRAINT `role_has_permissions_permission_id_foreign` FOREIGN KEY (`permission_id`) REFERENCES `permissions` (`id`) ON DELETE CASCADE,
  ADD CONSTRAINT `role_has_permissions_role_id_foreign` FOREIGN KEY (`role_id`) REFERENCES `roles` (`id`) ON DELETE CASCADE;

--
-- Constraints for table `stock`
--
ALTER TABLE `stock`
  ADD CONSTRAINT `stock_inventory_id_foreign` FOREIGN KEY (`inventory_id`) REFERENCES `inventory` (`id`) ON DELETE CASCADE,
  ADD CONSTRAINT `stock_product_id_foreign` FOREIGN KEY (`product_id`) REFERENCES `products` (`id`) ON DELETE CASCADE;

--
-- Constraints for table `warehouses`
--
ALTER TABLE `warehouses`
  ADD CONSTRAINT `warehouses_created_by_foreign` FOREIGN KEY (`created_by`) REFERENCES `users` (`id`) ON DELETE CASCADE,
  ADD CONSTRAINT `warehouses_modified_by_foreign` FOREIGN KEY (`modified_by`) REFERENCES `users` (`id`) ON DELETE SET NULL;

--
-- Constraints for table `warehouse_emails`
--
ALTER TABLE `warehouse_emails`
  ADD CONSTRAINT `warehouse_emails_warehouse_id_foreign` FOREIGN KEY (`warehouse_id`) REFERENCES `warehouses` (`id`) ON DELETE CASCADE;
COMMIT;

